{"id":94,"date":"2018-07-23T15:50:25","date_gmt":"2018-07-23T18:50:25","guid":{"rendered":"https:\/\/sites.pr.sebrae.com.br\/wiki\/?page_id=94"},"modified":"2020-11-17T11:43:53","modified_gmt":"2020-11-17T14:43:53","slug":"painel-do-cliente","status":"publish","type":"page","link":"https:\/\/sites.pr.sebrae.com.br\/wiki\/interacao\/cadastro-interacao\/painel-do-cliente\/","title":{"rendered":"Painel do Cliente"},"content":{"rendered":"<section class=\"av_textblock_section \"  itemscope=\"itemscope\" itemtype=\"https:\/\/schema.org\/CreativeWork\" ><div class='avia_textblock  '   itemprop=\"text\" ><h2><strong>Painel do Cliente<\/strong><\/h2>\n<p>Ainda na cria\u00e7\u00e3o de uma intera\u00e7\u00e3o temos o painel do cliente, onde ser\u00e1 exibido todo o hist\u00f3rico de eventos que o cliente j\u00e1 participou ou ir\u00e1 participar e abrir o cadastro para edi\u00e7\u00e3o.<br \/>\nQuando adicionado mais de um participante, eles devem aparecer em abas, cada uma com um participante.<\/p>\n<p><img loading=\"lazy\" class=\"alignnone wp-image-1054 \" src=\"https:\/\/sites.pr.sebrae.com.br\/wiki\/wp-content\/uploads\/2020\/11\/PAINEL.jpg\" alt=\"\" width=\"315\" height=\"408\" srcset=\"https:\/\/sites.pr.sebrae.com.br\/wiki\/wp-content\/uploads\/2020\/11\/PAINEL.jpg 381w, https:\/\/sites.pr.sebrae.com.br\/wiki\/wp-content\/uploads\/2020\/11\/PAINEL-232x300.jpg 232w\" sizes=\"(max-width: 315px) 100vw, 315px\" \/><\/p>\n<p>No item Participar\u00e1 de, \u00e9 poss\u00edvel realizar a troca de agenda, basta clicar no \u00edcone <img loading=\"lazy\" class=\"alignnone size-full wp-image-160\" src=\"https:\/\/sites.pr.sebrae.com.br\/wiki\/wp-content\/uploads\/2018\/07\/Cadastroint_16.jpg\" alt=\"\" width=\"29\" height=\"31\" \/>\u00a0e selecionar a nova data. Essa troca somente poder\u00e1 ser feita para eventos do mesmo produto e que tenham vagas dispon\u00edveis.<br \/>\nAp\u00f3s selecionado o novo evento \u00e9 s\u00f3 conferir as informa\u00e7\u00f5es e se tudo estiver certo basta clicar em confirmar trocas.<\/p>\n<p><img loading=\"lazy\" class=\"alignnone wp-image-161\" src=\"https:\/\/sites.pr.sebrae.com.br\/wiki\/wp-content\/uploads\/2018\/07\/Cadastroint_17.jpg\" alt=\"\" width=\"778\" height=\"409\" srcset=\"https:\/\/sites.pr.sebrae.com.br\/wiki\/wp-content\/uploads\/2018\/07\/Cadastroint_17.jpg 906w, https:\/\/sites.pr.sebrae.com.br\/wiki\/wp-content\/uploads\/2018\/07\/Cadastroint_17-300x158.jpg 300w, https:\/\/sites.pr.sebrae.com.br\/wiki\/wp-content\/uploads\/2018\/07\/Cadastroint_17-768x403.jpg 768w, https:\/\/sites.pr.sebrae.com.br\/wiki\/wp-content\/uploads\/2018\/07\/Cadastroint_17-705x370.jpg 705w, https:\/\/sites.pr.sebrae.com.br\/wiki\/wp-content\/uploads\/2018\/07\/Cadastroint_17-450x236.jpg 450w\" sizes=\"(max-width: 778px) 100vw, 778px\" \/><\/p>\n<p><img loading=\"lazy\" class=\"alignnone wp-image-162\" src=\"https:\/\/sites.pr.sebrae.com.br\/wiki\/wp-content\/uploads\/2018\/07\/Cadastroint_18.jpg\" alt=\"\" width=\"775\" height=\"153\" srcset=\"https:\/\/sites.pr.sebrae.com.br\/wiki\/wp-content\/uploads\/2018\/07\/Cadastroint_18.jpg 900w, https:\/\/sites.pr.sebrae.com.br\/wiki\/wp-content\/uploads\/2018\/07\/Cadastroint_18-300x59.jpg 300w, https:\/\/sites.pr.sebrae.com.br\/wiki\/wp-content\/uploads\/2018\/07\/Cadastroint_18-768x152.jpg 768w, https:\/\/sites.pr.sebrae.com.br\/wiki\/wp-content\/uploads\/2018\/07\/Cadastroint_18-705x139.jpg 705w, https:\/\/sites.pr.sebrae.com.br\/wiki\/wp-content\/uploads\/2018\/07\/Cadastroint_18-450x89.jpg 450w\" sizes=\"(max-width: 775px) 100vw, 775px\" \/><\/p>\n<p><img loading=\"lazy\" class=\"alignnone size-full wp-image-163\" src=\"https:\/\/sites.pr.sebrae.com.br\/wiki\/wp-content\/uploads\/2018\/07\/Cadastroint_19.jpg\" alt=\"\" width=\"423\" height=\"134\" srcset=\"https:\/\/sites.pr.sebrae.com.br\/wiki\/wp-content\/uploads\/2018\/07\/Cadastroint_19.jpg 423w, https:\/\/sites.pr.sebrae.com.br\/wiki\/wp-content\/uploads\/2018\/07\/Cadastroint_19-300x95.jpg 300w\" sizes=\"(max-width: 423px) 100vw, 423px\" \/><\/p>\n<p>Em todos os itens que aparecem no &#8216;Participou de&#8217; \u00e9 poss\u00edvel clicar na lupa e visualizar o atendimento ou a inscri\u00e7\u00e3o.<\/p>\n<p><img loading=\"lazy\" class=\"alignnone wp-image-164\" src=\"https:\/\/sites.pr.sebrae.com.br\/wiki\/wp-content\/uploads\/2018\/07\/Cadastroint_20.jpg\" alt=\"\" width=\"575\" height=\"362\" srcset=\"https:\/\/sites.pr.sebrae.com.br\/wiki\/wp-content\/uploads\/2018\/07\/Cadastroint_20.jpg 675w, https:\/\/sites.pr.sebrae.com.br\/wiki\/wp-content\/uploads\/2018\/07\/Cadastroint_20-300x189.jpg 300w, https:\/\/sites.pr.sebrae.com.br\/wiki\/wp-content\/uploads\/2018\/07\/Cadastroint_20-450x283.jpg 450w\" sizes=\"(max-width: 575px) 100vw, 575px\" \/><\/p>\n<p>No final da tela ainda existe a op\u00e7\u00e3o de anexar arquivos ao cadastro do cliente.<\/p>\n<p><img loading=\"lazy\" class=\"alignnone size-full wp-image-165\" src=\"https:\/\/sites.pr.sebrae.com.br\/wiki\/wp-content\/uploads\/2018\/07\/Cadastroint_21.jpg\" alt=\"\" width=\"370\" height=\"56\" srcset=\"https:\/\/sites.pr.sebrae.com.br\/wiki\/wp-content\/uploads\/2018\/07\/Cadastroint_21.jpg 370w, https:\/\/sites.pr.sebrae.com.br\/wiki\/wp-content\/uploads\/2018\/07\/Cadastroint_21-300x45.jpg 300w\" sizes=\"(max-width: 370px) 100vw, 370px\" \/><\/p>\n<p>Basta selecionar o arquivo e incluir, com isso \u00e9 poss\u00edvel visualizar, baixar ou excluir o arquivo.<\/p>\n<p><img loading=\"lazy\" class=\"alignnone wp-image-166\" src=\"https:\/\/sites.pr.sebrae.com.br\/wiki\/wp-content\/uploads\/2018\/07\/Cadastroint_22.jpg\" alt=\"\" width=\"545\" height=\"185\" srcset=\"https:\/\/sites.pr.sebrae.com.br\/wiki\/wp-content\/uploads\/2018\/07\/Cadastroint_22.jpg 712w, https:\/\/sites.pr.sebrae.com.br\/wiki\/wp-content\/uploads\/2018\/07\/Cadastroint_22-300x102.jpg 300w, https:\/\/sites.pr.sebrae.com.br\/wiki\/wp-content\/uploads\/2018\/07\/Cadastroint_22-710x242.jpg 710w, https:\/\/sites.pr.sebrae.com.br\/wiki\/wp-content\/uploads\/2018\/07\/Cadastroint_22-705x240.jpg 705w, https:\/\/sites.pr.sebrae.com.br\/wiki\/wp-content\/uploads\/2018\/07\/Cadastroint_22-450x153.jpg 450w\" sizes=\"(max-width: 545px) 100vw, 545px\" \/><\/p>\n<\/div><\/section>\n<div class='av-buildercomment  '><\/div>\n","protected":false},"excerpt":{"rendered":"","protected":false},"author":2,"featured_media":0,"parent":82,"menu_order":3,"comment_status":"open","ping_status":"closed","template":"","meta":[],"_links":{"self":[{"href":"https:\/\/sites.pr.sebrae.com.br\/wiki\/wp-json\/wp\/v2\/pages\/94"}],"collection":[{"href":"https:\/\/sites.pr.sebrae.com.br\/wiki\/wp-json\/wp\/v2\/pages"}],"about":[{"href":"https:\/\/sites.pr.sebrae.com.br\/wiki\/wp-json\/wp\/v2\/types\/page"}],"author":[{"embeddable":true,"href":"https:\/\/sites.pr.sebrae.com.br\/wiki\/wp-json\/wp\/v2\/users\/2"}],"replies":[{"embeddable":true,"href":"https:\/\/sites.pr.sebrae.com.br\/wiki\/wp-json\/wp\/v2\/comments?post=94"}],"version-history":[{"count":7,"href":"https:\/\/sites.pr.sebrae.com.br\/wiki\/wp-json\/wp\/v2\/pages\/94\/revisions"}],"predecessor-version":[{"id":1053,"href":"https:\/\/sites.pr.sebrae.com.br\/wiki\/wp-json\/wp\/v2\/pages\/94\/revisions\/1053"}],"up":[{"embeddable":true,"href":"https:\/\/sites.pr.sebrae.com.br\/wiki\/wp-json\/wp\/v2\/pages\/82"}],"wp:attachment":[{"href":"https:\/\/sites.pr.sebrae.com.br\/wiki\/wp-json\/wp\/v2\/media?parent=94"}],"curies":[{"name":"wp","href":"https:\/\/api.w.org\/{rel}","templated":true}]}}

<section class="av_textblock_section "  itemscope="itemscope" itemtype="https://schema.org/CreativeWork" ><div class='avia_textblock  '   itemprop="text" ><h2><strong>Painel do Cliente</strong></h2>
<p>Ainda na criação de uma interação temos o painel do cliente, onde será exibido todo o histórico de eventos que o cliente já participou ou irá participar e abrir o cadastro para edição.<br />
Quando adicionado mais de um participante, eles devem aparecer em abas, cada uma com um participante.</p>
<p><img loading="lazy" class="alignnone wp-image-1054 " src="https://sites.pr.sebrae.com.br/wiki/wp-content/uploads/2020/11/PAINEL.jpg" alt="" width="315" height="408" srcset="https://sites.pr.sebrae.com.br/wiki/wp-content/uploads/2020/11/PAINEL.jpg 381w, https://sites.pr.sebrae.com.br/wiki/wp-content/uploads/2020/11/PAINEL-232x300.jpg 232w" sizes="(max-width: 315px) 100vw, 315px" /></p>
<p>No item Participará de, é possível realizar a troca de agenda, basta clicar no ícone <img loading="lazy" class="alignnone size-full wp-image-160" src="https://sites.pr.sebrae.com.br/wiki/wp-content/uploads/2018/07/Cadastroint_16.jpg" alt="" width="29" height="31" /> e selecionar a nova data. Essa troca somente poderá ser feita para eventos do mesmo produto e que tenham vagas disponíveis.<br />
Após selecionado o novo evento é só conferir as informações e se tudo estiver certo basta clicar em confirmar trocas.</p>
<p><img loading="lazy" class="alignnone wp-image-161" src="https://sites.pr.sebrae.com.br/wiki/wp-content/uploads/2018/07/Cadastroint_17.jpg" alt="" width="778" height="409" srcset="https://sites.pr.sebrae.com.br/wiki/wp-content/uploads/2018/07/Cadastroint_17.jpg 906w, https://sites.pr.sebrae.com.br/wiki/wp-content/uploads/2018/07/Cadastroint_17-300x158.jpg 300w, https://sites.pr.sebrae.com.br/wiki/wp-content/uploads/2018/07/Cadastroint_17-768x403.jpg 768w, https://sites.pr.sebrae.com.br/wiki/wp-content/uploads/2018/07/Cadastroint_17-705x370.jpg 705w, https://sites.pr.sebrae.com.br/wiki/wp-content/uploads/2018/07/Cadastroint_17-450x236.jpg 450w" sizes="(max-width: 778px) 100vw, 778px" /></p>
<p><img loading="lazy" class="alignnone wp-image-162" src="https://sites.pr.sebrae.com.br/wiki/wp-content/uploads/2018/07/Cadastroint_18.jpg" alt="" width="775" height="153" srcset="https://sites.pr.sebrae.com.br/wiki/wp-content/uploads/2018/07/Cadastroint_18.jpg 900w, https://sites.pr.sebrae.com.br/wiki/wp-content/uploads/2018/07/Cadastroint_18-300x59.jpg 300w, https://sites.pr.sebrae.com.br/wiki/wp-content/uploads/2018/07/Cadastroint_18-768x152.jpg 768w, https://sites.pr.sebrae.com.br/wiki/wp-content/uploads/2018/07/Cadastroint_18-705x139.jpg 705w, https://sites.pr.sebrae.com.br/wiki/wp-content/uploads/2018/07/Cadastroint_18-450x89.jpg 450w" sizes="(max-width: 775px) 100vw, 775px" /></p>
<p><img loading="lazy" class="alignnone size-full wp-image-163" src="https://sites.pr.sebrae.com.br/wiki/wp-content/uploads/2018/07/Cadastroint_19.jpg" alt="" width="423" height="134" srcset="https://sites.pr.sebrae.com.br/wiki/wp-content/uploads/2018/07/Cadastroint_19.jpg 423w, https://sites.pr.sebrae.com.br/wiki/wp-content/uploads/2018/07/Cadastroint_19-300x95.jpg 300w" sizes="(max-width: 423px) 100vw, 423px" /></p>
<p>Em todos os itens que aparecem no &#8216;Participou de&#8217; é possível clicar na lupa e visualizar o atendimento ou a inscrição.</p>
<p><img loading="lazy" class="alignnone wp-image-164" src="https://sites.pr.sebrae.com.br/wiki/wp-content/uploads/2018/07/Cadastroint_20.jpg" alt="" width="575" height="362" srcset="https://sites.pr.sebrae.com.br/wiki/wp-content/uploads/2018/07/Cadastroint_20.jpg 675w, https://sites.pr.sebrae.com.br/wiki/wp-content/uploads/2018/07/Cadastroint_20-300x189.jpg 300w, https://sites.pr.sebrae.com.br/wiki/wp-content/uploads/2018/07/Cadastroint_20-450x283.jpg 450w" sizes="(max-width: 575px) 100vw, 575px" /></p>
<p>No final da tela ainda existe a opção de anexar arquivos ao cadastro do cliente.</p>
<p><img loading="lazy" class="alignnone size-full wp-image-165" src="https://sites.pr.sebrae.com.br/wiki/wp-content/uploads/2018/07/Cadastroint_21.jpg" alt="" width="370" height="56" srcset="https://sites.pr.sebrae.com.br/wiki/wp-content/uploads/2018/07/Cadastroint_21.jpg 370w, https://sites.pr.sebrae.com.br/wiki/wp-content/uploads/2018/07/Cadastroint_21-300x45.jpg 300w" sizes="(max-width: 370px) 100vw, 370px" /></p>
<p>Basta selecionar o arquivo e incluir, com isso é possível visualizar, baixar ou excluir o arquivo.</p>
<p><img loading="lazy" class="alignnone wp-image-166" src="https://sites.pr.sebrae.com.br/wiki/wp-content/uploads/2018/07/Cadastroint_22.jpg" alt="" width="545" height="185" srcset="https://sites.pr.sebrae.com.br/wiki/wp-content/uploads/2018/07/Cadastroint_22.jpg 712w, https://sites.pr.sebrae.com.br/wiki/wp-content/uploads/2018/07/Cadastroint_22-300x102.jpg 300w, https://sites.pr.sebrae.com.br/wiki/wp-content/uploads/2018/07/Cadastroint_22-710x242.jpg 710w, https://sites.pr.sebrae.com.br/wiki/wp-content/uploads/2018/07/Cadastroint_22-705x240.jpg 705w, https://sites.pr.sebrae.com.br/wiki/wp-content/uploads/2018/07/Cadastroint_22-450x153.jpg 450w" sizes="(max-width: 545px) 100vw, 545px" /></p>
</div></section>
<div class='av-buildercomment  '></div>
