{"id":854,"date":"2018-11-11T23:02:04","date_gmt":"2018-11-12T01:02:04","guid":{"rendered":"https:\/\/sites.pr.sebrae.com.br\/wiki\/?page_id=854"},"modified":"2020-12-02T11:48:56","modified_gmt":"2020-12-02T14:48:56","slug":"lista-de-espera","status":"publish","type":"page","link":"https:\/\/sites.pr.sebrae.com.br\/wiki\/interacao\/cadastro-interacao\/carrinho\/lista-de-espera\/","title":{"rendered":"Lista de espera"},"content":{"rendered":"<section class=\"av_textblock_section \"  itemscope=\"itemscope\" itemtype=\"https:\/\/schema.org\/CreativeWork\" ><div class='avia_textblock  '   itemprop=\"text\" ><h2>Intera\u00e7\u00e3o<br \/>\nLista de espera<\/h2>\n<p>No SMART, enquanto estiver cadastrando uma <strong>Intera\u00e7\u00e3o<\/strong>, voc\u00ea pode realizar uma venda de solu\u00e7\u00f5es Sebrae para o cliente.<\/p>\n<p>Para realizar a venda de alguma solu\u00e7\u00e3o para o cliente, deve clicar no bot\u00e3o <strong>Ver Conte\u00fado<\/strong>, ap\u00f3s isto pesquisar o conte\u00fado desejado atrav\u00e9s do auto complete.<\/p>\n<p><img loading=\"lazy\" class=\"alignnone size-full wp-image-856\" src=\"https:\/\/sites.pr.sebrae.com.br\/wiki\/wp-content\/uploads\/2018\/11\/espera_1.png\" alt=\"\" width=\"364\" height=\"413\" srcset=\"https:\/\/sites.pr.sebrae.com.br\/wiki\/wp-content\/uploads\/2018\/11\/espera_1.png 364w, https:\/\/sites.pr.sebrae.com.br\/wiki\/wp-content\/uploads\/2018\/11\/espera_1-264x300.png 264w\" sizes=\"(max-width: 364px) 100vw, 364px\" \/><\/p>\n<p>Ap\u00f3s a pesquisa, ir\u00e1 aparecer as op\u00e7\u00f5es vinculadas ao produto. Para realizar a venda do mesmo, deve-se clicar no bot\u00e3o <strong>Adicionar ao carrinho de compras<\/strong>.<\/p>\n<p>Voc\u00ea poder\u00e1 incluir os clientes na lista de espera quando n\u00e3o existir uma disponibiliza\u00e7\u00e3o ativa para o produto pesquisado, ou a disponibiliza\u00e7\u00e3o j\u00e1 esteja com as vagas esgotadas.<\/p>\n<p>Basta clicar no carrinho e em <strong>Entrar na lista de espera<\/strong>.<\/p>\n<p><img loading=\"lazy\" class=\"alignnone size-full wp-image-857\" src=\"https:\/\/sites.pr.sebrae.com.br\/wiki\/wp-content\/uploads\/2018\/11\/espera_2.png\" alt=\"\" width=\"911\" height=\"248\" srcset=\"https:\/\/sites.pr.sebrae.com.br\/wiki\/wp-content\/uploads\/2018\/11\/espera_2.png 911w, https:\/\/sites.pr.sebrae.com.br\/wiki\/wp-content\/uploads\/2018\/11\/espera_2-300x82.png 300w, https:\/\/sites.pr.sebrae.com.br\/wiki\/wp-content\/uploads\/2018\/11\/espera_2-768x209.png 768w, https:\/\/sites.pr.sebrae.com.br\/wiki\/wp-content\/uploads\/2018\/11\/espera_2-705x192.png 705w, https:\/\/sites.pr.sebrae.com.br\/wiki\/wp-content\/uploads\/2018\/11\/espera_2-450x123.png 450w\" sizes=\"(max-width: 911px) 100vw, 911px\" \/><\/p>\n<p>O participante da Intera\u00e7\u00e3o devera vir preenchido na tela de participantes para inserir na lista.<\/p>\n<p><img loading=\"lazy\" class=\"alignnone size-full wp-image-858\" src=\"https:\/\/sites.pr.sebrae.com.br\/wiki\/wp-content\/uploads\/2018\/11\/espera_3.png\" alt=\"\" width=\"592\" height=\"273\" srcset=\"https:\/\/sites.pr.sebrae.com.br\/wiki\/wp-content\/uploads\/2018\/11\/espera_3.png 592w, https:\/\/sites.pr.sebrae.com.br\/wiki\/wp-content\/uploads\/2018\/11\/espera_3-300x138.png 300w, https:\/\/sites.pr.sebrae.com.br\/wiki\/wp-content\/uploads\/2018\/11\/espera_3-450x208.png 450w\" sizes=\"(max-width: 592px) 100vw, 592px\" \/><\/p>\n<p>Basta fechar essa tela, e na tela do carrinho continuar a intera\u00e7\u00e3o normalmente.<\/p>\n<p>O cliente agora esta inserido na lista de espera desse produto. Quando uma disponibiliza\u00e7\u00e3o for criada a lista de espera ser\u00e1 exibida na aba acompanhamento, possibilitando o envio de um e-mail para o cliente, informando que uma nova turma esta dispon\u00edvel.<\/p>\n<p>Ao inserir o produto no cadastro da disponibiliza\u00e7\u00e3o, o sistema ira exibir um pop-up informando que existem cliente na fila de espera:<\/p>\n<p><img loading=\"lazy\" class=\"alignnone size-full wp-image-859\" src=\"https:\/\/sites.pr.sebrae.com.br\/wiki\/wp-content\/uploads\/2018\/11\/espera_4.png\" alt=\"\" width=\"471\" height=\"131\" srcset=\"https:\/\/sites.pr.sebrae.com.br\/wiki\/wp-content\/uploads\/2018\/11\/espera_4.png 471w, https:\/\/sites.pr.sebrae.com.br\/wiki\/wp-content\/uploads\/2018\/11\/espera_4-300x83.png 300w, https:\/\/sites.pr.sebrae.com.br\/wiki\/wp-content\/uploads\/2018\/11\/espera_4-450x125.png 450w\" sizes=\"(max-width: 471px) 100vw, 471px\" \/><\/p>\n<p>Ap\u00f3s o preenchimento de todas as abas da disponibiliza\u00e7\u00e3o, ao chegar na aba acompanhamento, clique na op\u00e7\u00e3o Lista de espera:<\/p>\n<p><img loading=\"lazy\" class=\"alignnone size-full wp-image-860\" src=\"https:\/\/sites.pr.sebrae.com.br\/wiki\/wp-content\/uploads\/2018\/11\/espera_5.png\" alt=\"\" width=\"312\" height=\"318\" srcset=\"https:\/\/sites.pr.sebrae.com.br\/wiki\/wp-content\/uploads\/2018\/11\/espera_5.png 312w, https:\/\/sites.pr.sebrae.com.br\/wiki\/wp-content\/uploads\/2018\/11\/espera_5-294x300.png 294w, https:\/\/sites.pr.sebrae.com.br\/wiki\/wp-content\/uploads\/2018\/11\/espera_5-36x36.png 36w\" sizes=\"(max-width: 312px) 100vw, 312px\" \/><img loading=\"lazy\" class=\"alignnone wp-image-1082 size-full\" src=\"https:\/\/sites.pr.sebrae.com.br\/wiki\/wp-content\/uploads\/2020\/12\/lista-de-espera.jpg\" alt=\"\" width=\"860\" height=\"328\" srcset=\"https:\/\/sites.pr.sebrae.com.br\/wiki\/wp-content\/uploads\/2020\/12\/lista-de-espera.jpg 860w, https:\/\/sites.pr.sebrae.com.br\/wiki\/wp-content\/uploads\/2020\/12\/lista-de-espera-300x114.jpg 300w, https:\/\/sites.pr.sebrae.com.br\/wiki\/wp-content\/uploads\/2020\/12\/lista-de-espera-768x293.jpg 768w, https:\/\/sites.pr.sebrae.com.br\/wiki\/wp-content\/uploads\/2020\/12\/lista-de-espera-705x269.jpg 705w, https:\/\/sites.pr.sebrae.com.br\/wiki\/wp-content\/uploads\/2020\/12\/lista-de-espera-845x321.jpg 845w, https:\/\/sites.pr.sebrae.com.br\/wiki\/wp-content\/uploads\/2020\/12\/lista-de-espera-450x172.jpg 450w\" sizes=\"(max-width: 860px) 100vw, 860px\" \/><br \/>\nA lista de clientes ser\u00e1 exibida, para informar ao cliente sobre a nova turma, basta clicar no envelope que a caixa para envio do e-mail ser\u00e1 exibida:<\/p>\n<p><img loading=\"lazy\" class=\"alignnone wp-image-1083\" src=\"https:\/\/sites.pr.sebrae.com.br\/wiki\/wp-content\/uploads\/2020\/12\/lista-de-espera_email.jpg\" alt=\"\" width=\"338\" height=\"310\" srcset=\"https:\/\/sites.pr.sebrae.com.br\/wiki\/wp-content\/uploads\/2020\/12\/lista-de-espera_email.jpg 453w, https:\/\/sites.pr.sebrae.com.br\/wiki\/wp-content\/uploads\/2020\/12\/lista-de-espera_email-300x275.jpg 300w, https:\/\/sites.pr.sebrae.com.br\/wiki\/wp-content\/uploads\/2020\/12\/lista-de-espera_email-450x412.jpg 450w\" sizes=\"(max-width: 338px) 100vw, 338px\" \/><\/p>\n<\/div><\/section>\n<div class='av-buildercomment  '><\/div>\n","protected":false},"excerpt":{"rendered":"","protected":false},"author":2,"featured_media":0,"parent":97,"menu_order":0,"comment_status":"open","ping_status":"open","template":"","meta":[],"_links":{"self":[{"href":"https:\/\/sites.pr.sebrae.com.br\/wiki\/wp-json\/wp\/v2\/pages\/854"}],"collection":[{"href":"https:\/\/sites.pr.sebrae.com.br\/wiki\/wp-json\/wp\/v2\/pages"}],"about":[{"href":"https:\/\/sites.pr.sebrae.com.br\/wiki\/wp-json\/wp\/v2\/types\/page"}],"author":[{"embeddable":true,"href":"https:\/\/sites.pr.sebrae.com.br\/wiki\/wp-json\/wp\/v2\/users\/2"}],"replies":[{"embeddable":true,"href":"https:\/\/sites.pr.sebrae.com.br\/wiki\/wp-json\/wp\/v2\/comments?post=854"}],"version-history":[{"count":3,"href":"https:\/\/sites.pr.sebrae.com.br\/wiki\/wp-json\/wp\/v2\/pages\/854\/revisions"}],"predecessor-version":[{"id":1081,"href":"https:\/\/sites.pr.sebrae.com.br\/wiki\/wp-json\/wp\/v2\/pages\/854\/revisions\/1081"}],"up":[{"embeddable":true,"href":"https:\/\/sites.pr.sebrae.com.br\/wiki\/wp-json\/wp\/v2\/pages\/97"}],"wp:attachment":[{"href":"https:\/\/sites.pr.sebrae.com.br\/wiki\/wp-json\/wp\/v2\/media?parent=854"}],"curies":[{"name":"wp","href":"https:\/\/api.w.org\/{rel}","templated":true}]}}