{"id":85,"date":"2018-07-23T15:46:28","date_gmt":"2018-07-23T18:46:28","guid":{"rendered":"https:\/\/sites.pr.sebrae.com.br\/wiki\/?page_id=85"},"modified":"2020-11-17T11:19:14","modified_gmt":"2020-11-17T14:19:14","slug":"iniciando-uma-interacao","status":"publish","type":"page","link":"https:\/\/sites.pr.sebrae.com.br\/wiki\/interacao\/cadastro-interacao\/iniciando-uma-interacao\/","title":{"rendered":"Iniciando uma intera\u00e7\u00e3o"},"content":{"rendered":"<section class=\"av_textblock_section \"  itemscope=\"itemscope\" itemtype=\"https:\/\/schema.org\/CreativeWork\" ><div class='avia_textblock  '   itemprop=\"text\" ><h2><strong>Iniciando uma intera\u00e7\u00e3o<\/strong><\/h2>\n<p>Para iniciar o lan\u00e7amento de uma intera\u00e7\u00e3o acessar:\u00a0<b>SMART<\/b>\u00a0&gt;\u00a0<b>Intera\u00e7\u00e3o<\/b>\u00a0&gt;\u00a0<b>Cadastro(Int)<\/b><\/p>\n<p>Ao iniciar uma intera\u00e7\u00e3o voc\u00ea poder\u00e1 selecionar quem ser\u00e1 o realizador REAL do atendimento, podendo ser voc\u00ea mesmo, outro funcion\u00e1rio, um credenciado ou at\u00e9 mesmo um fornecedor por SCC, o campo <b>DATA<\/b>\u00a0deve ser preenchido com a data real em que a intera\u00e7\u00e3o aconteceu, essa data pode ser de at\u00e9 15 dias retroativos.<\/p>\n<p><img loading=\"lazy\" class=\"alignnone wp-image-1045 size-full\" src=\"https:\/\/sites.pr.sebrae.com.br\/wiki\/wp-content\/uploads\/2020\/11\/REALIZADOR.jpg\" alt=\"\" width=\"645\" height=\"212\" srcset=\"https:\/\/sites.pr.sebrae.com.br\/wiki\/wp-content\/uploads\/2020\/11\/REALIZADOR.jpg 645w, https:\/\/sites.pr.sebrae.com.br\/wiki\/wp-content\/uploads\/2020\/11\/REALIZADOR-300x99.jpg 300w, https:\/\/sites.pr.sebrae.com.br\/wiki\/wp-content\/uploads\/2020\/11\/REALIZADOR-450x148.jpg 450w\" sizes=\"(max-width: 645px) 100vw, 645px\" \/><\/p>\n<p>Para iniciar um atendimento \u00e9 necess\u00e1rio selecionar o Tipo de Intera\u00e7\u00e3o, a sele\u00e7\u00e3o pode ser feita por auto complete ou abrindo a op\u00e7\u00e3o de busca.<\/p>\n<p><b>Busca por auto complete:<\/b><br \/>\nBasta digitar as 4(quatro) primeiras letras do tipo de intera\u00e7\u00e3o desejado, o sistema realizara uma busca para exibir os tipos dispon\u00edveis:<\/p>\n<p><b>Exemplo:<\/b><br \/>\n<img loading=\"lazy\" class=\"alignnone size-full wp-image-147\" src=\"https:\/\/sites.pr.sebrae.com.br\/wiki\/wp-content\/uploads\/2018\/07\/Cadastroint_3.jpg\" alt=\"\" width=\"408\" height=\"129\" srcset=\"https:\/\/sites.pr.sebrae.com.br\/wiki\/wp-content\/uploads\/2018\/07\/Cadastroint_3.jpg 408w, https:\/\/sites.pr.sebrae.com.br\/wiki\/wp-content\/uploads\/2018\/07\/Cadastroint_3-300x95.jpg 300w\" sizes=\"(max-width: 408px) 100vw, 408px\" \/><\/p>\n<p>Para verificar todos os tipos de intera\u00e7\u00e3o dispon\u00edveis ao seu perfil basta clicar na lupa <img loading=\"lazy\" class=\"alignnone size-full wp-image-148\" src=\"https:\/\/sites.pr.sebrae.com.br\/wiki\/wp-content\/uploads\/2018\/07\/Cadastroint_4.jpg\" alt=\"\" width=\"32\" height=\"28\" \/>, logo uma tela ir\u00e1 mostrar todos e ser\u00e1 poss\u00edvel selecionar um deles:<\/p>\n<p><img loading=\"lazy\" class=\"alignnone wp-image-149\" src=\"https:\/\/sites.pr.sebrae.com.br\/wiki\/wp-content\/uploads\/2018\/07\/Cadastroint_5.jpg\" alt=\"\" width=\"676\" height=\"369\" srcset=\"https:\/\/sites.pr.sebrae.com.br\/wiki\/wp-content\/uploads\/2018\/07\/Cadastroint_5.jpg 749w, https:\/\/sites.pr.sebrae.com.br\/wiki\/wp-content\/uploads\/2018\/07\/Cadastroint_5-300x164.jpg 300w, https:\/\/sites.pr.sebrae.com.br\/wiki\/wp-content\/uploads\/2018\/07\/Cadastroint_5-705x385.jpg 705w, https:\/\/sites.pr.sebrae.com.br\/wiki\/wp-content\/uploads\/2018\/07\/Cadastroint_5-450x246.jpg 450w\" sizes=\"(max-width: 676px) 100vw, 676px\" \/><\/p>\n<p>Quando quem est\u00e1 lan\u00e7ando esse atendimento for um Credenciado, o tipo de intera\u00e7\u00e3o deve ser a mesma que o produto configurado no OS.<\/p>\n<p>Ao selecionar o tipo de intera\u00e7\u00e3o o sistema automaticamente ir\u00e1 carregar as OSs com saldo dispon\u00edvel para o lan\u00e7amento, basta dar tr\u00eas espa\u00e7os no campo Ordem de Servi\u00e7o que a OS correspondente ao tipo de intera\u00e7\u00e3o ir\u00e1 aparecer:<\/p>\n<p><img loading=\"lazy\" class=\"alignnone size-full wp-image-150\" src=\"https:\/\/sites.pr.sebrae.com.br\/wiki\/wp-content\/uploads\/2018\/07\/Cadastroint_6.jpg\" alt=\"\" width=\"575\" height=\"280\" srcset=\"https:\/\/sites.pr.sebrae.com.br\/wiki\/wp-content\/uploads\/2018\/07\/Cadastroint_6.jpg 575w, https:\/\/sites.pr.sebrae.com.br\/wiki\/wp-content\/uploads\/2018\/07\/Cadastroint_6-300x146.jpg 300w, https:\/\/sites.pr.sebrae.com.br\/wiki\/wp-content\/uploads\/2018\/07\/Cadastroint_6-450x219.jpg 450w\" sizes=\"(max-width: 575px) 100vw, 575px\" \/><\/p>\n<p>O campo Centro de Custo ser\u00e1 preenchido automaticamente ap\u00f3s a sele\u00e7\u00e3o da OS.<\/p>\n<p>Para evitar poss\u00edveis erros de lan\u00e7amento na unidade, um pop-up ir\u00e1 mostrar as unidades dispon\u00edveis, onde ser\u00e1 poss\u00edvel selecionar a correspondente ao atendimento.<\/p>\n<p><img loading=\"lazy\" class=\"alignnone wp-image-151\" src=\"https:\/\/sites.pr.sebrae.com.br\/wiki\/wp-content\/uploads\/2018\/07\/Cadastroint_7.jpg\" alt=\"\" width=\"470\" height=\"254\" srcset=\"https:\/\/sites.pr.sebrae.com.br\/wiki\/wp-content\/uploads\/2018\/07\/Cadastroint_7.jpg 783w, https:\/\/sites.pr.sebrae.com.br\/wiki\/wp-content\/uploads\/2018\/07\/Cadastroint_7-300x162.jpg 300w, https:\/\/sites.pr.sebrae.com.br\/wiki\/wp-content\/uploads\/2018\/07\/Cadastroint_7-768x415.jpg 768w, https:\/\/sites.pr.sebrae.com.br\/wiki\/wp-content\/uploads\/2018\/07\/Cadastroint_7-705x381.jpg 705w, https:\/\/sites.pr.sebrae.com.br\/wiki\/wp-content\/uploads\/2018\/07\/Cadastroint_7-450x243.jpg 450w\" sizes=\"(max-width: 470px) 100vw, 470px\" \/><\/p>\n<p>Com todos os campos preenchido, \u00e9 hora de iniciar o atendimento clicando no OK.<br \/>\nNesse momento o protocolo de atendimento ser\u00e1 gerado, e ser\u00e1 poss\u00edvel selecionar o(s) participante(s).<\/p>\n<\/div><\/section>\n<div class='av-buildercomment  '><\/div>\n","protected":false},"excerpt":{"rendered":"","protected":false},"author":2,"featured_media":0,"parent":82,"menu_order":1,"comment_status":"open","ping_status":"open","template":"","meta":[],"_links":{"self":[{"href":"https:\/\/sites.pr.sebrae.com.br\/wiki\/wp-json\/wp\/v2\/pages\/85"}],"collection":[{"href":"https:\/\/sites.pr.sebrae.com.br\/wiki\/wp-json\/wp\/v2\/pages"}],"about":[{"href":"https:\/\/sites.pr.sebrae.com.br\/wiki\/wp-json\/wp\/v2\/types\/page"}],"author":[{"embeddable":true,"href":"https:\/\/sites.pr.sebrae.com.br\/wiki\/wp-json\/wp\/v2\/users\/2"}],"replies":[{"embeddable":true,"href":"https:\/\/sites.pr.sebrae.com.br\/wiki\/wp-json\/wp\/v2\/comments?post=85"}],"version-history":[{"count":11,"href":"https:\/\/sites.pr.sebrae.com.br\/wiki\/wp-json\/wp\/v2\/pages\/85\/revisions"}],"predecessor-version":[{"id":1044,"href":"https:\/\/sites.pr.sebrae.com.br\/wiki\/wp-json\/wp\/v2\/pages\/85\/revisions\/1044"}],"up":[{"embeddable":true,"href":"https:\/\/sites.pr.sebrae.com.br\/wiki\/wp-json\/wp\/v2\/pages\/82"}],"wp:attachment":[{"href":"https:\/\/sites.pr.sebrae.com.br\/wiki\/wp-json\/wp\/v2\/media?parent=85"}],"curies":[{"name":"wp","href":"https:\/\/api.w.org\/{rel}","templated":true}]}}

Iniciando uma interação

<section class="av_textblock_section "  itemscope="itemscope" itemtype="https://schema.org/CreativeWork" ><div class='avia_textblock  '   itemprop="text" ><h2><strong>Iniciando uma interação</strong></h2>
<p>Para iniciar o lançamento de uma interação acessar: <b>SMART</b> &gt; <b>Interação</b> &gt; <b>Cadastro(Int)</b></p>
<p>Ao iniciar uma interação você poderá selecionar quem será o realizador REAL do atendimento, podendo ser você mesmo, outro funcionário, um credenciado ou até mesmo um fornecedor por SCC, o campo <b>DATA</b> deve ser preenchido com a data real em que a interação aconteceu, essa data pode ser de até 15 dias retroativos.</p>
<p><img loading="lazy" class="alignnone wp-image-1045 size-full" src="https://sites.pr.sebrae.com.br/wiki/wp-content/uploads/2020/11/REALIZADOR.jpg" alt="" width="645" height="212" srcset="https://sites.pr.sebrae.com.br/wiki/wp-content/uploads/2020/11/REALIZADOR.jpg 645w, https://sites.pr.sebrae.com.br/wiki/wp-content/uploads/2020/11/REALIZADOR-300x99.jpg 300w, https://sites.pr.sebrae.com.br/wiki/wp-content/uploads/2020/11/REALIZADOR-450x148.jpg 450w" sizes="(max-width: 645px) 100vw, 645px" /></p>
<p>Para iniciar um atendimento é necessário selecionar o Tipo de Interação, a seleção pode ser feita por auto complete ou abrindo a opção de busca.</p>
<p><b>Busca por auto complete:</b><br />
Basta digitar as 4(quatro) primeiras letras do tipo de interação desejado, o sistema realizara uma busca para exibir os tipos disponíveis:</p>
<p><b>Exemplo:</b><br />
<img loading="lazy" class="alignnone size-full wp-image-147" src="https://sites.pr.sebrae.com.br/wiki/wp-content/uploads/2018/07/Cadastroint_3.jpg" alt="" width="408" height="129" srcset="https://sites.pr.sebrae.com.br/wiki/wp-content/uploads/2018/07/Cadastroint_3.jpg 408w, https://sites.pr.sebrae.com.br/wiki/wp-content/uploads/2018/07/Cadastroint_3-300x95.jpg 300w" sizes="(max-width: 408px) 100vw, 408px" /></p>
<p>Para verificar todos os tipos de interação disponíveis ao seu perfil basta clicar na lupa <img loading="lazy" class="alignnone size-full wp-image-148" src="https://sites.pr.sebrae.com.br/wiki/wp-content/uploads/2018/07/Cadastroint_4.jpg" alt="" width="32" height="28" />, logo uma tela irá mostrar todos e será possível selecionar um deles:</p>
<p><img loading="lazy" class="alignnone wp-image-149" src="https://sites.pr.sebrae.com.br/wiki/wp-content/uploads/2018/07/Cadastroint_5.jpg" alt="" width="676" height="369" srcset="https://sites.pr.sebrae.com.br/wiki/wp-content/uploads/2018/07/Cadastroint_5.jpg 749w, https://sites.pr.sebrae.com.br/wiki/wp-content/uploads/2018/07/Cadastroint_5-300x164.jpg 300w, https://sites.pr.sebrae.com.br/wiki/wp-content/uploads/2018/07/Cadastroint_5-705x385.jpg 705w, https://sites.pr.sebrae.com.br/wiki/wp-content/uploads/2018/07/Cadastroint_5-450x246.jpg 450w" sizes="(max-width: 676px) 100vw, 676px" /></p>
<p>Quando quem está lançando esse atendimento for um Credenciado, o tipo de interação deve ser a mesma que o produto configurado no OS.</p>
<p>Ao selecionar o tipo de interação o sistema automaticamente irá carregar as OSs com saldo disponível para o lançamento, basta dar três espaços no campo Ordem de Serviço que a OS correspondente ao tipo de interação irá aparecer:</p>
<p><img loading="lazy" class="alignnone size-full wp-image-150" src="https://sites.pr.sebrae.com.br/wiki/wp-content/uploads/2018/07/Cadastroint_6.jpg" alt="" width="575" height="280" srcset="https://sites.pr.sebrae.com.br/wiki/wp-content/uploads/2018/07/Cadastroint_6.jpg 575w, https://sites.pr.sebrae.com.br/wiki/wp-content/uploads/2018/07/Cadastroint_6-300x146.jpg 300w, https://sites.pr.sebrae.com.br/wiki/wp-content/uploads/2018/07/Cadastroint_6-450x219.jpg 450w" sizes="(max-width: 575px) 100vw, 575px" /></p>
<p>O campo Centro de Custo será preenchido automaticamente após a seleção da OS.</p>
<p>Para evitar possíveis erros de lançamento na unidade, um pop-up irá mostrar as unidades disponíveis, onde será possível selecionar a correspondente ao atendimento.</p>
<p><img loading="lazy" class="alignnone wp-image-151" src="https://sites.pr.sebrae.com.br/wiki/wp-content/uploads/2018/07/Cadastroint_7.jpg" alt="" width="470" height="254" srcset="https://sites.pr.sebrae.com.br/wiki/wp-content/uploads/2018/07/Cadastroint_7.jpg 783w, https://sites.pr.sebrae.com.br/wiki/wp-content/uploads/2018/07/Cadastroint_7-300x162.jpg 300w, https://sites.pr.sebrae.com.br/wiki/wp-content/uploads/2018/07/Cadastroint_7-768x415.jpg 768w, https://sites.pr.sebrae.com.br/wiki/wp-content/uploads/2018/07/Cadastroint_7-705x381.jpg 705w, https://sites.pr.sebrae.com.br/wiki/wp-content/uploads/2018/07/Cadastroint_7-450x243.jpg 450w" sizes="(max-width: 470px) 100vw, 470px" /></p>
<p>Com todos os campos preenchido, é hora de iniciar o atendimento clicando no OK.<br />
Nesse momento o protocolo de atendimento será gerado, e será possível selecionar o(s) participante(s).</p>
</div></section>
<div class='av-buildercomment  '></div>
