{"id":844,"date":"2018-11-11T22:52:05","date_gmt":"2018-11-12T00:52:05","guid":{"rendered":"https:\/\/sites.pr.sebrae.com.br\/wiki\/?page_id=844"},"modified":"2020-11-17T11:59:03","modified_gmt":"2020-11-17T14:59:03","slug":"troca-de-agenda","status":"publish","type":"page","link":"https:\/\/sites.pr.sebrae.com.br\/wiki\/interacao\/cadastro-interacao\/painel-do-cliente\/troca-de-agenda\/","title":{"rendered":"Troca de agenda"},"content":{"rendered":"<section class=\"av_textblock_section \"  itemscope=\"itemscope\" itemtype=\"https:\/\/schema.org\/CreativeWork\" ><div class='avia_textblock  '   itemprop=\"text\" ><h2>Intera\u00e7\u00e3o<br \/>\nTroca de agenda<\/h2>\n<p>Inicie a intera\u00e7\u00e3o conforme mostra na op\u00e7\u00e3o <a href=\"https:\/\/sites.pr.sebrae.com.br\/wiki\/interacao\/cadastro-interacao\/\"><strong>Cadastro de Intera\u00e7\u00e3o<\/strong><\/a>, ap\u00f3s selecionar o participante o painel do cliente ser\u00e1 exibido, nele existe a op\u00e7\u00e3o <strong>Participara de<\/strong>.<\/p>\n<p><img loading=\"lazy\" class=\"alignnone wp-image-849 size-full\" src=\"https:\/\/sites.pr.sebrae.com.br\/wiki\/wp-content\/uploads\/2018\/11\/troca_1-1-e1605624780849.png\" alt=\"\" width=\"366\" height=\"78\" srcset=\"https:\/\/sites.pr.sebrae.com.br\/wiki\/wp-content\/uploads\/2018\/11\/troca_1-1-e1605624780849.png 366w, https:\/\/sites.pr.sebrae.com.br\/wiki\/wp-content\/uploads\/2018\/11\/troca_1-1-e1605624780849-300x64.png 300w\" sizes=\"(max-width: 366px) 100vw, 366px\" \/><\/p>\n<p>Clique em <b>Transferir, <\/b>que s\u00e3o essas flechinhas verde e laranja.<\/p>\n<p>Nesse momento devem aparecer as informa\u00e7\u00f5es sobre a inscri\u00e7\u00e3o do cliente:<img loading=\"lazy\" class=\"alignnone size-full wp-image-851\" src=\"https:\/\/sites.pr.sebrae.com.br\/wiki\/wp-content\/uploads\/2018\/11\/troca_3-1.png\" alt=\"\" width=\"914\" height=\"305\" srcset=\"https:\/\/sites.pr.sebrae.com.br\/wiki\/wp-content\/uploads\/2018\/11\/troca_3-1.png 914w, https:\/\/sites.pr.sebrae.com.br\/wiki\/wp-content\/uploads\/2018\/11\/troca_3-1-300x100.png 300w, https:\/\/sites.pr.sebrae.com.br\/wiki\/wp-content\/uploads\/2018\/11\/troca_3-1-768x256.png 768w, https:\/\/sites.pr.sebrae.com.br\/wiki\/wp-content\/uploads\/2018\/11\/troca_3-1-705x235.png 705w, https:\/\/sites.pr.sebrae.com.br\/wiki\/wp-content\/uploads\/2018\/11\/troca_3-1-450x150.png 450w\" sizes=\"(max-width: 914px) 100vw, 914px\" \/><\/p>\n<p>Regras para a troca de agenda:<\/p>\n<p>Produto Normal \/ Sem Cobran\u00e7a:<\/p>\n<p>Pode ser transferido para qualquer turma, desde que essa turma tamb\u00e9m seja gratuita ou haja cortesia dispon\u00edvel (nesse caso ser\u00e1 utilizada uma cortesia.). Neste caso, o agendamento interior \u00e9 apagado e criado um novo. O carrinho item anterior deve permanecer, sendo marcado como cancelado\/troca de agenda e deve ser criado um novo dentro do mesmo carrinho, devendo ser apontado para o novo item.<\/p>\n<p>Produto Normal \/ Com Cobran\u00e7a:<\/p>\n<p>Se ainda n\u00e3o estiver pago: Permite transfer\u00eancia para qualquer turma do mesmo produto. Nesse caso, a venda anterior ser\u00e1 cancelada e ser\u00e1 criado um novo item de or\u00e7amento.<\/p>\n<p>Se j\u00e1 estiver pago: S\u00f3 permite transferir para outro evento do mesmo centro de custo e do mesmo valor e da mesma unidade da disponibiliza\u00e7\u00e3o. Neste caso, deve-se aproveitar o mesmo carrinho item, mas efetuar a altera\u00e7\u00e3o dos dados internos dele.<\/p>\n<p>Se for de outro centro de custo, valor diferente ou outra unidade, ser\u00e1 avisado o usu\u00e1rio, o item da venda antiga ser\u00e1 cancelado e ser\u00e1 gerado um novo item de or\u00e7amento, independentemente do valor maior ou menor. Nesse caso deve ser feito o processo de devolu\u00e7\u00e3o e reaproveitamento pois o processo \u00e9 feito no Microsiga e n\u00e3o podemos interferir. Enviar e-mail para o pessoal do caixa sempre que houver a necessidade de uma troca manual.<\/p>\n<p>S\u00f3 pode ser transferido para a mesma unidade de disponibiliza\u00e7\u00e3o.<\/p>\n<p>Consultoria<\/p>\n<p>Valem as mesmas regras da transfer\u00eancia de produtos normais para o financeiro, cobran\u00e7a, centro de custo e datas. Mas neste caso a sele\u00e7\u00e3o da vaga pode ser para qualquer outro consultor, desde que do mesmo produto<\/p>\n<p>Ir\u00e1 aparecer as informa\u00e7\u00f5es das disponibiliza\u00e7\u00f5es do mesmo produto que o cliente comprou.<\/p>\n<p>Ap\u00f3s ter selecionado a disponibiliza\u00e7\u00e3o que deseja voc\u00ea poder\u00e1 selecionar uma das op\u00e7\u00f5es abaixo:<\/p>\n<p>Adicionar uma venda para o cliente.<br \/>\nAdicionar uma cortesia para o cliente.<br \/>\nVisualizar informa\u00e7\u00f5es da disponibiliza\u00e7\u00e3o.<br \/>\nEnviar e-mail com resumo do produto.<\/p>\n<p><img loading=\"lazy\" class=\"alignnone size-full wp-image-845\" src=\"https:\/\/sites.pr.sebrae.com.br\/wiki\/wp-content\/uploads\/2018\/11\/troca_4-1.png\" alt=\"\" width=\"898\" height=\"479\" srcset=\"https:\/\/sites.pr.sebrae.com.br\/wiki\/wp-content\/uploads\/2018\/11\/troca_4-1.png 898w, https:\/\/sites.pr.sebrae.com.br\/wiki\/wp-content\/uploads\/2018\/11\/troca_4-1-300x160.png 300w, https:\/\/sites.pr.sebrae.com.br\/wiki\/wp-content\/uploads\/2018\/11\/troca_4-1-768x410.png 768w, https:\/\/sites.pr.sebrae.com.br\/wiki\/wp-content\/uploads\/2018\/11\/troca_4-1-705x376.png 705w, https:\/\/sites.pr.sebrae.com.br\/wiki\/wp-content\/uploads\/2018\/11\/troca_4-1-450x240.png 450w\" sizes=\"(max-width: 898px) 100vw, 898px\" \/><\/p>\n<p>No campo Carrinho, voc\u00ea ter\u00e1 as informa\u00e7\u00f5es relacionadas a troca da agenda, onde existe os seguintes campos:<\/p>\n<p>Produto\/Disponibiliza\u00e7\u00e3o: Onde ir\u00e1 aparecer as informa\u00e7\u00f5es sobre a disponibiliza\u00e7\u00e3o e o produto selecionado para a troca de agenda.<\/p>\n<p>Valor: Neste campo aparecer\u00e1 o valor da disponibiliza\u00e7\u00e3o.<\/p>\n<p>Situa\u00e7\u00e3o: Ir\u00e1 aparecer neste campo informa\u00e7\u00f5es sobre a valor da troca de agenda, conforme as regras j\u00e1 descritas no documento.<\/p>\n<p><img loading=\"lazy\" class=\"alignnone size-full wp-image-846\" src=\"https:\/\/sites.pr.sebrae.com.br\/wiki\/wp-content\/uploads\/2018\/11\/troca_5-1.png\" alt=\"\" width=\"900\" height=\"193\" srcset=\"https:\/\/sites.pr.sebrae.com.br\/wiki\/wp-content\/uploads\/2018\/11\/troca_5-1.png 900w, https:\/\/sites.pr.sebrae.com.br\/wiki\/wp-content\/uploads\/2018\/11\/troca_5-1-300x64.png 300w, https:\/\/sites.pr.sebrae.com.br\/wiki\/wp-content\/uploads\/2018\/11\/troca_5-1-768x165.png 768w, https:\/\/sites.pr.sebrae.com.br\/wiki\/wp-content\/uploads\/2018\/11\/troca_5-1-705x151.png 705w, https:\/\/sites.pr.sebrae.com.br\/wiki\/wp-content\/uploads\/2018\/11\/troca_5-1-450x97.png 450w\" sizes=\"(max-width: 900px) 100vw, 900px\" \/><\/p>\n<p>Clique em <strong>Confirmar Trocas<\/strong>.<\/p>\n<p><img loading=\"lazy\" class=\"alignnone size-full wp-image-847\" src=\"https:\/\/sites.pr.sebrae.com.br\/wiki\/wp-content\/uploads\/2018\/11\/troca_6-1.png\" alt=\"\" width=\"421\" height=\"133\" srcset=\"https:\/\/sites.pr.sebrae.com.br\/wiki\/wp-content\/uploads\/2018\/11\/troca_6-1.png 421w, https:\/\/sites.pr.sebrae.com.br\/wiki\/wp-content\/uploads\/2018\/11\/troca_6-1-300x95.png 300w\" sizes=\"(max-width: 421px) 100vw, 421px\" \/><img loading=\"lazy\" class=\"alignnone size-full wp-image-848\" src=\"https:\/\/sites.pr.sebrae.com.br\/wiki\/wp-content\/uploads\/2018\/11\/troca_7-1.png\" alt=\"\" width=\"422\" height=\"133\" srcset=\"https:\/\/sites.pr.sebrae.com.br\/wiki\/wp-content\/uploads\/2018\/11\/troca_7-1.png 422w, https:\/\/sites.pr.sebrae.com.br\/wiki\/wp-content\/uploads\/2018\/11\/troca_7-1-300x95.png 300w\" sizes=\"(max-width: 422px) 100vw, 422px\" \/><\/p>\n<p>Ap\u00f3s isso \u00e9 s\u00f3 dar continuidade na intera\u00e7\u00e3o, finalizando a mesma.<\/p>\n<\/div><\/section>\n<div class='av-buildercomment  '><\/div>\n","protected":false},"excerpt":{"rendered":"","protected":false},"author":2,"featured_media":0,"parent":94,"menu_order":0,"comment_status":"open","ping_status":"open","template":"","meta":[],"_links":{"self":[{"href":"https:\/\/sites.pr.sebrae.com.br\/wiki\/wp-json\/wp\/v2\/pages\/844"}],"collection":[{"href":"https:\/\/sites.pr.sebrae.com.br\/wiki\/wp-json\/wp\/v2\/pages"}],"about":[{"href":"https:\/\/sites.pr.sebrae.com.br\/wiki\/wp-json\/wp\/v2\/types\/page"}],"author":[{"embeddable":true,"href":"https:\/\/sites.pr.sebrae.com.br\/wiki\/wp-json\/wp\/v2\/users\/2"}],"replies":[{"embeddable":true,"href":"https:\/\/sites.pr.sebrae.com.br\/wiki\/wp-json\/wp\/v2\/comments?post=844"}],"version-history":[{"count":3,"href":"https:\/\/sites.pr.sebrae.com.br\/wiki\/wp-json\/wp\/v2\/pages\/844\/revisions"}],"predecessor-version":[{"id":1056,"href":"https:\/\/sites.pr.sebrae.com.br\/wiki\/wp-json\/wp\/v2\/pages\/844\/revisions\/1056"}],"up":[{"embeddable":true,"href":"https:\/\/sites.pr.sebrae.com.br\/wiki\/wp-json\/wp\/v2\/pages\/94"}],"wp:attachment":[{"href":"https:\/\/sites.pr.sebrae.com.br\/wiki\/wp-json\/wp\/v2\/media?parent=844"}],"curies":[{"name":"wp","href":"https:\/\/api.w.org\/{rel}","templated":true}]}}

<section class="av_textblock_section "  itemscope="itemscope" itemtype="https://schema.org/CreativeWork" ><div class='avia_textblock  '   itemprop="text" ><h2>Interação<br />
Troca de agenda</h2>
<p>Inicie a interação conforme mostra na opção <a href="https://sites.pr.sebrae.com.br/wiki/interacao/cadastro-interacao/"><strong>Cadastro de Interação</strong></a>, após selecionar o participante o painel do cliente será exibido, nele existe a opção <strong>Participara de</strong>.</p>
<p><img loading="lazy" class="alignnone wp-image-849 size-full" src="https://sites.pr.sebrae.com.br/wiki/wp-content/uploads/2018/11/troca_1-1-e1605624780849.png" alt="" width="366" height="78" srcset="https://sites.pr.sebrae.com.br/wiki/wp-content/uploads/2018/11/troca_1-1-e1605624780849.png 366w, https://sites.pr.sebrae.com.br/wiki/wp-content/uploads/2018/11/troca_1-1-e1605624780849-300x64.png 300w" sizes="(max-width: 366px) 100vw, 366px" /></p>
<p>Clique em <b>Transferir, </b>que são essas flechinhas verde e laranja.</p>
<p>Nesse momento devem aparecer as informações sobre a inscrição do cliente:<img loading="lazy" class="alignnone size-full wp-image-851" src="https://sites.pr.sebrae.com.br/wiki/wp-content/uploads/2018/11/troca_3-1.png" alt="" width="914" height="305" srcset="https://sites.pr.sebrae.com.br/wiki/wp-content/uploads/2018/11/troca_3-1.png 914w, https://sites.pr.sebrae.com.br/wiki/wp-content/uploads/2018/11/troca_3-1-300x100.png 300w, https://sites.pr.sebrae.com.br/wiki/wp-content/uploads/2018/11/troca_3-1-768x256.png 768w, https://sites.pr.sebrae.com.br/wiki/wp-content/uploads/2018/11/troca_3-1-705x235.png 705w, https://sites.pr.sebrae.com.br/wiki/wp-content/uploads/2018/11/troca_3-1-450x150.png 450w" sizes="(max-width: 914px) 100vw, 914px" /></p>
<p>Regras para a troca de agenda:</p>
<p>Produto Normal / Sem Cobrança:</p>
<p>Pode ser transferido para qualquer turma, desde que essa turma também seja gratuita ou haja cortesia disponível (nesse caso será utilizada uma cortesia.). Neste caso, o agendamento interior é apagado e criado um novo. O carrinho item anterior deve permanecer, sendo marcado como cancelado/troca de agenda e deve ser criado um novo dentro do mesmo carrinho, devendo ser apontado para o novo item.</p>
<p>Produto Normal / Com Cobrança:</p>
<p>Se ainda não estiver pago: Permite transferência para qualquer turma do mesmo produto. Nesse caso, a venda anterior será cancelada e será criado um novo item de orçamento.</p>
<p>Se já estiver pago: Só permite transferir para outro evento do mesmo centro de custo e do mesmo valor e da mesma unidade da disponibilização. Neste caso, deve-se aproveitar o mesmo carrinho item, mas efetuar a alteração dos dados internos dele.</p>
<p>Se for de outro centro de custo, valor diferente ou outra unidade, será avisado o usuário, o item da venda antiga será cancelado e será gerado um novo item de orçamento, independentemente do valor maior ou menor. Nesse caso deve ser feito o processo de devolução e reaproveitamento pois o processo é feito no Microsiga e não podemos interferir. Enviar e-mail para o pessoal do caixa sempre que houver a necessidade de uma troca manual.</p>
<p>Só pode ser transferido para a mesma unidade de disponibilização.</p>
<p>Consultoria</p>
<p>Valem as mesmas regras da transferência de produtos normais para o financeiro, cobrança, centro de custo e datas. Mas neste caso a seleção da vaga pode ser para qualquer outro consultor, desde que do mesmo produto</p>
<p>Irá aparecer as informações das disponibilizações do mesmo produto que o cliente comprou.</p>
<p>Após ter selecionado a disponibilização que deseja você poderá selecionar uma das opções abaixo:</p>
<p>Adicionar uma venda para o cliente.<br />
Adicionar uma cortesia para o cliente.<br />
Visualizar informações da disponibilização.<br />
Enviar e-mail com resumo do produto.</p>
<p><img loading="lazy" class="alignnone size-full wp-image-845" src="https://sites.pr.sebrae.com.br/wiki/wp-content/uploads/2018/11/troca_4-1.png" alt="" width="898" height="479" srcset="https://sites.pr.sebrae.com.br/wiki/wp-content/uploads/2018/11/troca_4-1.png 898w, https://sites.pr.sebrae.com.br/wiki/wp-content/uploads/2018/11/troca_4-1-300x160.png 300w, https://sites.pr.sebrae.com.br/wiki/wp-content/uploads/2018/11/troca_4-1-768x410.png 768w, https://sites.pr.sebrae.com.br/wiki/wp-content/uploads/2018/11/troca_4-1-705x376.png 705w, https://sites.pr.sebrae.com.br/wiki/wp-content/uploads/2018/11/troca_4-1-450x240.png 450w" sizes="(max-width: 898px) 100vw, 898px" /></p>
<p>No campo Carrinho, você terá as informações relacionadas a troca da agenda, onde existe os seguintes campos:</p>
<p>Produto/Disponibilização: Onde irá aparecer as informações sobre a disponibilização e o produto selecionado para a troca de agenda.</p>
<p>Valor: Neste campo aparecerá o valor da disponibilização.</p>
<p>Situação: Irá aparecer neste campo informações sobre a valor da troca de agenda, conforme as regras já descritas no documento.</p>
<p><img loading="lazy" class="alignnone size-full wp-image-846" src="https://sites.pr.sebrae.com.br/wiki/wp-content/uploads/2018/11/troca_5-1.png" alt="" width="900" height="193" srcset="https://sites.pr.sebrae.com.br/wiki/wp-content/uploads/2018/11/troca_5-1.png 900w, https://sites.pr.sebrae.com.br/wiki/wp-content/uploads/2018/11/troca_5-1-300x64.png 300w, https://sites.pr.sebrae.com.br/wiki/wp-content/uploads/2018/11/troca_5-1-768x165.png 768w, https://sites.pr.sebrae.com.br/wiki/wp-content/uploads/2018/11/troca_5-1-705x151.png 705w, https://sites.pr.sebrae.com.br/wiki/wp-content/uploads/2018/11/troca_5-1-450x97.png 450w" sizes="(max-width: 900px) 100vw, 900px" /></p>
<p>Clique em <strong>Confirmar Trocas</strong>.</p>
<p><img loading="lazy" class="alignnone size-full wp-image-847" src="https://sites.pr.sebrae.com.br/wiki/wp-content/uploads/2018/11/troca_6-1.png" alt="" width="421" height="133" srcset="https://sites.pr.sebrae.com.br/wiki/wp-content/uploads/2018/11/troca_6-1.png 421w, https://sites.pr.sebrae.com.br/wiki/wp-content/uploads/2018/11/troca_6-1-300x95.png 300w" sizes="(max-width: 421px) 100vw, 421px" /><img loading="lazy" class="alignnone size-full wp-image-848" src="https://sites.pr.sebrae.com.br/wiki/wp-content/uploads/2018/11/troca_7-1.png" alt="" width="422" height="133" srcset="https://sites.pr.sebrae.com.br/wiki/wp-content/uploads/2018/11/troca_7-1.png 422w, https://sites.pr.sebrae.com.br/wiki/wp-content/uploads/2018/11/troca_7-1-300x95.png 300w" sizes="(max-width: 422px) 100vw, 422px" /></p>
<p>Após isso é só dar continuidade na interação, finalizando a mesma.</p>
</div></section>
<div class='av-buildercomment  '></div>
