{"id":823,"date":"2018-11-11T22:35:41","date_gmt":"2018-11-12T00:35:41","guid":{"rendered":"https:\/\/sites.pr.sebrae.com.br\/wiki\/?page_id=823"},"modified":"2020-12-02T11:53:22","modified_gmt":"2020-12-02T14:53:22","slug":"consultoria-sem-agenda","status":"publish","type":"page","link":"https:\/\/sites.pr.sebrae.com.br\/wiki\/interacao\/cadastro-interacao\/consultoria-sem-agenda\/","title":{"rendered":"Consultoria sem agenda"},"content":{"rendered":"<section class=\"av_textblock_section \"  itemscope=\"itemscope\" itemtype=\"https:\/\/schema.org\/CreativeWork\" ><div class='avia_textblock  '   itemprop=\"text\" ><h2>Intera\u00e7\u00e3o<br \/>\nConsultoria sem agenda<\/h2>\n<p>Esse lan\u00e7amento \u00e9 realizado pelos Consultores Sebrae, Credenciados e SCC, para iniciar o atendimento acesse: SMART &gt; Intera\u00e7\u00e3o &gt; Cadastro(Int)<\/p>\n<p><img loading=\"lazy\" class=\"alignnone wp-image-1045 size-full\" src=\"https:\/\/sites.pr.sebrae.com.br\/wiki\/wp-content\/uploads\/2020\/11\/REALIZADOR.jpg\" alt=\"\" width=\"645\" height=\"212\" srcset=\"https:\/\/sites.pr.sebrae.com.br\/wiki\/wp-content\/uploads\/2020\/11\/REALIZADOR.jpg 645w, https:\/\/sites.pr.sebrae.com.br\/wiki\/wp-content\/uploads\/2020\/11\/REALIZADOR-300x99.jpg 300w, https:\/\/sites.pr.sebrae.com.br\/wiki\/wp-content\/uploads\/2020\/11\/REALIZADOR-450x148.jpg 450w\" sizes=\"(max-width: 645px) 100vw, 645px\" \/><\/p>\n<p>Selecione o Realizador REAL e a <strong>Data Real da Intera\u00e7\u00e3o <\/strong>e no <strong>Tipo de Intera\u00e7\u00e3o <\/strong>escolha a consultoria que foi realizada. Para credenciados, dever\u00e1 ser digitado o n\u00famero da Ordem de Servi\u00e7o que deve ser do mesmo produto e per\u00edodo digitados a intera\u00e7\u00e3o e ter saldo.<\/p>\n<p>Observa\u00e7\u00f5es:<\/p>\n<p>A data da intera\u00e7\u00e3o deve coincidir com o per\u00edodo que consta na Ordem de servi\u00e7o, caso isso n\u00e3o aconte\u00e7a o sistema n\u00e3o ir\u00e1 permitir o lan\u00e7amento. Lembrando sempre que as intera\u00e7\u00f5es retroativas podem ser lan\u00e7adas em at\u00e9 15 dias depois da realiza\u00e7\u00e3o da mesma.<\/p>\n<p><img loading=\"lazy\" class=\"alignnone size-full wp-image-828\" src=\"https:\/\/sites.pr.sebrae.com.br\/wiki\/wp-content\/uploads\/2018\/11\/consultoria_2.png\" alt=\"\" width=\"580\" height=\"203\" srcset=\"https:\/\/sites.pr.sebrae.com.br\/wiki\/wp-content\/uploads\/2018\/11\/consultoria_2.png 580w, https:\/\/sites.pr.sebrae.com.br\/wiki\/wp-content\/uploads\/2018\/11\/consultoria_2-300x105.png 300w, https:\/\/sites.pr.sebrae.com.br\/wiki\/wp-content\/uploads\/2018\/11\/consultoria_2-450x158.png 450w\" sizes=\"(max-width: 580px) 100vw, 580px\" \/><\/p>\n<p>Clique em <strong>OK<\/strong> para dar inicio ao registro do atendimento.<\/p>\n<p>Selecione os participantes que estavam presentes no momento da consultoria, atrav\u00e9s do auto complete, e ap\u00f3s isto clique em <strong>incluir<\/strong>.<\/p>\n<p>Ap\u00f3s selecionar a pessoa, marque tamb\u00e9m a empresa que esta pessoa est\u00e1 vinculada.<\/p>\n<p><img loading=\"lazy\" class=\"alignnone size-full wp-image-829\" src=\"https:\/\/sites.pr.sebrae.com.br\/wiki\/wp-content\/uploads\/2018\/11\/consultoria_3.png\" alt=\"\" width=\"562\" height=\"253\" srcset=\"https:\/\/sites.pr.sebrae.com.br\/wiki\/wp-content\/uploads\/2018\/11\/consultoria_3.png 562w, https:\/\/sites.pr.sebrae.com.br\/wiki\/wp-content\/uploads\/2018\/11\/consultoria_3-300x135.png 300w, https:\/\/sites.pr.sebrae.com.br\/wiki\/wp-content\/uploads\/2018\/11\/consultoria_3-450x203.png 450w\" sizes=\"(max-width: 562px) 100vw, 562px\" \/><\/p>\n<p>No campo <strong>De que forma o atendimento foi realizado?<\/strong> deve-se marcar uma das op\u00e7\u00f5es, sendo elas:<br \/>\nPresencial &#8211; Por Telefone &#8211; \u00c0 dist\u00e2ncia (e-mail, m\u00eddias sociais) &#8211; WhatsApp, dentre outros, conforme configura\u00e7\u00e3o do tipo de intera\u00e7\u00e3o:<\/p>\n<p><img loading=\"lazy\" class=\"alignnone size-full wp-image-830\" src=\"https:\/\/sites.pr.sebrae.com.br\/wiki\/wp-content\/uploads\/2018\/11\/consultoria_4.png\" alt=\"\" width=\"576\" height=\"88\" srcset=\"https:\/\/sites.pr.sebrae.com.br\/wiki\/wp-content\/uploads\/2018\/11\/consultoria_4.png 576w, https:\/\/sites.pr.sebrae.com.br\/wiki\/wp-content\/uploads\/2018\/11\/consultoria_4-300x46.png 300w, https:\/\/sites.pr.sebrae.com.br\/wiki\/wp-content\/uploads\/2018\/11\/consultoria_4-450x69.png 450w\" sizes=\"(max-width: 576px) 100vw, 576px\" \/><\/p>\n<p>No campo descri\u00e7\u00e3o da Intera\u00e7\u00e3o voc\u00ea pode escolher entre as op\u00e7\u00f5es <strong>P\u00fablica <\/strong>e <strong>Restrita<\/strong>, caso voc\u00ea selecione a op\u00e7\u00e3o <strong>Restrita <\/strong>dever\u00e1 informar quais as pessoas que ter\u00e3o acesso a mesma. Caso seja publica, basta preencher a descri\u00e7\u00e3o, que ao acessar o hist\u00f3rico do cliente ser\u00e1 poss\u00edvel que todos vejam o detalhamento do atendimento.<\/p>\n<p><img loading=\"lazy\" class=\"alignnone size-full wp-image-824\" src=\"https:\/\/sites.pr.sebrae.com.br\/wiki\/wp-content\/uploads\/2018\/11\/consultoria_5.png\" alt=\"\" width=\"568\" height=\"435\" srcset=\"https:\/\/sites.pr.sebrae.com.br\/wiki\/wp-content\/uploads\/2018\/11\/consultoria_5.png 568w, https:\/\/sites.pr.sebrae.com.br\/wiki\/wp-content\/uploads\/2018\/11\/consultoria_5-300x230.png 300w, https:\/\/sites.pr.sebrae.com.br\/wiki\/wp-content\/uploads\/2018\/11\/consultoria_5-450x345.png 450w\" sizes=\"(max-width: 568px) 100vw, 568px\" \/><\/p>\n<p>Caso o lan\u00e7amento da intera\u00e7\u00e3o esteja ocorrendo p\u00f3s-atendimento, deve-se preencher o campo <strong>Hor\u00e1rio real da intera\u00e7\u00e3o<\/strong>, com o hor\u00e1rio em que a orienta\u00e7\u00e3o foi realizada. Para isso, deve-se clicar em <strong>Parar <\/strong>e preencher os campos com o hor\u00e1rio da intera\u00e7\u00e3o.<\/p>\n<p><img loading=\"lazy\" class=\"alignnone size-full wp-image-825\" src=\"https:\/\/sites.pr.sebrae.com.br\/wiki\/wp-content\/uploads\/2018\/11\/consultoria_6.png\" alt=\"\" width=\"896\" height=\"46\" srcset=\"https:\/\/sites.pr.sebrae.com.br\/wiki\/wp-content\/uploads\/2018\/11\/consultoria_6.png 896w, https:\/\/sites.pr.sebrae.com.br\/wiki\/wp-content\/uploads\/2018\/11\/consultoria_6-300x15.png 300w, https:\/\/sites.pr.sebrae.com.br\/wiki\/wp-content\/uploads\/2018\/11\/consultoria_6-768x39.png 768w, https:\/\/sites.pr.sebrae.com.br\/wiki\/wp-content\/uploads\/2018\/11\/consultoria_6-705x36.png 705w, https:\/\/sites.pr.sebrae.com.br\/wiki\/wp-content\/uploads\/2018\/11\/consultoria_6-450x23.png 450w\" sizes=\"(max-width: 896px) 100vw, 896px\" \/><\/p>\n<p>Ap\u00f3s isto clicar em <strong>Cadastrar<\/strong> para finalizar o atendimento.<\/p>\n<\/div><\/section>\n<div class='av-buildercomment  '><\/div>\n","protected":false},"excerpt":{"rendered":"","protected":false},"author":2,"featured_media":0,"parent":82,"menu_order":7,"comment_status":"open","ping_status":"open","template":"","meta":[],"_links":{"self":[{"href":"https:\/\/sites.pr.sebrae.com.br\/wiki\/wp-json\/wp\/v2\/pages\/823"}],"collection":[{"href":"https:\/\/sites.pr.sebrae.com.br\/wiki\/wp-json\/wp\/v2\/pages"}],"about":[{"href":"https:\/\/sites.pr.sebrae.com.br\/wiki\/wp-json\/wp\/v2\/types\/page"}],"author":[{"embeddable":true,"href":"https:\/\/sites.pr.sebrae.com.br\/wiki\/wp-json\/wp\/v2\/users\/2"}],"replies":[{"embeddable":true,"href":"https:\/\/sites.pr.sebrae.com.br\/wiki\/wp-json\/wp\/v2\/comments?post=823"}],"version-history":[{"count":4,"href":"https:\/\/sites.pr.sebrae.com.br\/wiki\/wp-json\/wp\/v2\/pages\/823\/revisions"}],"predecessor-version":[{"id":1085,"href":"https:\/\/sites.pr.sebrae.com.br\/wiki\/wp-json\/wp\/v2\/pages\/823\/revisions\/1085"}],"up":[{"embeddable":true,"href":"https:\/\/sites.pr.sebrae.com.br\/wiki\/wp-json\/wp\/v2\/pages\/82"}],"wp:attachment":[{"href":"https:\/\/sites.pr.sebrae.com.br\/wiki\/wp-json\/wp\/v2\/media?parent=823"}],"curies":[{"name":"wp","href":"https:\/\/api.w.org\/{rel}","templated":true}]}}

<section class="av_textblock_section "  itemscope="itemscope" itemtype="https://schema.org/CreativeWork" ><div class='avia_textblock  '   itemprop="text" ><h2>Interação<br />
Consultoria sem agenda</h2>
<p>Esse lançamento é realizado pelos Consultores Sebrae, Credenciados e SCC, para iniciar o atendimento acesse: SMART &gt; Interação &gt; Cadastro(Int)</p>
<p><img loading="lazy" class="alignnone wp-image-1045 size-full" src="https://sites.pr.sebrae.com.br/wiki/wp-content/uploads/2020/11/REALIZADOR.jpg" alt="" width="645" height="212" srcset="https://sites.pr.sebrae.com.br/wiki/wp-content/uploads/2020/11/REALIZADOR.jpg 645w, https://sites.pr.sebrae.com.br/wiki/wp-content/uploads/2020/11/REALIZADOR-300x99.jpg 300w, https://sites.pr.sebrae.com.br/wiki/wp-content/uploads/2020/11/REALIZADOR-450x148.jpg 450w" sizes="(max-width: 645px) 100vw, 645px" /></p>
<p>Selecione o Realizador REAL e a <strong>Data Real da Interação </strong>e no <strong>Tipo de Interação </strong>escolha a consultoria que foi realizada. Para credenciados, deverá ser digitado o número da Ordem de Serviço que deve ser do mesmo produto e período digitados a interação e ter saldo.</p>
<p>Observações:</p>
<p>A data da interação deve coincidir com o período que consta na Ordem de serviço, caso isso não aconteça o sistema não irá permitir o lançamento. Lembrando sempre que as interações retroativas podem ser lançadas em até 15 dias depois da realização da mesma.</p>
<p><img loading="lazy" class="alignnone size-full wp-image-828" src="https://sites.pr.sebrae.com.br/wiki/wp-content/uploads/2018/11/consultoria_2.png" alt="" width="580" height="203" srcset="https://sites.pr.sebrae.com.br/wiki/wp-content/uploads/2018/11/consultoria_2.png 580w, https://sites.pr.sebrae.com.br/wiki/wp-content/uploads/2018/11/consultoria_2-300x105.png 300w, https://sites.pr.sebrae.com.br/wiki/wp-content/uploads/2018/11/consultoria_2-450x158.png 450w" sizes="(max-width: 580px) 100vw, 580px" /></p>
<p>Clique em <strong>OK</strong> para dar inicio ao registro do atendimento.</p>
<p>Selecione os participantes que estavam presentes no momento da consultoria, através do auto complete, e após isto clique em <strong>incluir</strong>.</p>
<p>Após selecionar a pessoa, marque também a empresa que esta pessoa está vinculada.</p>
<p><img loading="lazy" class="alignnone size-full wp-image-829" src="https://sites.pr.sebrae.com.br/wiki/wp-content/uploads/2018/11/consultoria_3.png" alt="" width="562" height="253" srcset="https://sites.pr.sebrae.com.br/wiki/wp-content/uploads/2018/11/consultoria_3.png 562w, https://sites.pr.sebrae.com.br/wiki/wp-content/uploads/2018/11/consultoria_3-300x135.png 300w, https://sites.pr.sebrae.com.br/wiki/wp-content/uploads/2018/11/consultoria_3-450x203.png 450w" sizes="(max-width: 562px) 100vw, 562px" /></p>
<p>No campo <strong>De que forma o atendimento foi realizado?</strong> deve-se marcar uma das opções, sendo elas:<br />
Presencial &#8211; Por Telefone &#8211; À distância (e-mail, mídias sociais) &#8211; WhatsApp, dentre outros, conforme configuração do tipo de interação:</p>
<p><img loading="lazy" class="alignnone size-full wp-image-830" src="https://sites.pr.sebrae.com.br/wiki/wp-content/uploads/2018/11/consultoria_4.png" alt="" width="576" height="88" srcset="https://sites.pr.sebrae.com.br/wiki/wp-content/uploads/2018/11/consultoria_4.png 576w, https://sites.pr.sebrae.com.br/wiki/wp-content/uploads/2018/11/consultoria_4-300x46.png 300w, https://sites.pr.sebrae.com.br/wiki/wp-content/uploads/2018/11/consultoria_4-450x69.png 450w" sizes="(max-width: 576px) 100vw, 576px" /></p>
<p>No campo descrição da Interação você pode escolher entre as opções <strong>Pública </strong>e <strong>Restrita</strong>, caso você selecione a opção <strong>Restrita </strong>deverá informar quais as pessoas que terão acesso a mesma. Caso seja publica, basta preencher a descrição, que ao acessar o histórico do cliente será possível que todos vejam o detalhamento do atendimento.</p>
<p><img loading="lazy" class="alignnone size-full wp-image-824" src="https://sites.pr.sebrae.com.br/wiki/wp-content/uploads/2018/11/consultoria_5.png" alt="" width="568" height="435" srcset="https://sites.pr.sebrae.com.br/wiki/wp-content/uploads/2018/11/consultoria_5.png 568w, https://sites.pr.sebrae.com.br/wiki/wp-content/uploads/2018/11/consultoria_5-300x230.png 300w, https://sites.pr.sebrae.com.br/wiki/wp-content/uploads/2018/11/consultoria_5-450x345.png 450w" sizes="(max-width: 568px) 100vw, 568px" /></p>
<p>Caso o lançamento da interação esteja ocorrendo pós-atendimento, deve-se preencher o campo <strong>Horário real da interação</strong>, com o horário em que a orientação foi realizada. Para isso, deve-se clicar em <strong>Parar </strong>e preencher os campos com o horário da interação.</p>
<p><img loading="lazy" class="alignnone size-full wp-image-825" src="https://sites.pr.sebrae.com.br/wiki/wp-content/uploads/2018/11/consultoria_6.png" alt="" width="896" height="46" srcset="https://sites.pr.sebrae.com.br/wiki/wp-content/uploads/2018/11/consultoria_6.png 896w, https://sites.pr.sebrae.com.br/wiki/wp-content/uploads/2018/11/consultoria_6-300x15.png 300w, https://sites.pr.sebrae.com.br/wiki/wp-content/uploads/2018/11/consultoria_6-768x39.png 768w, https://sites.pr.sebrae.com.br/wiki/wp-content/uploads/2018/11/consultoria_6-705x36.png 705w, https://sites.pr.sebrae.com.br/wiki/wp-content/uploads/2018/11/consultoria_6-450x23.png 450w" sizes="(max-width: 896px) 100vw, 896px" /></p>
<p>Após isto clicar em <strong>Cadastrar</strong> para finalizar o atendimento.</p>
</div></section>
<div class='av-buildercomment  '></div>
