{"id":784,"date":"2018-11-11T21:52:33","date_gmt":"2018-11-11T23:52:33","guid":{"rendered":"https:\/\/sites.pr.sebrae.com.br\/wiki\/?page_id=784"},"modified":"2018-11-13T16:20:52","modified_gmt":"2018-11-13T18:20:52","slug":"listadepresenca","status":"publish","type":"page","link":"https:\/\/sites.pr.sebrae.com.br\/wiki\/disponibilizacao\/cadastro-disp\/listadepresenca\/","title":{"rendered":"Lista de presen\u00e7a"},"content":{"rendered":"<section class=\"av_textblock_section \"  itemscope=\"itemscope\" itemtype=\"https:\/\/schema.org\/CreativeWork\" ><div class='avia_textblock  '   itemprop=\"text\" ><h2>Disponibiliza\u00e7\u00e3o &#8211; Lista de presen\u00e7a<\/h2>\n<p>Acesse a disponibiliza\u00e7\u00e3o na op\u00e7\u00e3o SMART &gt; DISPONIBILIZA\u00c7\u00c3O &gt; CONSULTA(DISP), clique em Editar e v\u00e1 at\u00e9 a aba Acompanhamento.<\/p>\n<p>No menu selecione a op\u00e7\u00e3o <strong>Gerar lista de presen\u00e7a, <\/strong>que ser\u00e1 a primeira da lista.<\/p>\n<p><img loading=\"lazy\" class=\"alignnone size-full wp-image-789\" src=\"https:\/\/sites.pr.sebrae.com.br\/wiki\/wp-content\/uploads\/2018\/11\/presenca_1.png\" alt=\"\" width=\"964\" height=\"400\" srcset=\"https:\/\/sites.pr.sebrae.com.br\/wiki\/wp-content\/uploads\/2018\/11\/presenca_1.png 964w, https:\/\/sites.pr.sebrae.com.br\/wiki\/wp-content\/uploads\/2018\/11\/presenca_1-300x124.png 300w, https:\/\/sites.pr.sebrae.com.br\/wiki\/wp-content\/uploads\/2018\/11\/presenca_1-768x319.png 768w, https:\/\/sites.pr.sebrae.com.br\/wiki\/wp-content\/uploads\/2018\/11\/presenca_1-705x293.png 705w, https:\/\/sites.pr.sebrae.com.br\/wiki\/wp-content\/uploads\/2018\/11\/presenca_1-450x187.png 450w\" sizes=\"(max-width: 964px) 100vw, 964px\" \/><\/p>\n<p>Ser\u00e1 mostrado um pop-up para confirmar a gera\u00e7\u00e3o da lista de presen\u00e7a, basta clicar em <strong>GERAR<\/strong>.<\/p>\n<p><img loading=\"lazy\" class=\"alignnone size-full wp-image-790\" src=\"https:\/\/sites.pr.sebrae.com.br\/wiki\/wp-content\/uploads\/2018\/11\/presenca_2.png\" alt=\"\" width=\"263\" height=\"108\" srcset=\"https:\/\/sites.pr.sebrae.com.br\/wiki\/wp-content\/uploads\/2018\/11\/presenca_2.png 263w, https:\/\/sites.pr.sebrae.com.br\/wiki\/wp-content\/uploads\/2018\/11\/presenca_2-260x108.png 260w\" sizes=\"(max-width: 263px) 100vw, 263px\" \/><\/p>\n<p>O <strong>SMART<\/strong> ir\u00e1 disponibilizar para download uma lista com o nome de todos os clientes que compraram a sua participa\u00e7\u00e3o no evento.<br \/>\nNormalmente essa lista \u00e9 levada para o evento e os participantes assinam pra confirmar a presen\u00e7a.<\/p>\n<p><img loading=\"lazy\" class=\"alignnone size-full wp-image-791\" src=\"https:\/\/sites.pr.sebrae.com.br\/wiki\/wp-content\/uploads\/2018\/11\/presenca_3.png\" alt=\"\" width=\"982\" height=\"565\" srcset=\"https:\/\/sites.pr.sebrae.com.br\/wiki\/wp-content\/uploads\/2018\/11\/presenca_3.png 982w, https:\/\/sites.pr.sebrae.com.br\/wiki\/wp-content\/uploads\/2018\/11\/presenca_3-300x173.png 300w, https:\/\/sites.pr.sebrae.com.br\/wiki\/wp-content\/uploads\/2018\/11\/presenca_3-768x442.png 768w, https:\/\/sites.pr.sebrae.com.br\/wiki\/wp-content\/uploads\/2018\/11\/presenca_3-705x406.png 705w, https:\/\/sites.pr.sebrae.com.br\/wiki\/wp-content\/uploads\/2018\/11\/presenca_3-450x259.png 450w\" sizes=\"(max-width: 982px) 100vw, 982px\" \/><\/p>\n<p>Com a lista de presen\u00e7a gerada, \u00e9 poss\u00edvel realizar a marca\u00e7\u00e3o das presen\u00e7as no sistema.<br \/>\nTamb\u00e9m na aba <strong>Acompanhamento<\/strong>, selecione a op\u00e7\u00e3o <strong>Confirma\u00e7\u00e3o de presen\u00e7a.<\/strong><\/p>\n<p><img loading=\"lazy\" class=\"alignnone size-full wp-image-785\" src=\"https:\/\/sites.pr.sebrae.com.br\/wiki\/wp-content\/uploads\/2018\/11\/presenca_4.png\" alt=\"\" width=\"310\" height=\"363\" srcset=\"https:\/\/sites.pr.sebrae.com.br\/wiki\/wp-content\/uploads\/2018\/11\/presenca_4.png 310w, https:\/\/sites.pr.sebrae.com.br\/wiki\/wp-content\/uploads\/2018\/11\/presenca_4-256x300.png 256w\" sizes=\"(max-width: 310px) 100vw, 310px\" \/><\/p>\n<p>Abrir\u00e1 uma tela com todos os clientes, onde voc\u00ea dever\u00e1 indicar quais estavam presentes no evento. Para isso voc\u00ea poder\u00e1 selecionar as op\u00e7\u00f5es <strong>Confirmar tudo, desconfirmar tudo e abrir confirma\u00e7\u00e3o de dia<\/strong>, esta \u00faltima op\u00e7\u00e3o \u00e9 para eventos que tem mais de um dia e que o cliente n\u00e3o tenha comparecido no evento completo.<\/p>\n<p><img loading=\"lazy\" class=\"alignnone size-full wp-image-786\" src=\"https:\/\/sites.pr.sebrae.com.br\/wiki\/wp-content\/uploads\/2018\/11\/presenca_5.png\" alt=\"\" width=\"1005\" height=\"677\" srcset=\"https:\/\/sites.pr.sebrae.com.br\/wiki\/wp-content\/uploads\/2018\/11\/presenca_5.png 1005w, https:\/\/sites.pr.sebrae.com.br\/wiki\/wp-content\/uploads\/2018\/11\/presenca_5-300x202.png 300w, https:\/\/sites.pr.sebrae.com.br\/wiki\/wp-content\/uploads\/2018\/11\/presenca_5-768x517.png 768w, https:\/\/sites.pr.sebrae.com.br\/wiki\/wp-content\/uploads\/2018\/11\/presenca_5-705x475.png 705w, https:\/\/sites.pr.sebrae.com.br\/wiki\/wp-content\/uploads\/2018\/11\/presenca_5-450x303.png 450w\" sizes=\"(max-width: 1005px) 100vw, 1005px\" \/><\/p>\n<p>Voc\u00ea pode tamb\u00e9m <strong>Marcar todos <\/strong>ou <strong>Desmarcar todos, <\/strong>caso todos os participantes tenham presen\u00e7a 100% ou nenhuma presen\u00e7a.<\/p>\n<p>Ap\u00f3s marcar a presen\u00e7a de todos, clique em <strong>Registrar presen\u00e7a<\/strong>.<\/p>\n<p>Abrir\u00e1 um pop-up de confirma\u00e7\u00e3o antes do registro, somente fa\u00e7a o registro das presen\u00e7as se tiver certeza sobre as mesmas, pois est\u00e1 a\u00e7\u00e3o n\u00e3o poder\u00e1 ser alterada. Caso tenha certeza, clique em <strong>Sim. <\/strong><\/p>\n<p><img loading=\"lazy\" class=\"alignnone size-full wp-image-787\" src=\"https:\/\/sites.pr.sebrae.com.br\/wiki\/wp-content\/uploads\/2018\/11\/presenca_6.png\" alt=\"\" width=\"466\" height=\"129\" srcset=\"https:\/\/sites.pr.sebrae.com.br\/wiki\/wp-content\/uploads\/2018\/11\/presenca_6.png 466w, https:\/\/sites.pr.sebrae.com.br\/wiki\/wp-content\/uploads\/2018\/11\/presenca_6-300x83.png 300w, https:\/\/sites.pr.sebrae.com.br\/wiki\/wp-content\/uploads\/2018\/11\/presenca_6-450x125.png 450w\" sizes=\"(max-width: 466px) 100vw, 466px\" \/><\/p>\n<p>Agora as presen\u00e7as foram registradas e o percentual de participa\u00e7\u00e3o de cada cliente ser\u00e1 mostrado na lista.<\/p>\n<p><img loading=\"lazy\" class=\"alignnone size-full wp-image-788\" src=\"https:\/\/sites.pr.sebrae.com.br\/wiki\/wp-content\/uploads\/2018\/11\/presenca_7.png\" alt=\"\" width=\"1007\" height=\"394\" srcset=\"https:\/\/sites.pr.sebrae.com.br\/wiki\/wp-content\/uploads\/2018\/11\/presenca_7.png 1007w, https:\/\/sites.pr.sebrae.com.br\/wiki\/wp-content\/uploads\/2018\/11\/presenca_7-300x117.png 300w, https:\/\/sites.pr.sebrae.com.br\/wiki\/wp-content\/uploads\/2018\/11\/presenca_7-768x300.png 768w, https:\/\/sites.pr.sebrae.com.br\/wiki\/wp-content\/uploads\/2018\/11\/presenca_7-705x276.png 705w, https:\/\/sites.pr.sebrae.com.br\/wiki\/wp-content\/uploads\/2018\/11\/presenca_7-450x176.png 450w\" sizes=\"(max-width: 1007px) 100vw, 1007px\" \/><\/p>\n<p>Com isso o status da disponibiliza\u00e7\u00e3o ser\u00e1 alterado automaticamente para <strong>Realizada e Encerrada<\/strong>. Caso seja necess\u00e1rio ser\u00e1 poss\u00edvel reabrir a disponibiliza\u00e7\u00e3o, se ainda dentro do m\u00eas de refer\u00eancia, dessa forma a lista de confirma\u00e7\u00e3o ser\u00e1 apagada e as presen\u00e7as devem ser novamente confirmadas.<\/p>\n<\/div><\/section>\n<div class='av-buildercomment  '><\/div>\n","protected":false},"excerpt":{"rendered":"","protected":false},"author":2,"featured_media":0,"parent":516,"menu_order":8,"comment_status":"open","ping_status":"open","template":"","meta":[],"_links":{"self":[{"href":"https:\/\/sites.pr.sebrae.com.br\/wiki\/wp-json\/wp\/v2\/pages\/784"}],"collection":[{"href":"https:\/\/sites.pr.sebrae.com.br\/wiki\/wp-json\/wp\/v2\/pages"}],"about":[{"href":"https:\/\/sites.pr.sebrae.com.br\/wiki\/wp-json\/wp\/v2\/types\/page"}],"author":[{"embeddable":true,"href":"https:\/\/sites.pr.sebrae.com.br\/wiki\/wp-json\/wp\/v2\/users\/2"}],"replies":[{"embeddable":true,"href":"https:\/\/sites.pr.sebrae.com.br\/wiki\/wp-json\/wp\/v2\/comments?post=784"}],"version-history":[{"count":2,"href":"https:\/\/sites.pr.sebrae.com.br\/wiki\/wp-json\/wp\/v2\/pages\/784\/revisions"}],"predecessor-version":[{"id":1161,"href":"https:\/\/sites.pr.sebrae.com.br\/wiki\/wp-json\/wp\/v2\/pages\/784\/revisions\/1161"}],"up":[{"embeddable":true,"href":"https:\/\/sites.pr.sebrae.com.br\/wiki\/wp-json\/wp\/v2\/pages\/516"}],"wp:attachment":[{"href":"https:\/\/sites.pr.sebrae.com.br\/wiki\/wp-json\/wp\/v2\/media?parent=784"}],"curies":[{"name":"wp","href":"https:\/\/api.w.org\/{rel}","templated":true}]}}

Lista de presença

<section class="av_textblock_section "  itemscope="itemscope" itemtype="https://schema.org/CreativeWork" ><div class='avia_textblock  '   itemprop="text" ><h2>Disponibilização &#8211; Lista de presença</h2>
<p>Acesse a disponibilização na opção SMART &gt; DISPONIBILIZAÇÃO &gt; CONSULTA(DISP), clique em Editar e vá até a aba Acompanhamento.</p>
<p>No menu selecione a opção <strong>Gerar lista de presença, </strong>que será a primeira da lista.</p>
<p><img loading="lazy" class="alignnone size-full wp-image-789" src="https://sites.pr.sebrae.com.br/wiki/wp-content/uploads/2018/11/presenca_1.png" alt="" width="964" height="400" srcset="https://sites.pr.sebrae.com.br/wiki/wp-content/uploads/2018/11/presenca_1.png 964w, https://sites.pr.sebrae.com.br/wiki/wp-content/uploads/2018/11/presenca_1-300x124.png 300w, https://sites.pr.sebrae.com.br/wiki/wp-content/uploads/2018/11/presenca_1-768x319.png 768w, https://sites.pr.sebrae.com.br/wiki/wp-content/uploads/2018/11/presenca_1-705x293.png 705w, https://sites.pr.sebrae.com.br/wiki/wp-content/uploads/2018/11/presenca_1-450x187.png 450w" sizes="(max-width: 964px) 100vw, 964px" /></p>
<p>Será mostrado um pop-up para confirmar a geração da lista de presença, basta clicar em <strong>GERAR</strong>.</p>
<p><img loading="lazy" class="alignnone size-full wp-image-790" src="https://sites.pr.sebrae.com.br/wiki/wp-content/uploads/2018/11/presenca_2.png" alt="" width="263" height="108" srcset="https://sites.pr.sebrae.com.br/wiki/wp-content/uploads/2018/11/presenca_2.png 263w, https://sites.pr.sebrae.com.br/wiki/wp-content/uploads/2018/11/presenca_2-260x108.png 260w" sizes="(max-width: 263px) 100vw, 263px" /></p>
<p>O <strong>SMART</strong> irá disponibilizar para download uma lista com o nome de todos os clientes que compraram a sua participação no evento.<br />
Normalmente essa lista é levada para o evento e os participantes assinam pra confirmar a presença.</p>
<p><img loading="lazy" class="alignnone size-full wp-image-791" src="https://sites.pr.sebrae.com.br/wiki/wp-content/uploads/2018/11/presenca_3.png" alt="" width="982" height="565" srcset="https://sites.pr.sebrae.com.br/wiki/wp-content/uploads/2018/11/presenca_3.png 982w, https://sites.pr.sebrae.com.br/wiki/wp-content/uploads/2018/11/presenca_3-300x173.png 300w, https://sites.pr.sebrae.com.br/wiki/wp-content/uploads/2018/11/presenca_3-768x442.png 768w, https://sites.pr.sebrae.com.br/wiki/wp-content/uploads/2018/11/presenca_3-705x406.png 705w, https://sites.pr.sebrae.com.br/wiki/wp-content/uploads/2018/11/presenca_3-450x259.png 450w" sizes="(max-width: 982px) 100vw, 982px" /></p>
<p>Com a lista de presença gerada, é possível realizar a marcação das presenças no sistema.<br />
Também na aba <strong>Acompanhamento</strong>, selecione a opção <strong>Confirmação de presença.</strong></p>
<p><img loading="lazy" class="alignnone size-full wp-image-785" src="https://sites.pr.sebrae.com.br/wiki/wp-content/uploads/2018/11/presenca_4.png" alt="" width="310" height="363" srcset="https://sites.pr.sebrae.com.br/wiki/wp-content/uploads/2018/11/presenca_4.png 310w, https://sites.pr.sebrae.com.br/wiki/wp-content/uploads/2018/11/presenca_4-256x300.png 256w" sizes="(max-width: 310px) 100vw, 310px" /></p>
<p>Abrirá uma tela com todos os clientes, onde você deverá indicar quais estavam presentes no evento. Para isso você poderá selecionar as opções <strong>Confirmar tudo, desconfirmar tudo e abrir confirmação de dia</strong>, esta última opção é para eventos que tem mais de um dia e que o cliente não tenha comparecido no evento completo.</p>
<p><img loading="lazy" class="alignnone size-full wp-image-786" src="https://sites.pr.sebrae.com.br/wiki/wp-content/uploads/2018/11/presenca_5.png" alt="" width="1005" height="677" srcset="https://sites.pr.sebrae.com.br/wiki/wp-content/uploads/2018/11/presenca_5.png 1005w, https://sites.pr.sebrae.com.br/wiki/wp-content/uploads/2018/11/presenca_5-300x202.png 300w, https://sites.pr.sebrae.com.br/wiki/wp-content/uploads/2018/11/presenca_5-768x517.png 768w, https://sites.pr.sebrae.com.br/wiki/wp-content/uploads/2018/11/presenca_5-705x475.png 705w, https://sites.pr.sebrae.com.br/wiki/wp-content/uploads/2018/11/presenca_5-450x303.png 450w" sizes="(max-width: 1005px) 100vw, 1005px" /></p>
<p>Você pode também <strong>Marcar todos </strong>ou <strong>Desmarcar todos, </strong>caso todos os participantes tenham presença 100% ou nenhuma presença.</p>
<p>Após marcar a presença de todos, clique em <strong>Registrar presença</strong>.</p>
<p>Abrirá um pop-up de confirmação antes do registro, somente faça o registro das presenças se tiver certeza sobre as mesmas, pois está ação não poderá ser alterada. Caso tenha certeza, clique em <strong>Sim. </strong></p>
<p><img loading="lazy" class="alignnone size-full wp-image-787" src="https://sites.pr.sebrae.com.br/wiki/wp-content/uploads/2018/11/presenca_6.png" alt="" width="466" height="129" srcset="https://sites.pr.sebrae.com.br/wiki/wp-content/uploads/2018/11/presenca_6.png 466w, https://sites.pr.sebrae.com.br/wiki/wp-content/uploads/2018/11/presenca_6-300x83.png 300w, https://sites.pr.sebrae.com.br/wiki/wp-content/uploads/2018/11/presenca_6-450x125.png 450w" sizes="(max-width: 466px) 100vw, 466px" /></p>
<p>Agora as presenças foram registradas e o percentual de participação de cada cliente será mostrado na lista.</p>
<p><img loading="lazy" class="alignnone size-full wp-image-788" src="https://sites.pr.sebrae.com.br/wiki/wp-content/uploads/2018/11/presenca_7.png" alt="" width="1007" height="394" srcset="https://sites.pr.sebrae.com.br/wiki/wp-content/uploads/2018/11/presenca_7.png 1007w, https://sites.pr.sebrae.com.br/wiki/wp-content/uploads/2018/11/presenca_7-300x117.png 300w, https://sites.pr.sebrae.com.br/wiki/wp-content/uploads/2018/11/presenca_7-768x300.png 768w, https://sites.pr.sebrae.com.br/wiki/wp-content/uploads/2018/11/presenca_7-705x276.png 705w, https://sites.pr.sebrae.com.br/wiki/wp-content/uploads/2018/11/presenca_7-450x176.png 450w" sizes="(max-width: 1007px) 100vw, 1007px" /></p>
<p>Com isso o status da disponibilização será alterado automaticamente para <strong>Realizada e Encerrada</strong>. Caso seja necessário será possível reabrir a disponibilização, se ainda dentro do mês de referência, dessa forma a lista de confirmação será apagada e as presenças devem ser novamente confirmadas.</p>
</div></section>
<div class='av-buildercomment  '></div>
