{"id":766,"date":"2018-11-11T21:36:27","date_gmt":"2018-11-11T23:36:27","guid":{"rendered":"https:\/\/sites.pr.sebrae.com.br\/wiki\/?page_id=766"},"modified":"2019-11-05T14:03:50","modified_gmt":"2019-11-05T17:03:50","slug":"troca-de-agenda","status":"publish","type":"page","link":"https:\/\/sites.pr.sebrae.com.br\/wiki\/disponibilizacao\/cadastro-disp\/troca-de-agenda\/","title":{"rendered":"Troca de agenda"},"content":{"rendered":"<section class=\"av_textblock_section \"  itemscope=\"itemscope\" itemtype=\"https:\/\/schema.org\/CreativeWork\" ><div class='avia_textblock  '   itemprop=\"text\" ><h3>Disponibiliza\u00e7\u00e3o &#8211; Troca de agenda<\/h3>\n<p>Acesse a disponibiliza\u00e7\u00e3o na op\u00e7\u00e3o SMART &gt; DISPONIBILIZA\u00c7\u00c3O &gt; CONSULTA(DISP), clique em Editar e v\u00e1 at\u00e9 a aba Acompanhamento.<br \/>\nNo menu selecione a op\u00e7\u00e3o <strong>Troca de agenda.<\/strong><\/p>\n<p><img loading=\"lazy\" class=\"alignnone size-full wp-image-767\" src=\"https:\/\/sites.pr.sebrae.com.br\/wiki\/wp-content\/uploads\/2018\/11\/troca_1.png\" alt=\"\" width=\"965\" height=\"378\" srcset=\"https:\/\/sites.pr.sebrae.com.br\/wiki\/wp-content\/uploads\/2018\/11\/troca_1.png 965w, https:\/\/sites.pr.sebrae.com.br\/wiki\/wp-content\/uploads\/2018\/11\/troca_1-300x118.png 300w, https:\/\/sites.pr.sebrae.com.br\/wiki\/wp-content\/uploads\/2018\/11\/troca_1-768x301.png 768w, https:\/\/sites.pr.sebrae.com.br\/wiki\/wp-content\/uploads\/2018\/11\/troca_1-705x276.png 705w, https:\/\/sites.pr.sebrae.com.br\/wiki\/wp-content\/uploads\/2018\/11\/troca_1-450x176.png 450w\" sizes=\"(max-width: 965px) 100vw, 965px\" \/><\/p>\n<p>Selecione o participante que deseja trocar de agenda e clique em <strong>Transferir<\/strong>.<\/p>\n<p><img loading=\"lazy\" class=\"alignnone size-full wp-image-768\" src=\"https:\/\/sites.pr.sebrae.com.br\/wiki\/wp-content\/uploads\/2018\/11\/troca_2.png\" alt=\"\" width=\"920\" height=\"321\" srcset=\"https:\/\/sites.pr.sebrae.com.br\/wiki\/wp-content\/uploads\/2018\/11\/troca_2.png 920w, https:\/\/sites.pr.sebrae.com.br\/wiki\/wp-content\/uploads\/2018\/11\/troca_2-300x105.png 300w, https:\/\/sites.pr.sebrae.com.br\/wiki\/wp-content\/uploads\/2018\/11\/troca_2-768x268.png 768w, https:\/\/sites.pr.sebrae.com.br\/wiki\/wp-content\/uploads\/2018\/11\/troca_2-705x246.png 705w, https:\/\/sites.pr.sebrae.com.br\/wiki\/wp-content\/uploads\/2018\/11\/troca_2-450x157.png 450w\" sizes=\"(max-width: 920px) 100vw, 920px\" \/><\/p>\n<p>Nesta tela aparecer\u00e1 as informa\u00e7\u00f5es sobre a compra\/inscri\u00e7\u00e3o que o cliente realizou.<\/p>\n<p>Clique em <strong>Transferir<\/strong>.<\/p>\n<p><img loading=\"lazy\" class=\"alignnone size-full wp-image-769\" src=\"https:\/\/sites.pr.sebrae.com.br\/wiki\/wp-content\/uploads\/2018\/11\/troca_3.png\" alt=\"\" width=\"899\" height=\"265\" srcset=\"https:\/\/sites.pr.sebrae.com.br\/wiki\/wp-content\/uploads\/2018\/11\/troca_3.png 899w, https:\/\/sites.pr.sebrae.com.br\/wiki\/wp-content\/uploads\/2018\/11\/troca_3-300x88.png 300w, https:\/\/sites.pr.sebrae.com.br\/wiki\/wp-content\/uploads\/2018\/11\/troca_3-768x226.png 768w, https:\/\/sites.pr.sebrae.com.br\/wiki\/wp-content\/uploads\/2018\/11\/troca_3-705x208.png 705w, https:\/\/sites.pr.sebrae.com.br\/wiki\/wp-content\/uploads\/2018\/11\/troca_3-450x133.png 450w\" sizes=\"(max-width: 899px) 100vw, 899px\" \/><\/p>\n<p><strong>Regras para a troca de agenda<\/strong><\/p>\n<p>Produto Normal \/ Sem Cobran\u00e7a:<\/p>\n<p>Pode ser transferido para qualquer turma, desde que essa turma tamb\u00e9m seja gratuita ou haja cortesia dispon\u00edvel (nesse caso ser\u00e1 utilizada uma cortesia.). Neste caso, o agendamento anterior \u00e9 apagado e criado um novo. O carrinho item anterior deve permanecer, sendo marcado como cancelado\/troca de agenda e deve ser criado um novo dentro do mesmo carrinho, devendo ser apontado para o novo item.<\/p>\n<p>Produto Normal \/ Com Cobran\u00e7a:<\/p>\n<p>Se ainda n\u00e3o estiver pago: Permite transfer\u00eancia para qualquer turma do mesmo produto. Nesse caso, a venda anterior ser\u00e1 cancelada e ser\u00e1 criado um novo item de or\u00e7amento.<\/p>\n<p>Se j\u00e1 estiver pago: S\u00f3 permite transferir para outro evento do mesmo centro de custo e do mesmo valor e da mesma unidade da disponibiliza\u00e7\u00e3o. Neste caso, deve-se aproveitar o mesmo carrinho item, mas efetuar a altera\u00e7\u00e3o dos dados internos dele.<\/p>\n<p>Se for de outro centro de custo, valor diferente ou outra unidade, ser\u00e1 avisado o usu\u00e1rio, o item da venda antiga ser\u00e1 cancelado e ser\u00e1 gerado um novo item de or\u00e7amento, independentemente do valor maior ou menor. Nesse caso deve ser feito o processo de devolu\u00e7\u00e3o e reaproveitamento pois o processo \u00e9 feito no Microsiga e n\u00e3o podemos interferir. Enviar e-mail para o pessoal do caixa sempre que houver a necessidade de uma troca manual.<\/p>\n<p>S\u00f3 pode ser transferido para a mesma unidade de disponibiliza\u00e7\u00e3o.<\/p>\n<p>No momento da apresenta\u00e7\u00e3o do resultado, colocar uma marca em verde ao lado dos que se enquadram sem cancelamento da venda e os que precisam criar um novo item para reaproveitamento.<\/p>\n<p>Consultoria:<\/p>\n<p>Valem as mesmas regras da transfer\u00eancia de produtos normais para o financeiro, cobran\u00e7a, centro de custo e datas. Mas neste caso a sele\u00e7\u00e3o da vaga pode ser para qualquer outro consultor, desde que do mesmo produto<\/p>\n<p>Ir\u00e1 aparecer as informa\u00e7\u00f5es das disponibiliza\u00e7\u00f5es do mesmo produto que o cliente comprou.<\/p>\n<p>Ap\u00f3s ter selecionado a disponibiliza\u00e7\u00e3o que deseja voc\u00ea clicar nos bot\u00f5es abaixo:<\/p>\n<p>Adicionar uma venda para o cliente.<br \/>\nAdicionar uma cortesia para o cliente.<br \/>\nVisualizar informa\u00e7\u00f5es da disponibiliza\u00e7\u00e3o.<br \/>\nEnviar e-mail com resumo do produto.<\/p>\n<p><img loading=\"lazy\" class=\"alignnone size-full wp-image-770\" src=\"https:\/\/sites.pr.sebrae.com.br\/wiki\/wp-content\/uploads\/2018\/11\/troca_4.png\" alt=\"\" width=\"898\" height=\"479\" srcset=\"https:\/\/sites.pr.sebrae.com.br\/wiki\/wp-content\/uploads\/2018\/11\/troca_4.png 898w, https:\/\/sites.pr.sebrae.com.br\/wiki\/wp-content\/uploads\/2018\/11\/troca_4-300x160.png 300w, https:\/\/sites.pr.sebrae.com.br\/wiki\/wp-content\/uploads\/2018\/11\/troca_4-768x410.png 768w, https:\/\/sites.pr.sebrae.com.br\/wiki\/wp-content\/uploads\/2018\/11\/troca_4-705x376.png 705w, https:\/\/sites.pr.sebrae.com.br\/wiki\/wp-content\/uploads\/2018\/11\/troca_4-450x240.png 450w\" sizes=\"(max-width: 898px) 100vw, 898px\" \/><\/p>\n<p>No campo Carrinho, voc\u00ea ter\u00e1 as informa\u00e7\u00f5es relacionadas a troca da agenda, onde existe os seguintes campos:<\/p>\n<p>Produto\/Disponibiliza\u00e7\u00e3o: Onde ir\u00e1 aparecer as informa\u00e7\u00f5es sobre a disponibiliza\u00e7\u00e3o e o produto selecionado para a troca de agenda.<\/p>\n<p>Valor: Neste campo aparecer\u00e1 o valor da disponibiliza\u00e7\u00e3o.<\/p>\n<p>Situa\u00e7\u00e3o: Ir\u00e1 aparecer neste campo informa\u00e7\u00f5es sobre a valor da troca de agenda, conforme as regras j\u00e1 descritas no documento.<\/p>\n<p><img loading=\"lazy\" class=\"alignnone size-full wp-image-771\" src=\"https:\/\/sites.pr.sebrae.com.br\/wiki\/wp-content\/uploads\/2018\/11\/troca_5.png\" alt=\"\" width=\"900\" height=\"193\" srcset=\"https:\/\/sites.pr.sebrae.com.br\/wiki\/wp-content\/uploads\/2018\/11\/troca_5.png 900w, https:\/\/sites.pr.sebrae.com.br\/wiki\/wp-content\/uploads\/2018\/11\/troca_5-300x64.png 300w, https:\/\/sites.pr.sebrae.com.br\/wiki\/wp-content\/uploads\/2018\/11\/troca_5-768x165.png 768w, https:\/\/sites.pr.sebrae.com.br\/wiki\/wp-content\/uploads\/2018\/11\/troca_5-705x151.png 705w, https:\/\/sites.pr.sebrae.com.br\/wiki\/wp-content\/uploads\/2018\/11\/troca_5-450x97.png 450w\" sizes=\"(max-width: 900px) 100vw, 900px\" \/><\/p>\n<p>Clique em <strong>Confirmar Trocas<\/strong>.<\/p>\n<p><img loading=\"lazy\" class=\"alignnone size-full wp-image-772\" src=\"https:\/\/sites.pr.sebrae.com.br\/wiki\/wp-content\/uploads\/2018\/11\/troca_6.png\" alt=\"\" width=\"421\" height=\"133\" srcset=\"https:\/\/sites.pr.sebrae.com.br\/wiki\/wp-content\/uploads\/2018\/11\/troca_6.png 421w, https:\/\/sites.pr.sebrae.com.br\/wiki\/wp-content\/uploads\/2018\/11\/troca_6-300x95.png 300w\" sizes=\"(max-width: 421px) 100vw, 421px\" \/> <img loading=\"lazy\" class=\"alignnone size-full wp-image-773\" src=\"https:\/\/sites.pr.sebrae.com.br\/wiki\/wp-content\/uploads\/2018\/11\/troca_7.png\" alt=\"\" width=\"422\" height=\"133\" srcset=\"https:\/\/sites.pr.sebrae.com.br\/wiki\/wp-content\/uploads\/2018\/11\/troca_7.png 422w, https:\/\/sites.pr.sebrae.com.br\/wiki\/wp-content\/uploads\/2018\/11\/troca_7-300x95.png 300w\" sizes=\"(max-width: 422px) 100vw, 422px\" \/><\/p>\n<\/div><\/section>\n<div class='av-buildercomment  '><\/div>\n","protected":false},"excerpt":{"rendered":"","protected":false},"author":2,"featured_media":0,"parent":516,"menu_order":4,"comment_status":"open","ping_status":"open","template":"","meta":[],"_links":{"self":[{"href":"https:\/\/sites.pr.sebrae.com.br\/wiki\/wp-json\/wp\/v2\/pages\/766"}],"collection":[{"href":"https:\/\/sites.pr.sebrae.com.br\/wiki\/wp-json\/wp\/v2\/pages"}],"about":[{"href":"https:\/\/sites.pr.sebrae.com.br\/wiki\/wp-json\/wp\/v2\/types\/page"}],"author":[{"embeddable":true,"href":"https:\/\/sites.pr.sebrae.com.br\/wiki\/wp-json\/wp\/v2\/users\/2"}],"replies":[{"embeddable":true,"href":"https:\/\/sites.pr.sebrae.com.br\/wiki\/wp-json\/wp\/v2\/comments?post=766"}],"version-history":[{"count":3,"href":"https:\/\/sites.pr.sebrae.com.br\/wiki\/wp-json\/wp\/v2\/pages\/766\/revisions"}],"predecessor-version":[{"id":999,"href":"https:\/\/sites.pr.sebrae.com.br\/wiki\/wp-json\/wp\/v2\/pages\/766\/revisions\/999"}],"up":[{"embeddable":true,"href":"https:\/\/sites.pr.sebrae.com.br\/wiki\/wp-json\/wp\/v2\/pages\/516"}],"wp:attachment":[{"href":"https:\/\/sites.pr.sebrae.com.br\/wiki\/wp-json\/wp\/v2\/media?parent=766"}],"curies":[{"name":"wp","href":"https:\/\/api.w.org\/{rel}","templated":true}]}}

<section class="av_textblock_section "  itemscope="itemscope" itemtype="https://schema.org/CreativeWork" ><div class='avia_textblock  '   itemprop="text" ><h3>Disponibilização &#8211; Troca de agenda</h3>
<p>Acesse a disponibilização na opção SMART &gt; DISPONIBILIZAÇÃO &gt; CONSULTA(DISP), clique em Editar e vá até a aba Acompanhamento.<br />
No menu selecione a opção <strong>Troca de agenda.</strong></p>
<p><img loading="lazy" class="alignnone size-full wp-image-767" src="https://sites.pr.sebrae.com.br/wiki/wp-content/uploads/2018/11/troca_1.png" alt="" width="965" height="378" srcset="https://sites.pr.sebrae.com.br/wiki/wp-content/uploads/2018/11/troca_1.png 965w, https://sites.pr.sebrae.com.br/wiki/wp-content/uploads/2018/11/troca_1-300x118.png 300w, https://sites.pr.sebrae.com.br/wiki/wp-content/uploads/2018/11/troca_1-768x301.png 768w, https://sites.pr.sebrae.com.br/wiki/wp-content/uploads/2018/11/troca_1-705x276.png 705w, https://sites.pr.sebrae.com.br/wiki/wp-content/uploads/2018/11/troca_1-450x176.png 450w" sizes="(max-width: 965px) 100vw, 965px" /></p>
<p>Selecione o participante que deseja trocar de agenda e clique em <strong>Transferir</strong>.</p>
<p><img loading="lazy" class="alignnone size-full wp-image-768" src="https://sites.pr.sebrae.com.br/wiki/wp-content/uploads/2018/11/troca_2.png" alt="" width="920" height="321" srcset="https://sites.pr.sebrae.com.br/wiki/wp-content/uploads/2018/11/troca_2.png 920w, https://sites.pr.sebrae.com.br/wiki/wp-content/uploads/2018/11/troca_2-300x105.png 300w, https://sites.pr.sebrae.com.br/wiki/wp-content/uploads/2018/11/troca_2-768x268.png 768w, https://sites.pr.sebrae.com.br/wiki/wp-content/uploads/2018/11/troca_2-705x246.png 705w, https://sites.pr.sebrae.com.br/wiki/wp-content/uploads/2018/11/troca_2-450x157.png 450w" sizes="(max-width: 920px) 100vw, 920px" /></p>
<p>Nesta tela aparecerá as informações sobre a compra/inscrição que o cliente realizou.</p>
<p>Clique em <strong>Transferir</strong>.</p>
<p><img loading="lazy" class="alignnone size-full wp-image-769" src="https://sites.pr.sebrae.com.br/wiki/wp-content/uploads/2018/11/troca_3.png" alt="" width="899" height="265" srcset="https://sites.pr.sebrae.com.br/wiki/wp-content/uploads/2018/11/troca_3.png 899w, https://sites.pr.sebrae.com.br/wiki/wp-content/uploads/2018/11/troca_3-300x88.png 300w, https://sites.pr.sebrae.com.br/wiki/wp-content/uploads/2018/11/troca_3-768x226.png 768w, https://sites.pr.sebrae.com.br/wiki/wp-content/uploads/2018/11/troca_3-705x208.png 705w, https://sites.pr.sebrae.com.br/wiki/wp-content/uploads/2018/11/troca_3-450x133.png 450w" sizes="(max-width: 899px) 100vw, 899px" /></p>
<p><strong>Regras para a troca de agenda</strong></p>
<p>Produto Normal / Sem Cobrança:</p>
<p>Pode ser transferido para qualquer turma, desde que essa turma também seja gratuita ou haja cortesia disponível (nesse caso será utilizada uma cortesia.). Neste caso, o agendamento anterior é apagado e criado um novo. O carrinho item anterior deve permanecer, sendo marcado como cancelado/troca de agenda e deve ser criado um novo dentro do mesmo carrinho, devendo ser apontado para o novo item.</p>
<p>Produto Normal / Com Cobrança:</p>
<p>Se ainda não estiver pago: Permite transferência para qualquer turma do mesmo produto. Nesse caso, a venda anterior será cancelada e será criado um novo item de orçamento.</p>
<p>Se já estiver pago: Só permite transferir para outro evento do mesmo centro de custo e do mesmo valor e da mesma unidade da disponibilização. Neste caso, deve-se aproveitar o mesmo carrinho item, mas efetuar a alteração dos dados internos dele.</p>
<p>Se for de outro centro de custo, valor diferente ou outra unidade, será avisado o usuário, o item da venda antiga será cancelado e será gerado um novo item de orçamento, independentemente do valor maior ou menor. Nesse caso deve ser feito o processo de devolução e reaproveitamento pois o processo é feito no Microsiga e não podemos interferir. Enviar e-mail para o pessoal do caixa sempre que houver a necessidade de uma troca manual.</p>
<p>Só pode ser transferido para a mesma unidade de disponibilização.</p>
<p>No momento da apresentação do resultado, colocar uma marca em verde ao lado dos que se enquadram sem cancelamento da venda e os que precisam criar um novo item para reaproveitamento.</p>
<p>Consultoria:</p>
<p>Valem as mesmas regras da transferência de produtos normais para o financeiro, cobrança, centro de custo e datas. Mas neste caso a seleção da vaga pode ser para qualquer outro consultor, desde que do mesmo produto</p>
<p>Irá aparecer as informações das disponibilizações do mesmo produto que o cliente comprou.</p>
<p>Após ter selecionado a disponibilização que deseja você clicar nos botões abaixo:</p>
<p>Adicionar uma venda para o cliente.<br />
Adicionar uma cortesia para o cliente.<br />
Visualizar informações da disponibilização.<br />
Enviar e-mail com resumo do produto.</p>
<p><img loading="lazy" class="alignnone size-full wp-image-770" src="https://sites.pr.sebrae.com.br/wiki/wp-content/uploads/2018/11/troca_4.png" alt="" width="898" height="479" srcset="https://sites.pr.sebrae.com.br/wiki/wp-content/uploads/2018/11/troca_4.png 898w, https://sites.pr.sebrae.com.br/wiki/wp-content/uploads/2018/11/troca_4-300x160.png 300w, https://sites.pr.sebrae.com.br/wiki/wp-content/uploads/2018/11/troca_4-768x410.png 768w, https://sites.pr.sebrae.com.br/wiki/wp-content/uploads/2018/11/troca_4-705x376.png 705w, https://sites.pr.sebrae.com.br/wiki/wp-content/uploads/2018/11/troca_4-450x240.png 450w" sizes="(max-width: 898px) 100vw, 898px" /></p>
<p>No campo Carrinho, você terá as informações relacionadas a troca da agenda, onde existe os seguintes campos:</p>
<p>Produto/Disponibilização: Onde irá aparecer as informações sobre a disponibilização e o produto selecionado para a troca de agenda.</p>
<p>Valor: Neste campo aparecerá o valor da disponibilização.</p>
<p>Situação: Irá aparecer neste campo informações sobre a valor da troca de agenda, conforme as regras já descritas no documento.</p>
<p><img loading="lazy" class="alignnone size-full wp-image-771" src="https://sites.pr.sebrae.com.br/wiki/wp-content/uploads/2018/11/troca_5.png" alt="" width="900" height="193" srcset="https://sites.pr.sebrae.com.br/wiki/wp-content/uploads/2018/11/troca_5.png 900w, https://sites.pr.sebrae.com.br/wiki/wp-content/uploads/2018/11/troca_5-300x64.png 300w, https://sites.pr.sebrae.com.br/wiki/wp-content/uploads/2018/11/troca_5-768x165.png 768w, https://sites.pr.sebrae.com.br/wiki/wp-content/uploads/2018/11/troca_5-705x151.png 705w, https://sites.pr.sebrae.com.br/wiki/wp-content/uploads/2018/11/troca_5-450x97.png 450w" sizes="(max-width: 900px) 100vw, 900px" /></p>
<p>Clique em <strong>Confirmar Trocas</strong>.</p>
<p><img loading="lazy" class="alignnone size-full wp-image-772" src="https://sites.pr.sebrae.com.br/wiki/wp-content/uploads/2018/11/troca_6.png" alt="" width="421" height="133" srcset="https://sites.pr.sebrae.com.br/wiki/wp-content/uploads/2018/11/troca_6.png 421w, https://sites.pr.sebrae.com.br/wiki/wp-content/uploads/2018/11/troca_6-300x95.png 300w" sizes="(max-width: 421px) 100vw, 421px" /> <img loading="lazy" class="alignnone size-full wp-image-773" src="https://sites.pr.sebrae.com.br/wiki/wp-content/uploads/2018/11/troca_7.png" alt="" width="422" height="133" srcset="https://sites.pr.sebrae.com.br/wiki/wp-content/uploads/2018/11/troca_7.png 422w, https://sites.pr.sebrae.com.br/wiki/wp-content/uploads/2018/11/troca_7-300x95.png 300w" sizes="(max-width: 422px) 100vw, 422px" /></p>
</div></section>
<div class='av-buildercomment  '></div>
