{"id":76,"date":"2018-07-23T15:37:15","date_gmt":"2018-07-23T18:37:15","guid":{"rendered":"https:\/\/sites.pr.sebrae.com.br\/wiki\/?page_id=76"},"modified":"2020-12-02T12:07:15","modified_gmt":"2020-12-02T15:07:15","slug":"consulta-de-interacoes","status":"publish","type":"page","link":"https:\/\/sites.pr.sebrae.com.br\/wiki\/interacao\/consulta-de-interacoes\/","title":{"rendered":"Consulta de intera\u00e7\u00f5es"},"content":{"rendered":"<section class=\"av_textblock_section \"  itemscope=\"itemscope\" itemtype=\"https:\/\/schema.org\/CreativeWork\" ><div class='avia_textblock  '   itemprop=\"text\" ><h1 id=\"firstHeading\" class=\"firstHeading\" lang=\"pt-BR\"><strong>Consulta de intera\u00e7\u00f5es<\/strong><\/h1>\n<div id=\"bodyContent\" class=\"mw-body-content\">\n<div id=\"mw-content-text\" class=\"mw-content-ltr\" dir=\"ltr\" lang=\"pt-BR\">\n<div class=\"mw-parser-output\">\n<p>Para consultar uma Intera\u00e7\u00e3o acesse:\u00a0<b>SMART<\/b>\u00a0&gt;\u00a0<b>Intera\u00e7\u00e3o<\/b>\u00a0&gt;\u00a0<b>Consulta(Int)<\/b><\/p>\n<p>A consulta de intera\u00e7\u00e3o pode ser feita pelo n\u00famero do protocolo gerado (que pode ser consultado no cadastro do cliente), por per\u00edodo, realizador, centro de custo, local ou participante.<br \/>\nQuando a busca n\u00e3o for feita pelo protocolo, 2(duas) informa\u00e7\u00f5es ou mais devem ser preenchidas na busca.<\/p>\n<\/div>\n<p>No resultado,\u00a0 clique na lupa para visualizar o atendimento:<\/p>\n<div class=\"mw-parser-output\">\n<p><img loading=\"lazy\" class=\"alignnone wp-image-1075 size-full\" src=\"https:\/\/sites.pr.sebrae.com.br\/wiki\/wp-content\/uploads\/2020\/11\/CONSULTA.jpg\" alt=\"\" width=\"959\" height=\"438\" srcset=\"https:\/\/sites.pr.sebrae.com.br\/wiki\/wp-content\/uploads\/2020\/11\/CONSULTA.jpg 959w, https:\/\/sites.pr.sebrae.com.br\/wiki\/wp-content\/uploads\/2020\/11\/CONSULTA-300x137.jpg 300w, https:\/\/sites.pr.sebrae.com.br\/wiki\/wp-content\/uploads\/2020\/11\/CONSULTA-768x351.jpg 768w, https:\/\/sites.pr.sebrae.com.br\/wiki\/wp-content\/uploads\/2020\/11\/CONSULTA-705x322.jpg 705w, https:\/\/sites.pr.sebrae.com.br\/wiki\/wp-content\/uploads\/2020\/11\/CONSULTA-450x206.jpg 450w\" sizes=\"(max-width: 959px) 100vw, 959px\" \/><\/p>\n<p>Visualizando:<\/p>\n<p><img loading=\"lazy\" class=\"alignnone wp-image-187\" src=\"https:\/\/sites.pr.sebrae.com.br\/wiki\/wp-content\/uploads\/2018\/07\/Consultaint_3.jpg\" alt=\"\" width=\"734\" height=\"498\" srcset=\"https:\/\/sites.pr.sebrae.com.br\/wiki\/wp-content\/uploads\/2018\/07\/Consultaint_3.jpg 958w, https:\/\/sites.pr.sebrae.com.br\/wiki\/wp-content\/uploads\/2018\/07\/Consultaint_3-300x204.jpg 300w, https:\/\/sites.pr.sebrae.com.br\/wiki\/wp-content\/uploads\/2018\/07\/Consultaint_3-768x521.jpg 768w, https:\/\/sites.pr.sebrae.com.br\/wiki\/wp-content\/uploads\/2018\/07\/Consultaint_3-705x478.jpg 705w, https:\/\/sites.pr.sebrae.com.br\/wiki\/wp-content\/uploads\/2018\/07\/Consultaint_3-450x305.jpg 450w\" sizes=\"(max-width: 734px) 100vw, 734px\" \/><\/p>\n<p>A op\u00e7\u00e3o de editar o atendimento somente ser\u00e1 poss\u00edvel pelo realizador da intera\u00e7\u00e3o, e para intera\u00e7\u00f5es do tipo &#8220;manuten\u00e7\u00e3o de relacionamento&#8221;.<\/p>\n<\/div>\n<\/div>\n<\/div>\n<\/div><\/section>\n<div class='av-buildercomment  '><\/div>\n","protected":false},"excerpt":{"rendered":"","protected":false},"author":2,"featured_media":0,"parent":54,"menu_order":2,"comment_status":"open","ping_status":"open","template":"","meta":[],"_links":{"self":[{"href":"https:\/\/sites.pr.sebrae.com.br\/wiki\/wp-json\/wp\/v2\/pages\/76"}],"collection":[{"href":"https:\/\/sites.pr.sebrae.com.br\/wiki\/wp-json\/wp\/v2\/pages"}],"about":[{"href":"https:\/\/sites.pr.sebrae.com.br\/wiki\/wp-json\/wp\/v2\/types\/page"}],"author":[{"embeddable":true,"href":"https:\/\/sites.pr.sebrae.com.br\/wiki\/wp-json\/wp\/v2\/users\/2"}],"replies":[{"embeddable":true,"href":"https:\/\/sites.pr.sebrae.com.br\/wiki\/wp-json\/wp\/v2\/comments?post=76"}],"version-history":[{"count":9,"href":"https:\/\/sites.pr.sebrae.com.br\/wiki\/wp-json\/wp\/v2\/pages\/76\/revisions"}],"predecessor-version":[{"id":1089,"href":"https:\/\/sites.pr.sebrae.com.br\/wiki\/wp-json\/wp\/v2\/pages\/76\/revisions\/1089"}],"up":[{"embeddable":true,"href":"https:\/\/sites.pr.sebrae.com.br\/wiki\/wp-json\/wp\/v2\/pages\/54"}],"wp:attachment":[{"href":"https:\/\/sites.pr.sebrae.com.br\/wiki\/wp-json\/wp\/v2\/media?parent=76"}],"curies":[{"name":"wp","href":"https:\/\/api.w.org\/{rel}","templated":true}]}}

Consulta de interações

<section class="av_textblock_section "  itemscope="itemscope" itemtype="https://schema.org/CreativeWork" ><div class='avia_textblock  '   itemprop="text" ><h1 id="firstHeading" class="firstHeading" lang="pt-BR"><strong>Consulta de interações</strong></h1>
<div id="bodyContent" class="mw-body-content">
<div id="mw-content-text" class="mw-content-ltr" dir="ltr" lang="pt-BR">
<div class="mw-parser-output">
<p>Para consultar uma Interação acesse: <b>SMART</b> &gt; <b>Interação</b> &gt; <b>Consulta(Int)</b></p>
<p>A consulta de interação pode ser feita pelo número do protocolo gerado (que pode ser consultado no cadastro do cliente), por período, realizador, centro de custo, local ou participante.<br />
Quando a busca não for feita pelo protocolo, 2(duas) informações ou mais devem ser preenchidas na busca.</p>
</div>
<p>No resultado,  clique na lupa para visualizar o atendimento:</p>
<div class="mw-parser-output">
<p><img loading="lazy" class="alignnone wp-image-1075 size-full" src="https://sites.pr.sebrae.com.br/wiki/wp-content/uploads/2020/11/CONSULTA.jpg" alt="" width="959" height="438" srcset="https://sites.pr.sebrae.com.br/wiki/wp-content/uploads/2020/11/CONSULTA.jpg 959w, https://sites.pr.sebrae.com.br/wiki/wp-content/uploads/2020/11/CONSULTA-300x137.jpg 300w, https://sites.pr.sebrae.com.br/wiki/wp-content/uploads/2020/11/CONSULTA-768x351.jpg 768w, https://sites.pr.sebrae.com.br/wiki/wp-content/uploads/2020/11/CONSULTA-705x322.jpg 705w, https://sites.pr.sebrae.com.br/wiki/wp-content/uploads/2020/11/CONSULTA-450x206.jpg 450w" sizes="(max-width: 959px) 100vw, 959px" /></p>
<p>Visualizando:</p>
<p><img loading="lazy" class="alignnone wp-image-187" src="https://sites.pr.sebrae.com.br/wiki/wp-content/uploads/2018/07/Consultaint_3.jpg" alt="" width="734" height="498" srcset="https://sites.pr.sebrae.com.br/wiki/wp-content/uploads/2018/07/Consultaint_3.jpg 958w, https://sites.pr.sebrae.com.br/wiki/wp-content/uploads/2018/07/Consultaint_3-300x204.jpg 300w, https://sites.pr.sebrae.com.br/wiki/wp-content/uploads/2018/07/Consultaint_3-768x521.jpg 768w, https://sites.pr.sebrae.com.br/wiki/wp-content/uploads/2018/07/Consultaint_3-705x478.jpg 705w, https://sites.pr.sebrae.com.br/wiki/wp-content/uploads/2018/07/Consultaint_3-450x305.jpg 450w" sizes="(max-width: 734px) 100vw, 734px" /></p>
<p>A opção de editar o atendimento somente será possível pelo realizador da interação, e para interações do tipo &#8220;manutenção de relacionamento&#8221;.</p>
</div>
</div>
</div>
</div></section>
<div class='av-buildercomment  '></div>
