{"id":723,"date":"2018-11-10T23:03:52","date_gmt":"2018-11-11T01:03:52","guid":{"rendered":"https:\/\/sites.pr.sebrae.com.br\/wiki\/?page_id=723"},"modified":"2021-03-24T11:51:47","modified_gmt":"2021-03-24T14:51:47","slug":"pessoas","status":"publish","type":"page","link":"https:\/\/sites.pr.sebrae.com.br\/wiki\/pessoas\/","title":{"rendered":"Pessoas"},"content":{"rendered":"<section class=\"av_textblock_section \"  itemscope=\"itemscope\" itemtype=\"https:\/\/schema.org\/CreativeWork\" ><div class='avia_textblock  '   itemprop=\"text\" ><h1>CRM<\/h1>\n<h3>CADASTRO\/CONSULTA PESSOA F\u00cdSICA E JUR\u00cdDICA<\/h3>\n<p>O cadastro do SEBRAE\/PR n\u00e3o tem o papel de\u00a0 apenas ser um cat\u00e1logo de clientes para que possamos contat\u00e1-lo no futuro, mas uma plataforma que funciona como um prontu\u00e1rio do cliente, para que possamos ter acesso a todo o hist\u00f3rico do cliente, seus h\u00e1bitos, comportamentos, como tamb\u00e9m\u00a0 desenvolver estudos e pesquisas para o Sebrae e a M\u00eddia, promovendo assim a imagem do Sebrae.<\/p>\n<p>Tamb\u00e9m devemos lembrar que o cadastro ser\u00e1 a principal ferramenta usada para os nossos projetos e campanhas no futuro, e dependemos dele para o atingimento das metas. Devemos garantir, sempre que poss\u00edvel, que apenas conste nele os dados mais atualizados do cliente, removendo sempre que necess\u00e1rio qualquer informa\u00e7\u00e3o incorreta ou antiga.<\/p>\n<p>E Lembre-se de validar com o cliente sempre os dados, pois um caractere errado no e-mail, um n\u00famero trocado no telefone apenas j\u00e1 \u00e9 o suficiente para n\u00e3o entrarmos em contato com o cliente e isto tem um custo de imagem e financeiro para o Sebrae.<\/p>\n<p>Para efetuar um cadastro ou consultar um cadastro existente acesse: <strong>SMART &gt; PESSOAS &gt; CADASTRO\/CONSULTA<\/strong><\/p>\n<p><img loading=\"lazy\" class=\"alignnone size-full wp-image-1107\" src=\"https:\/\/sites.pr.sebrae.com.br\/wiki\/wp-content\/uploads\/2021\/01\/MENU.jpg\" alt=\"\" width=\"973\" height=\"150\" srcset=\"https:\/\/sites.pr.sebrae.com.br\/wiki\/wp-content\/uploads\/2021\/01\/MENU.jpg 973w, https:\/\/sites.pr.sebrae.com.br\/wiki\/wp-content\/uploads\/2021\/01\/MENU-300x46.jpg 300w, https:\/\/sites.pr.sebrae.com.br\/wiki\/wp-content\/uploads\/2021\/01\/MENU-768x118.jpg 768w, https:\/\/sites.pr.sebrae.com.br\/wiki\/wp-content\/uploads\/2021\/01\/MENU-705x109.jpg 705w, https:\/\/sites.pr.sebrae.com.br\/wiki\/wp-content\/uploads\/2021\/01\/MENU-450x69.jpg 450w\" sizes=\"(max-width: 973px) 100vw, 973px\" \/><\/p>\n<p>Temos no CRM cinco tipos de cadastro, desta forma evitamos o cruzamento de informa\u00e7\u00f5es indevidamente e qualificamos melhor os nossos clientes nos seus devidos segmentos.<\/p>\n<p>Basicamente s\u00e3o eles:<\/p>\n<ul>\n<li>Cadastro Pessoa F\u00edsica\n<ul>\n<li>Chave: CPF<\/li>\n<\/ul>\n<\/li>\n<li>Cadastro Pessoa Jur\u00eddica\n<ul>\n<li>Chave: CNPJ<\/li>\n<\/ul>\n<\/li>\n<li>Cadastro Produtor Rural\n<ul>\n<li>Chave CADPRO<\/li>\n<\/ul>\n<\/li>\n<li>Cadastro Startup\n<ul>\n<li>Chave CNPJ x (sem CNPJ x Raz\u00e3o Social)<\/li>\n<\/ul>\n<\/li>\n<li>Cadastro Escolas\n<ul>\n<li>C\u00f3digo INEP<\/li>\n<\/ul>\n<\/li>\n<\/ul>\n<h3>CONSULTA CADASTRO DE CLIENTES<\/h3>\n<p>Nesta tela \u00e9 poss\u00edvel pesquisar por qualquer cliente, preenchendo um ou mais filtros apresentados na tela.<\/p>\n<p>Deve-se ficar atento a marca\u00e7\u00e3o \u201cMostrar Clientes Inativos\u201d, que fica no topo da tela, caso ele n\u00e3o esteja selecionado, os cliente inativos n\u00e3o ser\u00e3o exibidos.<\/p>\n<p>Os filtros devem ser utilizados para facilitar a busca por determinados grupos de clientes.<\/p>\n<p><img loading=\"lazy\" class=\"alignnone size-full wp-image-725\" src=\"https:\/\/sites.pr.sebrae.com.br\/wiki\/wp-content\/uploads\/2018\/11\/crm_2.jpg\" alt=\"\" width=\"1364\" height=\"474\" srcset=\"https:\/\/sites.pr.sebrae.com.br\/wiki\/wp-content\/uploads\/2018\/11\/crm_2.jpg 1364w, https:\/\/sites.pr.sebrae.com.br\/wiki\/wp-content\/uploads\/2018\/11\/crm_2-300x104.jpg 300w, https:\/\/sites.pr.sebrae.com.br\/wiki\/wp-content\/uploads\/2018\/11\/crm_2-768x267.jpg 768w, https:\/\/sites.pr.sebrae.com.br\/wiki\/wp-content\/uploads\/2018\/11\/crm_2-1030x358.jpg 1030w, https:\/\/sites.pr.sebrae.com.br\/wiki\/wp-content\/uploads\/2018\/11\/crm_2-705x245.jpg 705w, https:\/\/sites.pr.sebrae.com.br\/wiki\/wp-content\/uploads\/2018\/11\/crm_2-450x156.jpg 450w\" sizes=\"(max-width: 1364px) 100vw, 1364px\" \/><\/p>\n<p>A busca tr\u00e1s 100 registros por p\u00e1gina, na consulta mostrando sempre (Caso exista) o C\u00f3digo Cliente, Documento, Nome\/Raz\u00e3o Social, Nome Fantasia, Telefone, Email, Cidade-UF e as a\u00e7\u00f5es dispon\u00edveis.<\/p>\n<p>O resultado da busca pode trazer diversos tipos de pessoa com seu \u00edcone identificador:<\/p>\n<p><img loading=\"lazy\" class=\"alignnone size-full wp-image-1108\" src=\"https:\/\/sites.pr.sebrae.com.br\/wiki\/wp-content\/uploads\/2021\/01\/escola.png\" alt=\"\" width=\"27\" height=\"19\" \/> Escola<\/p>\n<p><img loading=\"lazy\" class=\"alignnone size-full wp-image-1109\" src=\"https:\/\/sites.pr.sebrae.com.br\/wiki\/wp-content\/uploads\/2021\/01\/fisica.png\" alt=\"\" width=\"25\" height=\"21\" \/> Pessoa F\u00edsica<\/p>\n<p><img loading=\"lazy\" class=\"alignnone size-full wp-image-1110\" src=\"https:\/\/sites.pr.sebrae.com.br\/wiki\/wp-content\/uploads\/2021\/01\/juridica.png\" alt=\"\" width=\"27\" height=\"20\" \/> Pessoa Jur\u00eddica ou Rural<\/p>\n<p><img loading=\"lazy\" class=\"alignnone size-full wp-image-1111\" src=\"https:\/\/sites.pr.sebrae.com.br\/wiki\/wp-content\/uploads\/2021\/01\/startup.png\" alt=\"\" width=\"25\" height=\"21\" \/> Startup<\/p>\n<p>Os cadastros que estiverem inativos, o \u00edcone ser\u00e1 o mesmo, por\u00e9m ficara em vermelho.<\/p>\n<p><img loading=\"lazy\" class=\"alignnone wp-image-1112\" src=\"https:\/\/sites.pr.sebrae.com.br\/wiki\/wp-content\/uploads\/2021\/01\/resultado.jpg\" alt=\"\" width=\"1082\" height=\"448\" srcset=\"https:\/\/sites.pr.sebrae.com.br\/wiki\/wp-content\/uploads\/2021\/01\/resultado.jpg 1616w, https:\/\/sites.pr.sebrae.com.br\/wiki\/wp-content\/uploads\/2021\/01\/resultado-300x124.jpg 300w, https:\/\/sites.pr.sebrae.com.br\/wiki\/wp-content\/uploads\/2021\/01\/resultado-1030x426.jpg 1030w, https:\/\/sites.pr.sebrae.com.br\/wiki\/wp-content\/uploads\/2021\/01\/resultado-768x318.jpg 768w, https:\/\/sites.pr.sebrae.com.br\/wiki\/wp-content\/uploads\/2021\/01\/resultado-1536x636.jpg 1536w, https:\/\/sites.pr.sebrae.com.br\/wiki\/wp-content\/uploads\/2021\/01\/resultado-1500x621.jpg 1500w, https:\/\/sites.pr.sebrae.com.br\/wiki\/wp-content\/uploads\/2021\/01\/resultado-705x292.jpg 705w, https:\/\/sites.pr.sebrae.com.br\/wiki\/wp-content\/uploads\/2021\/01\/resultado-450x186.jpg 450w\" sizes=\"(max-width: 1082px) 100vw, 1082px\" \/><\/p>\n<p>Aproveite para assistir ao repasse realizado pelo Walter(UGE):<\/p>\n<p><a href=\"https:\/\/web.microsoftstream.com\/video\/011dbda4-3ec9-4136-9f88-9910e18ac3da\">CAPACITA\u00c7\u00c3O SMART \u2013 M\u00d3D. l &#8211; CRM<\/a><\/p>\n<\/div><\/section>\n<div class='av-buildercomment  '><\/div>\n","protected":false},"excerpt":{"rendered":"","protected":false},"author":2,"featured_media":0,"parent":0,"menu_order":0,"comment_status":"open","ping_status":"closed","template":"","meta":[],"_links":{"self":[{"href":"https:\/\/sites.pr.sebrae.com.br\/wiki\/wp-json\/wp\/v2\/pages\/723"}],"collection":[{"href":"https:\/\/sites.pr.sebrae.com.br\/wiki\/wp-json\/wp\/v2\/pages"}],"about":[{"href":"https:\/\/sites.pr.sebrae.com.br\/wiki\/wp-json\/wp\/v2\/types\/page"}],"author":[{"embeddable":true,"href":"https:\/\/sites.pr.sebrae.com.br\/wiki\/wp-json\/wp\/v2\/users\/2"}],"replies":[{"embeddable":true,"href":"https:\/\/sites.pr.sebrae.com.br\/wiki\/wp-json\/wp\/v2\/comments?post=723"}],"version-history":[{"count":8,"href":"https:\/\/sites.pr.sebrae.com.br\/wiki\/wp-json\/wp\/v2\/pages\/723\/revisions"}],"predecessor-version":[{"id":1300,"href":"https:\/\/sites.pr.sebrae.com.br\/wiki\/wp-json\/wp\/v2\/pages\/723\/revisions\/1300"}],"wp:attachment":[{"href":"https:\/\/sites.pr.sebrae.com.br\/wiki\/wp-json\/wp\/v2\/media?parent=723"}],"curies":[{"name":"wp","href":"https:\/\/api.w.org\/{rel}","templated":true}]}}