{"id":585,"date":"2018-09-17T15:34:47","date_gmt":"2018-09-17T18:34:47","guid":{"rendered":"https:\/\/sites.pr.sebrae.com.br\/wiki\/?page_id=585"},"modified":"2018-09-18T15:13:22","modified_gmt":"2018-09-18T18:13:22","slug":"cadastro-de-produto-externo","status":"publish","type":"page","link":"https:\/\/sites.pr.sebrae.com.br\/wiki\/produto\/cadastro-de-produto-externo\/","title":{"rendered":"Cadastro de Produto Externo"},"content":{"rendered":"<section class=\"av_textblock_section \"  itemscope=\"itemscope\" itemtype=\"https:\/\/schema.org\/CreativeWork\" ><div class='avia_textblock  '   itemprop=\"text\" ><h3>Criando Produto externo<\/h3>\n<p>A cria\u00e7\u00e3o de produto externo \u00e9 liberada para todos os usu\u00e1rios, desde que com as permiss\u00f5es necess\u00e1rias.<\/p>\n<p>As configura\u00e7\u00f5es s\u00e3o parecidas com a de um produto padr\u00e3o, a diferen\u00e7a \u00e9 que no produto externo existem menos abas, sendo elas:<\/p>\n<p><strong>Dados Gerais<\/strong><br \/>\n<strong>Conte\u00fado<\/strong><br \/>\n<strong>Defini\u00e7\u00f5es comercias<\/strong><\/p>\n<p><img loading=\"lazy\" class=\"alignnone size-full wp-image-619\" src=\"https:\/\/sites.pr.sebrae.com.br\/wiki\/wp-content\/uploads\/2018\/09\/produtoexterno_1.jpg\" alt=\"\" width=\"969\" height=\"572\" srcset=\"https:\/\/sites.pr.sebrae.com.br\/wiki\/wp-content\/uploads\/2018\/09\/produtoexterno_1.jpg 969w, https:\/\/sites.pr.sebrae.com.br\/wiki\/wp-content\/uploads\/2018\/09\/produtoexterno_1-300x177.jpg 300w, https:\/\/sites.pr.sebrae.com.br\/wiki\/wp-content\/uploads\/2018\/09\/produtoexterno_1-768x453.jpg 768w, https:\/\/sites.pr.sebrae.com.br\/wiki\/wp-content\/uploads\/2018\/09\/produtoexterno_1-705x416.jpg 705w, https:\/\/sites.pr.sebrae.com.br\/wiki\/wp-content\/uploads\/2018\/09\/produtoexterno_1-450x266.jpg 450w\" sizes=\"(max-width: 969px) 100vw, 969px\" \/><\/p>\n<p>No campo <strong>T\u00edtulo do Produto<\/strong>, inserir o nome planejado para o novo produto externo, esse campo funciona com auto complete, caso outro produto j\u00e1 esteja configurado com o mesmo nome o campo ir\u00e1 mostra.<\/p>\n<p><img loading=\"lazy\" class=\"alignnone size-full wp-image-620\" src=\"https:\/\/sites.pr.sebrae.com.br\/wiki\/wp-content\/uploads\/2018\/09\/produtoexterno_2.jpg\" alt=\"\" width=\"516\" height=\"117\" srcset=\"https:\/\/sites.pr.sebrae.com.br\/wiki\/wp-content\/uploads\/2018\/09\/produtoexterno_2.jpg 516w, https:\/\/sites.pr.sebrae.com.br\/wiki\/wp-content\/uploads\/2018\/09\/produtoexterno_2-300x68.jpg 300w, https:\/\/sites.pr.sebrae.com.br\/wiki\/wp-content\/uploads\/2018\/09\/produtoexterno_2-450x102.jpg 450w\" sizes=\"(max-width: 516px) 100vw, 516px\" \/><\/p>\n<p>Com isso voc\u00ea pode selecionar um deles e editar, ou criar um novo.<\/p>\n<p>Para iniciar o cadastro, ap\u00f3s digitar o nome, \u00e9 s\u00f3 clicar fora da tela ou aperta o tab no teclado que a tela ir\u00e1 carregar a primeira aba para configura\u00e7\u00e3o (<strong>Dados Gerais<\/strong>).<\/p>\n<p>Nesse momento ele ainda n\u00e3o salvou o novo produto, para isso \u00e9 necess\u00e1rio preencher as informa\u00e7\u00f5es necess\u00e1rias e clicar em <strong>Salvar<\/strong>.<\/p>\n<p>Nessa tela s\u00e3o configuradas as informa\u00e7\u00f5es principais, sendo elas:<\/p>\n<p><strong>CATEGORIA<\/strong> e <strong>MODALIDADE<\/strong><\/p>\n<p><img loading=\"lazy\" class=\"alignnone size-full wp-image-621\" src=\"https:\/\/sites.pr.sebrae.com.br\/wiki\/wp-content\/uploads\/2018\/09\/produtoexterno_3.jpg\" alt=\"\" width=\"429\" height=\"266\" srcset=\"https:\/\/sites.pr.sebrae.com.br\/wiki\/wp-content\/uploads\/2018\/09\/produtoexterno_3.jpg 429w, https:\/\/sites.pr.sebrae.com.br\/wiki\/wp-content\/uploads\/2018\/09\/produtoexterno_3-300x186.jpg 300w\" sizes=\"(max-width: 429px) 100vw, 429px\" \/><\/p>\n<p><strong>M\u00c9TRICAS PARA CONTABILIZA\u00c7\u00c3O NO NACIONAL<\/strong><\/p>\n<p>Essa parte do cadastro \u00e9 muito importando, pois se alguma das informa\u00e7\u00f5es n\u00e3o for preenchida ou feita de forma incorreta as contabiliza\u00e7\u00f5es desse produto podem ser afetas.<\/p>\n<p><img loading=\"lazy\" class=\"alignnone size-full wp-image-622\" src=\"https:\/\/sites.pr.sebrae.com.br\/wiki\/wp-content\/uploads\/2018\/09\/produtoexterno_4.jpg\" alt=\"\" width=\"526\" height=\"212\" srcset=\"https:\/\/sites.pr.sebrae.com.br\/wiki\/wp-content\/uploads\/2018\/09\/produtoexterno_4.jpg 526w, https:\/\/sites.pr.sebrae.com.br\/wiki\/wp-content\/uploads\/2018\/09\/produtoexterno_4-300x121.jpg 300w, https:\/\/sites.pr.sebrae.com.br\/wiki\/wp-content\/uploads\/2018\/09\/produtoexterno_4-450x181.jpg 450w\" sizes=\"(max-width: 526px) 100vw, 526px\" \/><\/p>\n<p>As outras informa\u00e7\u00f5es devem ser preenchidas conforme as necessidades do novo Produto.<\/p>\n<p><img loading=\"lazy\" class=\"alignnone size-full wp-image-623\" src=\"https:\/\/sites.pr.sebrae.com.br\/wiki\/wp-content\/uploads\/2018\/09\/produtoexterno_5.jpg\" alt=\"\" width=\"423\" height=\"607\" srcset=\"https:\/\/sites.pr.sebrae.com.br\/wiki\/wp-content\/uploads\/2018\/09\/produtoexterno_5.jpg 423w, https:\/\/sites.pr.sebrae.com.br\/wiki\/wp-content\/uploads\/2018\/09\/produtoexterno_5-209x300.jpg 209w\" sizes=\"(max-width: 423px) 100vw, 423px\" \/><\/p>\n<p>Para seguir basta clicar na aba <strong>Conte\u00fado<\/strong>, aqui \u00e9 configurado todo conte\u00fado a ser mostrado na Loja, basta selecionar o tipo de informa\u00e7\u00e3o e local de veicula\u00e7\u00e3o, escrever o conte\u00fado e clicar em <strong>Incluir<\/strong>.<\/p>\n<p><img loading=\"lazy\" class=\"alignnone size-full wp-image-624\" src=\"https:\/\/sites.pr.sebrae.com.br\/wiki\/wp-content\/uploads\/2018\/09\/produtoexterno_6.jpg\" alt=\"\" width=\"975\" height=\"516\" srcset=\"https:\/\/sites.pr.sebrae.com.br\/wiki\/wp-content\/uploads\/2018\/09\/produtoexterno_6.jpg 975w, https:\/\/sites.pr.sebrae.com.br\/wiki\/wp-content\/uploads\/2018\/09\/produtoexterno_6-300x159.jpg 300w, https:\/\/sites.pr.sebrae.com.br\/wiki\/wp-content\/uploads\/2018\/09\/produtoexterno_6-768x406.jpg 768w, https:\/\/sites.pr.sebrae.com.br\/wiki\/wp-content\/uploads\/2018\/09\/produtoexterno_6-710x375.jpg 710w, https:\/\/sites.pr.sebrae.com.br\/wiki\/wp-content\/uploads\/2018\/09\/produtoexterno_6-705x373.jpg 705w, https:\/\/sites.pr.sebrae.com.br\/wiki\/wp-content\/uploads\/2018\/09\/produtoexterno_6-450x238.jpg 450w\" sizes=\"(max-width: 975px) 100vw, 975px\" \/><\/p>\n<p>Na aba <strong>Defini\u00e7\u00f5es Comercias<\/strong>\u00a0s\u00e3o definidas todas as op\u00e7\u00f5es referentes a venda desse produto, seja na loja ou por intera\u00e7\u00e3o.<\/p>\n<p>As configura\u00e7\u00f5es est\u00e3o separadas em blocos, sendo eles:<\/p>\n<p><strong>MODALIDADES DE DIVULGA\u00c7\u00c3O<\/strong><br \/>\n<strong>DIVULGA\u00c7\u00c3O<\/strong><br \/>\nNesse bloco \u00e9 definido se o produto deve ou n\u00e3o aparecer na loja, essa configura\u00e7\u00e3o quando alterada n\u00e3o ir\u00e1 refletir nas disponibiliza\u00e7\u00f5es j\u00e1 criadas.<br \/>\n<img loading=\"lazy\" class=\"alignnone size-full wp-image-625\" src=\"https:\/\/sites.pr.sebrae.com.br\/wiki\/wp-content\/uploads\/2018\/09\/produtoexterno_7.jpg\" alt=\"\" width=\"454\" height=\"57\" srcset=\"https:\/\/sites.pr.sebrae.com.br\/wiki\/wp-content\/uploads\/2018\/09\/produtoexterno_7.jpg 454w, https:\/\/sites.pr.sebrae.com.br\/wiki\/wp-content\/uploads\/2018\/09\/produtoexterno_7-300x38.jpg 300w, https:\/\/sites.pr.sebrae.com.br\/wiki\/wp-content\/uploads\/2018\/09\/produtoexterno_7-450x56.jpg 450w\" sizes=\"(max-width: 454px) 100vw, 454px\" \/><\/p>\n<p><strong>PRECIFICA\u00c7\u00c3O<br \/>\n<\/strong>Aqui \u00e9 definido o valor minimo e m\u00e1ximo que pode ser cobrado na execu\u00e7\u00e3o desse produto.<br \/>\n<strong>COMISS\u00c3O<br \/>\n<\/strong>Utilizado para definir o percentual de comiss\u00e3o aplicado na vendas realizadas pelos pontos de atendimento.<\/p>\n<p>Ap\u00f3s <strong>SALVAR<\/strong> o produto j\u00e1 estar\u00e1 liberado para disponibiliza\u00e7\u00e3o.<\/p>\n<\/div><\/section>\n<div class='av-buildercomment  '><\/div>\n","protected":false},"excerpt":{"rendered":"","protected":false},"author":2,"featured_media":0,"parent":20,"menu_order":2,"comment_status":"open","ping_status":"open","template":"","meta":[],"_links":{"self":[{"href":"https:\/\/sites.pr.sebrae.com.br\/wiki\/wp-json\/wp\/v2\/pages\/585"}],"collection":[{"href":"https:\/\/sites.pr.sebrae.com.br\/wiki\/wp-json\/wp\/v2\/pages"}],"about":[{"href":"https:\/\/sites.pr.sebrae.com.br\/wiki\/wp-json\/wp\/v2\/types\/page"}],"author":[{"embeddable":true,"href":"https:\/\/sites.pr.sebrae.com.br\/wiki\/wp-json\/wp\/v2\/users\/2"}],"replies":[{"embeddable":true,"href":"https:\/\/sites.pr.sebrae.com.br\/wiki\/wp-json\/wp\/v2\/comments?post=585"}],"version-history":[{"count":4,"href":"https:\/\/sites.pr.sebrae.com.br\/wiki\/wp-json\/wp\/v2\/pages\/585\/revisions"}],"predecessor-version":[{"id":1002,"href":"https:\/\/sites.pr.sebrae.com.br\/wiki\/wp-json\/wp\/v2\/pages\/585\/revisions\/1002"}],"up":[{"embeddable":true,"href":"https:\/\/sites.pr.sebrae.com.br\/wiki\/wp-json\/wp\/v2\/pages\/20"}],"wp:attachment":[{"href":"https:\/\/sites.pr.sebrae.com.br\/wiki\/wp-json\/wp\/v2\/media?parent=585"}],"curies":[{"name":"wp","href":"https:\/\/api.w.org\/{rel}","templated":true}]}}

<section class="av_textblock_section "  itemscope="itemscope" itemtype="https://schema.org/CreativeWork" ><div class='avia_textblock  '   itemprop="text" ><h3>Criando Produto externo</h3>
<p>A criação de produto externo é liberada para todos os usuários, desde que com as permissões necessárias.</p>
<p>As configurações são parecidas com a de um produto padrão, a diferença é que no produto externo existem menos abas, sendo elas:</p>
<p><strong>Dados Gerais</strong><br />
<strong>Conteúdo</strong><br />
<strong>Definições comercias</strong></p>
<p><img loading="lazy" class="alignnone size-full wp-image-619" src="https://sites.pr.sebrae.com.br/wiki/wp-content/uploads/2018/09/produtoexterno_1.jpg" alt="" width="969" height="572" srcset="https://sites.pr.sebrae.com.br/wiki/wp-content/uploads/2018/09/produtoexterno_1.jpg 969w, https://sites.pr.sebrae.com.br/wiki/wp-content/uploads/2018/09/produtoexterno_1-300x177.jpg 300w, https://sites.pr.sebrae.com.br/wiki/wp-content/uploads/2018/09/produtoexterno_1-768x453.jpg 768w, https://sites.pr.sebrae.com.br/wiki/wp-content/uploads/2018/09/produtoexterno_1-705x416.jpg 705w, https://sites.pr.sebrae.com.br/wiki/wp-content/uploads/2018/09/produtoexterno_1-450x266.jpg 450w" sizes="(max-width: 969px) 100vw, 969px" /></p>
<p>No campo <strong>Título do Produto</strong>, inserir o nome planejado para o novo produto externo, esse campo funciona com auto complete, caso outro produto já esteja configurado com o mesmo nome o campo irá mostra.</p>
<p><img loading="lazy" class="alignnone size-full wp-image-620" src="https://sites.pr.sebrae.com.br/wiki/wp-content/uploads/2018/09/produtoexterno_2.jpg" alt="" width="516" height="117" srcset="https://sites.pr.sebrae.com.br/wiki/wp-content/uploads/2018/09/produtoexterno_2.jpg 516w, https://sites.pr.sebrae.com.br/wiki/wp-content/uploads/2018/09/produtoexterno_2-300x68.jpg 300w, https://sites.pr.sebrae.com.br/wiki/wp-content/uploads/2018/09/produtoexterno_2-450x102.jpg 450w" sizes="(max-width: 516px) 100vw, 516px" /></p>
<p>Com isso você pode selecionar um deles e editar, ou criar um novo.</p>
<p>Para iniciar o cadastro, após digitar o nome, é só clicar fora da tela ou aperta o tab no teclado que a tela irá carregar a primeira aba para configuração (<strong>Dados Gerais</strong>).</p>
<p>Nesse momento ele ainda não salvou o novo produto, para isso é necessário preencher as informações necessárias e clicar em <strong>Salvar</strong>.</p>
<p>Nessa tela são configuradas as informações principais, sendo elas:</p>
<p><strong>CATEGORIA</strong> e <strong>MODALIDADE</strong></p>
<p><img loading="lazy" class="alignnone size-full wp-image-621" src="https://sites.pr.sebrae.com.br/wiki/wp-content/uploads/2018/09/produtoexterno_3.jpg" alt="" width="429" height="266" srcset="https://sites.pr.sebrae.com.br/wiki/wp-content/uploads/2018/09/produtoexterno_3.jpg 429w, https://sites.pr.sebrae.com.br/wiki/wp-content/uploads/2018/09/produtoexterno_3-300x186.jpg 300w" sizes="(max-width: 429px) 100vw, 429px" /></p>
<p><strong>MÉTRICAS PARA CONTABILIZAÇÃO NO NACIONAL</strong></p>
<p>Essa parte do cadastro é muito importando, pois se alguma das informações não for preenchida ou feita de forma incorreta as contabilizações desse produto podem ser afetas.</p>
<p><img loading="lazy" class="alignnone size-full wp-image-622" src="https://sites.pr.sebrae.com.br/wiki/wp-content/uploads/2018/09/produtoexterno_4.jpg" alt="" width="526" height="212" srcset="https://sites.pr.sebrae.com.br/wiki/wp-content/uploads/2018/09/produtoexterno_4.jpg 526w, https://sites.pr.sebrae.com.br/wiki/wp-content/uploads/2018/09/produtoexterno_4-300x121.jpg 300w, https://sites.pr.sebrae.com.br/wiki/wp-content/uploads/2018/09/produtoexterno_4-450x181.jpg 450w" sizes="(max-width: 526px) 100vw, 526px" /></p>
<p>As outras informações devem ser preenchidas conforme as necessidades do novo Produto.</p>
<p><img loading="lazy" class="alignnone size-full wp-image-623" src="https://sites.pr.sebrae.com.br/wiki/wp-content/uploads/2018/09/produtoexterno_5.jpg" alt="" width="423" height="607" srcset="https://sites.pr.sebrae.com.br/wiki/wp-content/uploads/2018/09/produtoexterno_5.jpg 423w, https://sites.pr.sebrae.com.br/wiki/wp-content/uploads/2018/09/produtoexterno_5-209x300.jpg 209w" sizes="(max-width: 423px) 100vw, 423px" /></p>
<p>Para seguir basta clicar na aba <strong>Conteúdo</strong>, aqui é configurado todo conteúdo a ser mostrado na Loja, basta selecionar o tipo de informação e local de veiculação, escrever o conteúdo e clicar em <strong>Incluir</strong>.</p>
<p><img loading="lazy" class="alignnone size-full wp-image-624" src="https://sites.pr.sebrae.com.br/wiki/wp-content/uploads/2018/09/produtoexterno_6.jpg" alt="" width="975" height="516" srcset="https://sites.pr.sebrae.com.br/wiki/wp-content/uploads/2018/09/produtoexterno_6.jpg 975w, https://sites.pr.sebrae.com.br/wiki/wp-content/uploads/2018/09/produtoexterno_6-300x159.jpg 300w, https://sites.pr.sebrae.com.br/wiki/wp-content/uploads/2018/09/produtoexterno_6-768x406.jpg 768w, https://sites.pr.sebrae.com.br/wiki/wp-content/uploads/2018/09/produtoexterno_6-710x375.jpg 710w, https://sites.pr.sebrae.com.br/wiki/wp-content/uploads/2018/09/produtoexterno_6-705x373.jpg 705w, https://sites.pr.sebrae.com.br/wiki/wp-content/uploads/2018/09/produtoexterno_6-450x238.jpg 450w" sizes="(max-width: 975px) 100vw, 975px" /></p>
<p>Na aba <strong>Definições Comercias</strong> são definidas todas as opções referentes a venda desse produto, seja na loja ou por interação.</p>
<p>As configurações estão separadas em blocos, sendo eles:</p>
<p><strong>MODALIDADES DE DIVULGAÇÃO</strong><br />
<strong>DIVULGAÇÃO</strong><br />
Nesse bloco é definido se o produto deve ou não aparecer na loja, essa configuração quando alterada não irá refletir nas disponibilizações já criadas.<br />
<img loading="lazy" class="alignnone size-full wp-image-625" src="https://sites.pr.sebrae.com.br/wiki/wp-content/uploads/2018/09/produtoexterno_7.jpg" alt="" width="454" height="57" srcset="https://sites.pr.sebrae.com.br/wiki/wp-content/uploads/2018/09/produtoexterno_7.jpg 454w, https://sites.pr.sebrae.com.br/wiki/wp-content/uploads/2018/09/produtoexterno_7-300x38.jpg 300w, https://sites.pr.sebrae.com.br/wiki/wp-content/uploads/2018/09/produtoexterno_7-450x56.jpg 450w" sizes="(max-width: 454px) 100vw, 454px" /></p>
<p><strong>PRECIFICAÇÃO<br />
</strong>Aqui é definido o valor minimo e máximo que pode ser cobrado na execução desse produto.<br />
<strong>COMISSÃO<br />
</strong>Utilizado para definir o percentual de comissão aplicado na vendas realizadas pelos pontos de atendimento.</p>
<p>Após <strong>SALVAR</strong> o produto já estará liberado para disponibilização.</p>
</div></section>
<div class='av-buildercomment  '></div>
