{"id":519,"date":"2018-09-17T13:46:54","date_gmt":"2018-09-17T16:46:54","guid":{"rendered":"https:\/\/sites.pr.sebrae.com.br\/wiki\/?page_id=519"},"modified":"2020-12-02T13:02:58","modified_gmt":"2020-12-02T16:02:58","slug":"consulta-disp","status":"publish","type":"page","link":"https:\/\/sites.pr.sebrae.com.br\/wiki\/disponibilizacao\/consulta-disp\/","title":{"rendered":"Consulta (Disp)"},"content":{"rendered":"<section class=\"av_textblock_section \"  itemscope=\"itemscope\" itemtype=\"https:\/\/schema.org\/CreativeWork\" ><div class='avia_textblock  '   itemprop=\"text\" ><h3>Consulta de Disponibiliza\u00e7\u00e3o<\/h3>\n<p>Para consultar as disponibiliza\u00e7\u00f5es basta preencher um ou mais filtros na tela de pesquisa, essa busca pode ser feita por:<\/p>\n<p><strong>PRODUTO &#8211; <\/strong><strong>DISPONIBILIZA\u00c7\u00c3O &#8211; <\/strong><strong>RESPONSAVEL PELA DISP &#8211; <\/strong><strong>UNIDADE DISPONIBILIZADORA<\/strong><br \/>\n<strong>PERIODO &#8211; <\/strong><strong>STATUS DA DISP &#8211; <\/strong><strong>LOCAL &#8211; <\/strong><strong>N\u00daMERO DA OS\u00a0<\/strong><\/p>\n<p><img loading=\"lazy\" class=\"alignnone wp-image-1098 size-full\" src=\"https:\/\/sites.pr.sebrae.com.br\/wiki\/wp-content\/uploads\/2020\/12\/consulta_disp-e1606924315694.jpg\" alt=\"\" width=\"977\" height=\"424\" srcset=\"https:\/\/sites.pr.sebrae.com.br\/wiki\/wp-content\/uploads\/2020\/12\/consulta_disp-e1606924315694.jpg 977w, https:\/\/sites.pr.sebrae.com.br\/wiki\/wp-content\/uploads\/2020\/12\/consulta_disp-e1606924315694-300x130.jpg 300w, https:\/\/sites.pr.sebrae.com.br\/wiki\/wp-content\/uploads\/2020\/12\/consulta_disp-e1606924315694-768x333.jpg 768w, https:\/\/sites.pr.sebrae.com.br\/wiki\/wp-content\/uploads\/2020\/12\/consulta_disp-e1606924315694-705x306.jpg 705w, https:\/\/sites.pr.sebrae.com.br\/wiki\/wp-content\/uploads\/2020\/12\/consulta_disp-e1606924315694-450x195.jpg 450w\" sizes=\"(max-width: 977px) 100vw, 977px\" \/><\/p>\n<p>Ap\u00f3s o preenchimento basta clicar em <strong>Pesquisar<\/strong> que o resultado ser\u00e1 mostrado logo na sequ\u00eancia.<\/p>\n<p><img loading=\"lazy\" class=\"alignnone wp-image-1099 size-full\" src=\"https:\/\/sites.pr.sebrae.com.br\/wiki\/wp-content\/uploads\/2020\/12\/resultado_pesquisa.jpg\" alt=\"\" width=\"969\" height=\"417\" srcset=\"https:\/\/sites.pr.sebrae.com.br\/wiki\/wp-content\/uploads\/2020\/12\/resultado_pesquisa.jpg 969w, https:\/\/sites.pr.sebrae.com.br\/wiki\/wp-content\/uploads\/2020\/12\/resultado_pesquisa-300x129.jpg 300w, https:\/\/sites.pr.sebrae.com.br\/wiki\/wp-content\/uploads\/2020\/12\/resultado_pesquisa-768x331.jpg 768w, https:\/\/sites.pr.sebrae.com.br\/wiki\/wp-content\/uploads\/2020\/12\/resultado_pesquisa-705x303.jpg 705w, https:\/\/sites.pr.sebrae.com.br\/wiki\/wp-content\/uploads\/2020\/12\/resultado_pesquisa-450x194.jpg 450w\" sizes=\"(max-width: 969px) 100vw, 969px\" \/><\/p>\n<p>Esse resultado \u00e9 mostrado 10 registros por pagina, podendo ser alterado para at\u00e9 99. Tamb\u00e9m \u00e9 poss\u00edvel ir de uma pagina para outra ou digitar para qual pagina deseja ir.<\/p>\n<p>As disponibiliza\u00e7\u00f5es listadas na busca podem estar nos status abaixo:<\/p>\n<p><em>Vai acontecer<\/em><br \/>\n<em> Est\u00e1 acontecendo<\/em><br \/>\n<em> Cancelada<\/em><br \/>\n<em> Realizada<\/em><br \/>\n<em> Em cadastramento<\/em><br \/>\n<em> Realizada e Encerrada<\/em><\/p>\n<p>Depois de exibido os resultados, \u00e9 poss\u00edvel visualizar as informa\u00e7\u00f5es configuradas na disponibiliza\u00e7\u00e3o ou at\u00e9 mesmo editar essas informa\u00e7\u00f5es. Tudo depende do perfil que o usu\u00e1rio possui e a unidade em que estiver logado.<br \/>\nPor exemplo um usu\u00e1rio logado por Curitiba e com todas as permiss\u00f5es necess\u00e1rias consegue editar as disponibiliza\u00e7\u00f5es de Curitiba.<\/p>\n<p>Para editar ou visualizar basta clicar no l\u00e1pis no fim da linha\u00a0<img loading=\"lazy\" class=\"alignnone size-full wp-image-528\" src=\"https:\/\/sites.pr.sebrae.com.br\/wiki\/wp-content\/uploads\/2018\/09\/Consultadisp_lapis.jpg\" alt=\"\" width=\"19\" height=\"24\" \/>\u00a0que a tela inicial da disp ser\u00e1 mostrada.<\/p>\n<p><img loading=\"lazy\" class=\"alignnone size-full wp-image-524\" src=\"https:\/\/sites.pr.sebrae.com.br\/wiki\/wp-content\/uploads\/2018\/09\/Consultadisp_3.jpg\" alt=\"\" width=\"973\" height=\"586\" srcset=\"https:\/\/sites.pr.sebrae.com.br\/wiki\/wp-content\/uploads\/2018\/09\/Consultadisp_3.jpg 973w, https:\/\/sites.pr.sebrae.com.br\/wiki\/wp-content\/uploads\/2018\/09\/Consultadisp_3-300x181.jpg 300w, https:\/\/sites.pr.sebrae.com.br\/wiki\/wp-content\/uploads\/2018\/09\/Consultadisp_3-768x463.jpg 768w, https:\/\/sites.pr.sebrae.com.br\/wiki\/wp-content\/uploads\/2018\/09\/Consultadisp_3-705x425.jpg 705w, https:\/\/sites.pr.sebrae.com.br\/wiki\/wp-content\/uploads\/2018\/09\/Consultadisp_3-450x271.jpg 450w\" sizes=\"(max-width: 973px) 100vw, 973px\" \/><\/p>\n<p>Quando a disponibiliza\u00e7\u00e3o estiver como <em>realizada e encerrada<\/em> ira aparecer uma op\u00e7\u00e3o para reabrir, ou seja, voltar para o status <em>Realizada<\/em>, que permite novas inscri\u00e7\u00f5es e edi\u00e7\u00e3o dos dados cadastrados.<\/p>\n<p>Ela somente poder\u00e1 ser reaberta se estiver dentro do m\u00eas de refer\u00eancia. Uma disp de fevereiro n\u00e3o poder\u00e1 ser reaberta em agosto. \u00cdcone de reabertura: <img loading=\"lazy\" class=\"alignnone size-full wp-image-525\" src=\"https:\/\/sites.pr.sebrae.com.br\/wiki\/wp-content\/uploads\/2018\/09\/Consultadisp_4.jpg\" alt=\"\" width=\"23\" height=\"24\" \/><\/p>\n<p>Se a disponibiliza\u00e7\u00e3o come\u00e7ou a ser cadastrada e n\u00e3o ser\u00e1 mais necess\u00e1rio prosseguir com o cadastro, ao realizar a busca, as disponibiliza\u00e7\u00f5es que estiverem com o status <em>Em Cadastramento<\/em>, basta clicar no x que ela ser\u00e1 exclu\u00edda.<br \/>\n\u00cdcone de exclus\u00e3o: <img loading=\"lazy\" class=\"alignnone size-full wp-image-526\" src=\"https:\/\/sites.pr.sebrae.com.br\/wiki\/wp-content\/uploads\/2018\/09\/Consultadisp_5.jpg\" alt=\"\" width=\"22\" height=\"21\" \/><\/p>\n<p>Essa busca \u00e9 feita para que outras a\u00e7\u00f5es sejam tomadas dentro da disp, como por exemplo a confirma\u00e7\u00e3o de presen\u00e7as ou a conferencia de participantes.<br \/>\n<em><br \/>\n<\/em><\/p>\n<\/div><\/section>\n<div class='av-buildercomment  '><\/div>\n","protected":false},"excerpt":{"rendered":"","protected":false},"author":2,"featured_media":0,"parent":23,"menu_order":2,"comment_status":"open","ping_status":"open","template":"","meta":[],"_links":{"self":[{"href":"https:\/\/sites.pr.sebrae.com.br\/wiki\/wp-json\/wp\/v2\/pages\/519"}],"collection":[{"href":"https:\/\/sites.pr.sebrae.com.br\/wiki\/wp-json\/wp\/v2\/pages"}],"about":[{"href":"https:\/\/sites.pr.sebrae.com.br\/wiki\/wp-json\/wp\/v2\/types\/page"}],"author":[{"embeddable":true,"href":"https:\/\/sites.pr.sebrae.com.br\/wiki\/wp-json\/wp\/v2\/users\/2"}],"replies":[{"embeddable":true,"href":"https:\/\/sites.pr.sebrae.com.br\/wiki\/wp-json\/wp\/v2\/comments?post=519"}],"version-history":[{"count":9,"href":"https:\/\/sites.pr.sebrae.com.br\/wiki\/wp-json\/wp\/v2\/pages\/519\/revisions"}],"predecessor-version":[{"id":1204,"href":"https:\/\/sites.pr.sebrae.com.br\/wiki\/wp-json\/wp\/v2\/pages\/519\/revisions\/1204"}],"up":[{"embeddable":true,"href":"https:\/\/sites.pr.sebrae.com.br\/wiki\/wp-json\/wp\/v2\/pages\/23"}],"wp:attachment":[{"href":"https:\/\/sites.pr.sebrae.com.br\/wiki\/wp-json\/wp\/v2\/media?parent=519"}],"curies":[{"name":"wp","href":"https:\/\/api.w.org\/{rel}","templated":true}]}}

<section class="av_textblock_section "  itemscope="itemscope" itemtype="https://schema.org/CreativeWork" ><div class='avia_textblock  '   itemprop="text" ><h3>Consulta de Disponibilização</h3>
<p>Para consultar as disponibilizações basta preencher um ou mais filtros na tela de pesquisa, essa busca pode ser feita por:</p>
<p><strong>PRODUTO &#8211; </strong><strong>DISPONIBILIZAÇÃO &#8211; </strong><strong>RESPONSAVEL PELA DISP &#8211; </strong><strong>UNIDADE DISPONIBILIZADORA</strong><br />
<strong>PERIODO &#8211; </strong><strong>STATUS DA DISP &#8211; </strong><strong>LOCAL &#8211; </strong><strong>NÚMERO DA OS </strong></p>
<p><img loading="lazy" class="alignnone wp-image-1098 size-full" src="https://sites.pr.sebrae.com.br/wiki/wp-content/uploads/2020/12/consulta_disp-e1606924315694.jpg" alt="" width="977" height="424" srcset="https://sites.pr.sebrae.com.br/wiki/wp-content/uploads/2020/12/consulta_disp-e1606924315694.jpg 977w, https://sites.pr.sebrae.com.br/wiki/wp-content/uploads/2020/12/consulta_disp-e1606924315694-300x130.jpg 300w, https://sites.pr.sebrae.com.br/wiki/wp-content/uploads/2020/12/consulta_disp-e1606924315694-768x333.jpg 768w, https://sites.pr.sebrae.com.br/wiki/wp-content/uploads/2020/12/consulta_disp-e1606924315694-705x306.jpg 705w, https://sites.pr.sebrae.com.br/wiki/wp-content/uploads/2020/12/consulta_disp-e1606924315694-450x195.jpg 450w" sizes="(max-width: 977px) 100vw, 977px" /></p>
<p>Após o preenchimento basta clicar em <strong>Pesquisar</strong> que o resultado será mostrado logo na sequência.</p>
<p><img loading="lazy" class="alignnone wp-image-1099 size-full" src="https://sites.pr.sebrae.com.br/wiki/wp-content/uploads/2020/12/resultado_pesquisa.jpg" alt="" width="969" height="417" srcset="https://sites.pr.sebrae.com.br/wiki/wp-content/uploads/2020/12/resultado_pesquisa.jpg 969w, https://sites.pr.sebrae.com.br/wiki/wp-content/uploads/2020/12/resultado_pesquisa-300x129.jpg 300w, https://sites.pr.sebrae.com.br/wiki/wp-content/uploads/2020/12/resultado_pesquisa-768x331.jpg 768w, https://sites.pr.sebrae.com.br/wiki/wp-content/uploads/2020/12/resultado_pesquisa-705x303.jpg 705w, https://sites.pr.sebrae.com.br/wiki/wp-content/uploads/2020/12/resultado_pesquisa-450x194.jpg 450w" sizes="(max-width: 969px) 100vw, 969px" /></p>
<p>Esse resultado é mostrado 10 registros por pagina, podendo ser alterado para até 99. Também é possível ir de uma pagina para outra ou digitar para qual pagina deseja ir.</p>
<p>As disponibilizações listadas na busca podem estar nos status abaixo:</p>
<p><em>Vai acontecer</em><br />
<em> Está acontecendo</em><br />
<em> Cancelada</em><br />
<em> Realizada</em><br />
<em> Em cadastramento</em><br />
<em> Realizada e Encerrada</em></p>
<p>Depois de exibido os resultados, é possível visualizar as informações configuradas na disponibilização ou até mesmo editar essas informações. Tudo depende do perfil que o usuário possui e a unidade em que estiver logado.<br />
Por exemplo um usuário logado por Curitiba e com todas as permissões necessárias consegue editar as disponibilizações de Curitiba.</p>
<p>Para editar ou visualizar basta clicar no lápis no fim da linha <img loading="lazy" class="alignnone size-full wp-image-528" src="https://sites.pr.sebrae.com.br/wiki/wp-content/uploads/2018/09/Consultadisp_lapis.jpg" alt="" width="19" height="24" /> que a tela inicial da disp será mostrada.</p>
<p><img loading="lazy" class="alignnone size-full wp-image-524" src="https://sites.pr.sebrae.com.br/wiki/wp-content/uploads/2018/09/Consultadisp_3.jpg" alt="" width="973" height="586" srcset="https://sites.pr.sebrae.com.br/wiki/wp-content/uploads/2018/09/Consultadisp_3.jpg 973w, https://sites.pr.sebrae.com.br/wiki/wp-content/uploads/2018/09/Consultadisp_3-300x181.jpg 300w, https://sites.pr.sebrae.com.br/wiki/wp-content/uploads/2018/09/Consultadisp_3-768x463.jpg 768w, https://sites.pr.sebrae.com.br/wiki/wp-content/uploads/2018/09/Consultadisp_3-705x425.jpg 705w, https://sites.pr.sebrae.com.br/wiki/wp-content/uploads/2018/09/Consultadisp_3-450x271.jpg 450w" sizes="(max-width: 973px) 100vw, 973px" /></p>
<p>Quando a disponibilização estiver como <em>realizada e encerrada</em> ira aparecer uma opção para reabrir, ou seja, voltar para o status <em>Realizada</em>, que permite novas inscrições e edição dos dados cadastrados.</p>
<p>Ela somente poderá ser reaberta se estiver dentro do mês de referência. Uma disp de fevereiro não poderá ser reaberta em agosto. Ícone de reabertura: <img loading="lazy" class="alignnone size-full wp-image-525" src="https://sites.pr.sebrae.com.br/wiki/wp-content/uploads/2018/09/Consultadisp_4.jpg" alt="" width="23" height="24" /></p>
<p>Se a disponibilização começou a ser cadastrada e não será mais necessário prosseguir com o cadastro, ao realizar a busca, as disponibilizações que estiverem com o status <em>Em Cadastramento</em>, basta clicar no x que ela será excluída.<br />
Ícone de exclusão: <img loading="lazy" class="alignnone size-full wp-image-526" src="https://sites.pr.sebrae.com.br/wiki/wp-content/uploads/2018/09/Consultadisp_5.jpg" alt="" width="22" height="21" /></p>
<p>Essa busca é feita para que outras ações sejam tomadas dentro da disp, como por exemplo a confirmação de presenças ou a conferencia de participantes.<br />
<em><br />
</em></p>
</div></section>
<div class='av-buildercomment  '></div>
