{"id":431,"date":"2018-09-17T11:15:38","date_gmt":"2018-09-17T14:15:38","guid":{"rendered":"https:\/\/sites.pr.sebrae.com.br\/wiki\/?page_id=431"},"modified":"2018-11-27T11:04:51","modified_gmt":"2018-11-27T13:04:51","slug":"configuracao","status":"publish","type":"page","link":"https:\/\/sites.pr.sebrae.com.br\/wiki\/campanha\/configuracao\/","title":{"rendered":"Configura\u00e7\u00e3o"},"content":{"rendered":"<section class=\"av_textblock_section \"  itemscope=\"itemscope\" itemtype=\"https:\/\/schema.org\/CreativeWork\" ><div class='avia_textblock  '   itemprop=\"text\" ><h3>Configura\u00e7\u00e3o de Campanha<\/h3>\n<p>Nesse menu \u00e9 poss\u00edvel configurar todas as modalidades de campanha, ela \u00e9 uma ferramenta administrativa, onde podem ser configurados desde os prazos de retorno para o cliente at\u00e9 os Templates de e-mail marketing.<\/p>\n<p><strong>Configura\u00e7\u00e3o de Campanha \u2013 Central de Relacionamento<\/strong><\/p>\n<p>No primeiro bloco \u00e9 poss\u00edvel configurar a Supervis\u00e3o da Central de Atendimento.<br \/>\nA pessoa com permiss\u00e3o de supervisor pode entrar no menu de Gest\u00e3o e definir os atendentes por campanha:<\/p>\n<p><img loading=\"lazy\" class=\"alignnone size-full wp-image-496\" src=\"https:\/\/sites.pr.sebrae.com.br\/wiki\/wp-content\/uploads\/2018\/09\/config_1.jpg\" alt=\"\" width=\"982\" height=\"367\" srcset=\"https:\/\/sites.pr.sebrae.com.br\/wiki\/wp-content\/uploads\/2018\/09\/config_1.jpg 982w, https:\/\/sites.pr.sebrae.com.br\/wiki\/wp-content\/uploads\/2018\/09\/config_1-300x112.jpg 300w, https:\/\/sites.pr.sebrae.com.br\/wiki\/wp-content\/uploads\/2018\/09\/config_1-768x287.jpg 768w, https:\/\/sites.pr.sebrae.com.br\/wiki\/wp-content\/uploads\/2018\/09\/config_1-705x263.jpg 705w, https:\/\/sites.pr.sebrae.com.br\/wiki\/wp-content\/uploads\/2018\/09\/config_1-450x168.jpg 450w\" sizes=\"(max-width: 982px) 100vw, 982px\" \/><\/p>\n<p>Existe tamb\u00e9m a configura\u00e7\u00e3o de periodicidade de liga\u00e7\u00f5es para um cliente, isso influencia na montagem da lista de clientes\/pendencias baseado no p\u00fablico configurado na campanha. Isso quer dizer que clientes que j\u00e1 tenham recebido alguma liga\u00e7\u00e3o nos \u00faltimos 5 dias, por exemplo, com o objetivo venda n\u00e3o receber\u00e3o nova liga\u00e7\u00e3o.<\/p>\n<p><img loading=\"lazy\" class=\"alignnone size-full wp-image-497\" src=\"https:\/\/sites.pr.sebrae.com.br\/wiki\/wp-content\/uploads\/2018\/09\/config_2.jpg\" alt=\"\" width=\"969\" height=\"519\" srcset=\"https:\/\/sites.pr.sebrae.com.br\/wiki\/wp-content\/uploads\/2018\/09\/config_2.jpg 969w, https:\/\/sites.pr.sebrae.com.br\/wiki\/wp-content\/uploads\/2018\/09\/config_2-300x161.jpg 300w, https:\/\/sites.pr.sebrae.com.br\/wiki\/wp-content\/uploads\/2018\/09\/config_2-768x411.jpg 768w, https:\/\/sites.pr.sebrae.com.br\/wiki\/wp-content\/uploads\/2018\/09\/config_2-705x378.jpg 705w, https:\/\/sites.pr.sebrae.com.br\/wiki\/wp-content\/uploads\/2018\/09\/config_2-450x241.jpg 450w\" sizes=\"(max-width: 969px) 100vw, 969px\" \/><\/p>\n<p><strong>Configura\u00e7\u00e3o de Campanha \u2013 E-mail Marketing<\/strong><\/p>\n<p><strong>\u00a0<\/strong>A configura\u00e7\u00e3o de e-mail marketing precisa sempre estar atualizada pois pode interferir diretamente no disparo das campanhas para os clientes, o primeiro campo a ser preenchido \u00e9 o de login e senha no servidor de disparo dos e-mails.<\/p>\n<p>Caso o acesso na base do servidor seja alterado, esse campo precisa ser alterado tamb\u00e9m.<\/p>\n<p><img loading=\"lazy\" class=\"alignnone size-full wp-image-498\" src=\"https:\/\/sites.pr.sebrae.com.br\/wiki\/wp-content\/uploads\/2018\/09\/config_3.jpg\" alt=\"\" width=\"972\" height=\"157\" srcset=\"https:\/\/sites.pr.sebrae.com.br\/wiki\/wp-content\/uploads\/2018\/09\/config_3.jpg 972w, https:\/\/sites.pr.sebrae.com.br\/wiki\/wp-content\/uploads\/2018\/09\/config_3-300x48.jpg 300w, https:\/\/sites.pr.sebrae.com.br\/wiki\/wp-content\/uploads\/2018\/09\/config_3-768x124.jpg 768w, https:\/\/sites.pr.sebrae.com.br\/wiki\/wp-content\/uploads\/2018\/09\/config_3-705x114.jpg 705w, https:\/\/sites.pr.sebrae.com.br\/wiki\/wp-content\/uploads\/2018\/09\/config_3-450x73.jpg 450w\" sizes=\"(max-width: 972px) 100vw, 972px\" \/><\/p>\n<p>As informa\u00e7\u00f5es padr\u00f5es e regras de envio devem ser configuradas da mesma forma que a de ativo, informando o prazo para reenvio de campanhas para o cliente.<\/p>\n<p><img loading=\"lazy\" class=\"alignnone size-full wp-image-499\" src=\"https:\/\/sites.pr.sebrae.com.br\/wiki\/wp-content\/uploads\/2018\/09\/config_4.jpg\" alt=\"\" width=\"971\" height=\"580\" srcset=\"https:\/\/sites.pr.sebrae.com.br\/wiki\/wp-content\/uploads\/2018\/09\/config_4.jpg 971w, https:\/\/sites.pr.sebrae.com.br\/wiki\/wp-content\/uploads\/2018\/09\/config_4-300x179.jpg 300w, https:\/\/sites.pr.sebrae.com.br\/wiki\/wp-content\/uploads\/2018\/09\/config_4-768x459.jpg 768w, https:\/\/sites.pr.sebrae.com.br\/wiki\/wp-content\/uploads\/2018\/09\/config_4-705x421.jpg 705w, https:\/\/sites.pr.sebrae.com.br\/wiki\/wp-content\/uploads\/2018\/09\/config_4-450x269.jpg 450w\" sizes=\"(max-width: 971px) 100vw, 971px\" \/><\/p>\n<p>As configura\u00e7\u00f5es de <strong>SMS<\/strong> e <strong>Correspond\u00eancia<\/strong> s\u00e3o feitas no mesmo padr\u00e3o que a de <strong>Ativo<\/strong> e <strong>E-mail Marketing<\/strong>.<\/p>\n<p>Ao final temos a aba <strong>Templates de Programa\u00e7\u00e3o<\/strong>, nela s\u00e3o configurados os Templates em HTML que podem ser utilizados em campanhas e na configura\u00e7\u00e3o de campanhas de programa\u00e7\u00e3o.<\/p>\n<p>A configura\u00e7\u00e3o \u00e9 simples, basta ter em sua maquina o arquivo HTML gerado pelo Marketing, esse HTML deve conter as Tags conforme padr\u00e3o.<\/p>\n<p>D\u00ea um nome ao arquivo e procure o mesmo em sua m\u00e1quina, ap\u00f3s inserir basta clicar em salvar que o Template estar\u00e1 dispon\u00edvel para ser utilizado.<\/p>\n<p><img loading=\"lazy\" class=\"alignnone size-full wp-image-500\" src=\"https:\/\/sites.pr.sebrae.com.br\/wiki\/wp-content\/uploads\/2018\/09\/config_5.jpg\" alt=\"\" width=\"972\" height=\"320\" srcset=\"https:\/\/sites.pr.sebrae.com.br\/wiki\/wp-content\/uploads\/2018\/09\/config_5.jpg 972w, https:\/\/sites.pr.sebrae.com.br\/wiki\/wp-content\/uploads\/2018\/09\/config_5-300x99.jpg 300w, https:\/\/sites.pr.sebrae.com.br\/wiki\/wp-content\/uploads\/2018\/09\/config_5-768x253.jpg 768w, https:\/\/sites.pr.sebrae.com.br\/wiki\/wp-content\/uploads\/2018\/09\/config_5-705x232.jpg 705w, https:\/\/sites.pr.sebrae.com.br\/wiki\/wp-content\/uploads\/2018\/09\/config_5-450x148.jpg 450w\" sizes=\"(max-width: 972px) 100vw, 972px\" \/><\/p>\n<p>As TAGs podem ser verificadas clicando na op\u00e7\u00e3o \u2018<strong>Verificas TAGs..<\/strong>\u2019, nessa tela vai ser poss\u00edvel verificar as tags padr\u00e3o, um exemplo de utiliza\u00e7\u00e3o no c\u00f3digo do HTML e como ficaria:<\/p>\n<p><img loading=\"lazy\" class=\"alignnone size-full wp-image-501\" src=\"https:\/\/sites.pr.sebrae.com.br\/wiki\/wp-content\/uploads\/2018\/09\/config_6.jpg\" alt=\"\" width=\"903\" height=\"426\" srcset=\"https:\/\/sites.pr.sebrae.com.br\/wiki\/wp-content\/uploads\/2018\/09\/config_6.jpg 903w, https:\/\/sites.pr.sebrae.com.br\/wiki\/wp-content\/uploads\/2018\/09\/config_6-300x142.jpg 300w, https:\/\/sites.pr.sebrae.com.br\/wiki\/wp-content\/uploads\/2018\/09\/config_6-768x362.jpg 768w, https:\/\/sites.pr.sebrae.com.br\/wiki\/wp-content\/uploads\/2018\/09\/config_6-705x333.jpg 705w, https:\/\/sites.pr.sebrae.com.br\/wiki\/wp-content\/uploads\/2018\/09\/config_6-450x212.jpg 450w\" sizes=\"(max-width: 903px) 100vw, 903px\" \/><\/p>\n<p>Abaixo da tela de cadastro devem ser listados todos os arquivos cadastrados at\u00e9 o momento, pra excluir um template \u00e9 necess\u00e1rio que n\u00e3o exista nenhuma campanha configurada pra utilizar a mesma.<\/p>\n<p><img loading=\"lazy\" class=\"alignnone size-full wp-image-502\" src=\"https:\/\/sites.pr.sebrae.com.br\/wiki\/wp-content\/uploads\/2018\/09\/config_7.jpg\" alt=\"\" width=\"972\" height=\"331\" srcset=\"https:\/\/sites.pr.sebrae.com.br\/wiki\/wp-content\/uploads\/2018\/09\/config_7.jpg 972w, https:\/\/sites.pr.sebrae.com.br\/wiki\/wp-content\/uploads\/2018\/09\/config_7-300x102.jpg 300w, https:\/\/sites.pr.sebrae.com.br\/wiki\/wp-content\/uploads\/2018\/09\/config_7-768x262.jpg 768w, https:\/\/sites.pr.sebrae.com.br\/wiki\/wp-content\/uploads\/2018\/09\/config_7-705x240.jpg 705w, https:\/\/sites.pr.sebrae.com.br\/wiki\/wp-content\/uploads\/2018\/09\/config_7-450x153.jpg 450w\" sizes=\"(max-width: 972px) 100vw, 972px\" \/><\/p>\n<\/div><\/section>\n<div class='av-buildercomment  '><\/div>\n","protected":false},"excerpt":{"rendered":"","protected":false},"author":2,"featured_media":0,"parent":28,"menu_order":6,"comment_status":"open","ping_status":"open","template":"","meta":[],"_links":{"self":[{"href":"https:\/\/sites.pr.sebrae.com.br\/wiki\/wp-json\/wp\/v2\/pages\/431"}],"collection":[{"href":"https:\/\/sites.pr.sebrae.com.br\/wiki\/wp-json\/wp\/v2\/pages"}],"about":[{"href":"https:\/\/sites.pr.sebrae.com.br\/wiki\/wp-json\/wp\/v2\/types\/page"}],"author":[{"embeddable":true,"href":"https:\/\/sites.pr.sebrae.com.br\/wiki\/wp-json\/wp\/v2\/users\/2"}],"replies":[{"embeddable":true,"href":"https:\/\/sites.pr.sebrae.com.br\/wiki\/wp-json\/wp\/v2\/comments?post=431"}],"version-history":[{"count":4,"href":"https:\/\/sites.pr.sebrae.com.br\/wiki\/wp-json\/wp\/v2\/pages\/431\/revisions"}],"predecessor-version":[{"id":887,"href":"https:\/\/sites.pr.sebrae.com.br\/wiki\/wp-json\/wp\/v2\/pages\/431\/revisions\/887"}],"up":[{"embeddable":true,"href":"https:\/\/sites.pr.sebrae.com.br\/wiki\/wp-json\/wp\/v2\/pages\/28"}],"wp:attachment":[{"href":"https:\/\/sites.pr.sebrae.com.br\/wiki\/wp-json\/wp\/v2\/media?parent=431"}],"curies":[{"name":"wp","href":"https:\/\/api.w.org\/{rel}","templated":true}]}}

Configuração

<section class="av_textblock_section "  itemscope="itemscope" itemtype="https://schema.org/CreativeWork" ><div class='avia_textblock  '   itemprop="text" ><h3>Configuração de Campanha</h3>
<p>Nesse menu é possível configurar todas as modalidades de campanha, ela é uma ferramenta administrativa, onde podem ser configurados desde os prazos de retorno para o cliente até os Templates de e-mail marketing.</p>
<p><strong>Configuração de Campanha – Central de Relacionamento</strong></p>
<p>No primeiro bloco é possível configurar a Supervisão da Central de Atendimento.<br />
A pessoa com permissão de supervisor pode entrar no menu de Gestão e definir os atendentes por campanha:</p>
<p><img loading="lazy" class="alignnone size-full wp-image-496" src="https://sites.pr.sebrae.com.br/wiki/wp-content/uploads/2018/09/config_1.jpg" alt="" width="982" height="367" srcset="https://sites.pr.sebrae.com.br/wiki/wp-content/uploads/2018/09/config_1.jpg 982w, https://sites.pr.sebrae.com.br/wiki/wp-content/uploads/2018/09/config_1-300x112.jpg 300w, https://sites.pr.sebrae.com.br/wiki/wp-content/uploads/2018/09/config_1-768x287.jpg 768w, https://sites.pr.sebrae.com.br/wiki/wp-content/uploads/2018/09/config_1-705x263.jpg 705w, https://sites.pr.sebrae.com.br/wiki/wp-content/uploads/2018/09/config_1-450x168.jpg 450w" sizes="(max-width: 982px) 100vw, 982px" /></p>
<p>Existe também a configuração de periodicidade de ligações para um cliente, isso influencia na montagem da lista de clientes/pendencias baseado no público configurado na campanha. Isso quer dizer que clientes que já tenham recebido alguma ligação nos últimos 5 dias, por exemplo, com o objetivo venda não receberão nova ligação.</p>
<p><img loading="lazy" class="alignnone size-full wp-image-497" src="https://sites.pr.sebrae.com.br/wiki/wp-content/uploads/2018/09/config_2.jpg" alt="" width="969" height="519" srcset="https://sites.pr.sebrae.com.br/wiki/wp-content/uploads/2018/09/config_2.jpg 969w, https://sites.pr.sebrae.com.br/wiki/wp-content/uploads/2018/09/config_2-300x161.jpg 300w, https://sites.pr.sebrae.com.br/wiki/wp-content/uploads/2018/09/config_2-768x411.jpg 768w, https://sites.pr.sebrae.com.br/wiki/wp-content/uploads/2018/09/config_2-705x378.jpg 705w, https://sites.pr.sebrae.com.br/wiki/wp-content/uploads/2018/09/config_2-450x241.jpg 450w" sizes="(max-width: 969px) 100vw, 969px" /></p>
<p><strong>Configuração de Campanha – E-mail Marketing</strong></p>
<p><strong> </strong>A configuração de e-mail marketing precisa sempre estar atualizada pois pode interferir diretamente no disparo das campanhas para os clientes, o primeiro campo a ser preenchido é o de login e senha no servidor de disparo dos e-mails.</p>
<p>Caso o acesso na base do servidor seja alterado, esse campo precisa ser alterado também.</p>
<p><img loading="lazy" class="alignnone size-full wp-image-498" src="https://sites.pr.sebrae.com.br/wiki/wp-content/uploads/2018/09/config_3.jpg" alt="" width="972" height="157" srcset="https://sites.pr.sebrae.com.br/wiki/wp-content/uploads/2018/09/config_3.jpg 972w, https://sites.pr.sebrae.com.br/wiki/wp-content/uploads/2018/09/config_3-300x48.jpg 300w, https://sites.pr.sebrae.com.br/wiki/wp-content/uploads/2018/09/config_3-768x124.jpg 768w, https://sites.pr.sebrae.com.br/wiki/wp-content/uploads/2018/09/config_3-705x114.jpg 705w, https://sites.pr.sebrae.com.br/wiki/wp-content/uploads/2018/09/config_3-450x73.jpg 450w" sizes="(max-width: 972px) 100vw, 972px" /></p>
<p>As informações padrões e regras de envio devem ser configuradas da mesma forma que a de ativo, informando o prazo para reenvio de campanhas para o cliente.</p>
<p><img loading="lazy" class="alignnone size-full wp-image-499" src="https://sites.pr.sebrae.com.br/wiki/wp-content/uploads/2018/09/config_4.jpg" alt="" width="971" height="580" srcset="https://sites.pr.sebrae.com.br/wiki/wp-content/uploads/2018/09/config_4.jpg 971w, https://sites.pr.sebrae.com.br/wiki/wp-content/uploads/2018/09/config_4-300x179.jpg 300w, https://sites.pr.sebrae.com.br/wiki/wp-content/uploads/2018/09/config_4-768x459.jpg 768w, https://sites.pr.sebrae.com.br/wiki/wp-content/uploads/2018/09/config_4-705x421.jpg 705w, https://sites.pr.sebrae.com.br/wiki/wp-content/uploads/2018/09/config_4-450x269.jpg 450w" sizes="(max-width: 971px) 100vw, 971px" /></p>
<p>As configurações de <strong>SMS</strong> e <strong>Correspondência</strong> são feitas no mesmo padrão que a de <strong>Ativo</strong> e <strong>E-mail Marketing</strong>.</p>
<p>Ao final temos a aba <strong>Templates de Programação</strong>, nela são configurados os Templates em HTML que podem ser utilizados em campanhas e na configuração de campanhas de programação.</p>
<p>A configuração é simples, basta ter em sua maquina o arquivo HTML gerado pelo Marketing, esse HTML deve conter as Tags conforme padrão.</p>
<p>Dê um nome ao arquivo e procure o mesmo em sua máquina, após inserir basta clicar em salvar que o Template estará disponível para ser utilizado.</p>
<p><img loading="lazy" class="alignnone size-full wp-image-500" src="https://sites.pr.sebrae.com.br/wiki/wp-content/uploads/2018/09/config_5.jpg" alt="" width="972" height="320" srcset="https://sites.pr.sebrae.com.br/wiki/wp-content/uploads/2018/09/config_5.jpg 972w, https://sites.pr.sebrae.com.br/wiki/wp-content/uploads/2018/09/config_5-300x99.jpg 300w, https://sites.pr.sebrae.com.br/wiki/wp-content/uploads/2018/09/config_5-768x253.jpg 768w, https://sites.pr.sebrae.com.br/wiki/wp-content/uploads/2018/09/config_5-705x232.jpg 705w, https://sites.pr.sebrae.com.br/wiki/wp-content/uploads/2018/09/config_5-450x148.jpg 450w" sizes="(max-width: 972px) 100vw, 972px" /></p>
<p>As TAGs podem ser verificadas clicando na opção ‘<strong>Verificas TAGs..</strong>’, nessa tela vai ser possível verificar as tags padrão, um exemplo de utilização no código do HTML e como ficaria:</p>
<p><img loading="lazy" class="alignnone size-full wp-image-501" src="https://sites.pr.sebrae.com.br/wiki/wp-content/uploads/2018/09/config_6.jpg" alt="" width="903" height="426" srcset="https://sites.pr.sebrae.com.br/wiki/wp-content/uploads/2018/09/config_6.jpg 903w, https://sites.pr.sebrae.com.br/wiki/wp-content/uploads/2018/09/config_6-300x142.jpg 300w, https://sites.pr.sebrae.com.br/wiki/wp-content/uploads/2018/09/config_6-768x362.jpg 768w, https://sites.pr.sebrae.com.br/wiki/wp-content/uploads/2018/09/config_6-705x333.jpg 705w, https://sites.pr.sebrae.com.br/wiki/wp-content/uploads/2018/09/config_6-450x212.jpg 450w" sizes="(max-width: 903px) 100vw, 903px" /></p>
<p>Abaixo da tela de cadastro devem ser listados todos os arquivos cadastrados até o momento, pra excluir um template é necessário que não exista nenhuma campanha configurada pra utilizar a mesma.</p>
<p><img loading="lazy" class="alignnone size-full wp-image-502" src="https://sites.pr.sebrae.com.br/wiki/wp-content/uploads/2018/09/config_7.jpg" alt="" width="972" height="331" srcset="https://sites.pr.sebrae.com.br/wiki/wp-content/uploads/2018/09/config_7.jpg 972w, https://sites.pr.sebrae.com.br/wiki/wp-content/uploads/2018/09/config_7-300x102.jpg 300w, https://sites.pr.sebrae.com.br/wiki/wp-content/uploads/2018/09/config_7-768x262.jpg 768w, https://sites.pr.sebrae.com.br/wiki/wp-content/uploads/2018/09/config_7-705x240.jpg 705w, https://sites.pr.sebrae.com.br/wiki/wp-content/uploads/2018/09/config_7-450x153.jpg 450w" sizes="(max-width: 972px) 100vw, 972px" /></p>
</div></section>
<div class='av-buildercomment  '></div>
