{"id":422,"date":"2018-09-17T10:58:56","date_gmt":"2018-09-17T13:58:56","guid":{"rendered":"https:\/\/sites.pr.sebrae.com.br\/wiki\/?page_id=422"},"modified":"2018-09-18T15:02:57","modified_gmt":"2018-09-18T18:02:57","slug":"cadastroprog","status":"publish","type":"page","link":"https:\/\/sites.pr.sebrae.com.br\/wiki\/campanha\/cadastroprog\/","title":{"rendered":"Cadastro(Prog)"},"content":{"rendered":"<section class=\"av_textblock_section \"  itemscope=\"itemscope\" itemtype=\"https:\/\/schema.org\/CreativeWork\" ><div class='avia_textblock  '   itemprop=\"text\" ><h3>Cadastro(Prog)<\/h3>\n<p>Esse \u00e9 o cadastro para campanhas Programadas, ou seja, voc\u00ea define quais produtos devem ser divulgados em um e-mail marketing que s\u00e3o envidos em determinados per\u00edodos, que tamb\u00e9m devem ser configurados nesse cadastro.<\/p>\n<p><img loading=\"lazy\" class=\"alignnone size-full wp-image-478\" src=\"https:\/\/sites.pr.sebrae.com.br\/wiki\/wp-content\/uploads\/2018\/09\/prog_1.jpg\" alt=\"\" width=\"968\" height=\"620\" srcset=\"https:\/\/sites.pr.sebrae.com.br\/wiki\/wp-content\/uploads\/2018\/09\/prog_1.jpg 968w, https:\/\/sites.pr.sebrae.com.br\/wiki\/wp-content\/uploads\/2018\/09\/prog_1-300x192.jpg 300w, https:\/\/sites.pr.sebrae.com.br\/wiki\/wp-content\/uploads\/2018\/09\/prog_1-768x492.jpg 768w, https:\/\/sites.pr.sebrae.com.br\/wiki\/wp-content\/uploads\/2018\/09\/prog_1-705x452.jpg 705w, https:\/\/sites.pr.sebrae.com.br\/wiki\/wp-content\/uploads\/2018\/09\/prog_1-450x288.jpg 450w\" sizes=\"(max-width: 968px) 100vw, 968px\" \/><\/p>\n<p>No campo periodicidade deve ser definido em quais per\u00edodos essa campanha deve ser enviada:<\/p>\n<p><img loading=\"lazy\" class=\"alignnone size-full wp-image-479\" src=\"https:\/\/sites.pr.sebrae.com.br\/wiki\/wp-content\/uploads\/2018\/09\/prog_2.jpg\" alt=\"\" width=\"428\" height=\"115\" srcset=\"https:\/\/sites.pr.sebrae.com.br\/wiki\/wp-content\/uploads\/2018\/09\/prog_2.jpg 428w, https:\/\/sites.pr.sebrae.com.br\/wiki\/wp-content\/uploads\/2018\/09\/prog_2-300x81.jpg 300w\" sizes=\"(max-width: 428px) 100vw, 428px\" \/><\/p>\n<p>O Template deve ser escolhido entre os j\u00e1 configurados previamente (acesse essa configura\u00e7\u00e3o clicando <a href=\"https:\/\/sites.pr.sebrae.com.br\/wiki\/campanha\/configuracao\/\"><strong>aqui<\/strong><\/a>).<\/p>\n<p><img loading=\"lazy\" class=\"alignnone size-full wp-image-480\" src=\"https:\/\/sites.pr.sebrae.com.br\/wiki\/wp-content\/uploads\/2018\/09\/prog_3.jpg\" alt=\"\" width=\"426\" height=\"185\" srcset=\"https:\/\/sites.pr.sebrae.com.br\/wiki\/wp-content\/uploads\/2018\/09\/prog_3.jpg 426w, https:\/\/sites.pr.sebrae.com.br\/wiki\/wp-content\/uploads\/2018\/09\/prog_3-300x130.jpg 300w\" sizes=\"(max-width: 426px) 100vw, 426px\" \/><\/p>\n<p>Ap\u00f3s preencher as informa\u00e7\u00f5es conforme a necessidade, \u00e9 s\u00f3 clicar em Salvar e seguir para a tela de defini\u00e7\u00e3o de <strong>P\u00fablico<\/strong>.<\/p>\n<p><img loading=\"lazy\" class=\"alignnone size-full wp-image-481\" src=\"https:\/\/sites.pr.sebrae.com.br\/wiki\/wp-content\/uploads\/2018\/09\/prog_4.jpg\" alt=\"\" width=\"969\" height=\"631\" srcset=\"https:\/\/sites.pr.sebrae.com.br\/wiki\/wp-content\/uploads\/2018\/09\/prog_4.jpg 969w, https:\/\/sites.pr.sebrae.com.br\/wiki\/wp-content\/uploads\/2018\/09\/prog_4-300x195.jpg 300w, https:\/\/sites.pr.sebrae.com.br\/wiki\/wp-content\/uploads\/2018\/09\/prog_4-768x500.jpg 768w, https:\/\/sites.pr.sebrae.com.br\/wiki\/wp-content\/uploads\/2018\/09\/prog_4-705x459.jpg 705w, https:\/\/sites.pr.sebrae.com.br\/wiki\/wp-content\/uploads\/2018\/09\/prog_4-450x293.jpg 450w\" sizes=\"(max-width: 969px) 100vw, 969px\" \/><\/p>\n<p><img loading=\"lazy\" class=\"size-full wp-image-482 aligncenter\" src=\"https:\/\/sites.pr.sebrae.com.br\/wiki\/wp-content\/uploads\/2018\/09\/prog_5.jpg\" alt=\"\" width=\"528\" height=\"158\" srcset=\"https:\/\/sites.pr.sebrae.com.br\/wiki\/wp-content\/uploads\/2018\/09\/prog_5.jpg 528w, https:\/\/sites.pr.sebrae.com.br\/wiki\/wp-content\/uploads\/2018\/09\/prog_5-300x90.jpg 300w, https:\/\/sites.pr.sebrae.com.br\/wiki\/wp-content\/uploads\/2018\/09\/prog_5-450x135.jpg 450w\" sizes=\"(max-width: 528px) 100vw, 528px\" \/><\/p>\n<p>Na aba <strong>P\u00fablico<\/strong>, voc\u00ea define os perfis de cliente que devem receber esse e-mail marketing, basta configurar a op\u00e7\u00e3o desejada e salvar.<\/p>\n<p><img loading=\"lazy\" class=\"alignnone size-full wp-image-483\" src=\"https:\/\/sites.pr.sebrae.com.br\/wiki\/wp-content\/uploads\/2018\/09\/prog_6.jpg\" alt=\"\" width=\"974\" height=\"331\" srcset=\"https:\/\/sites.pr.sebrae.com.br\/wiki\/wp-content\/uploads\/2018\/09\/prog_6.jpg 974w, https:\/\/sites.pr.sebrae.com.br\/wiki\/wp-content\/uploads\/2018\/09\/prog_6-300x102.jpg 300w, https:\/\/sites.pr.sebrae.com.br\/wiki\/wp-content\/uploads\/2018\/09\/prog_6-768x261.jpg 768w, https:\/\/sites.pr.sebrae.com.br\/wiki\/wp-content\/uploads\/2018\/09\/prog_6-705x240.jpg 705w, https:\/\/sites.pr.sebrae.com.br\/wiki\/wp-content\/uploads\/2018\/09\/prog_6-450x153.jpg 450w\" sizes=\"(max-width: 974px) 100vw, 974px\" \/><\/p>\n<p>Para ativar a Programa\u00e7\u00e3o basta alterar o status na barra superior:<\/p>\n<p><img loading=\"lazy\" class=\"alignnone size-full wp-image-484\" src=\"https:\/\/sites.pr.sebrae.com.br\/wiki\/wp-content\/uploads\/2018\/09\/prog_7.jpg\" alt=\"\" width=\"159\" height=\"101\" \/><\/p>\n<p>No per\u00edodo configurado no cadastro, um e-mail marketing ser\u00e1 envido, nele devem constar as disponibiliza\u00e7\u00f5es dos produtos que foram configurados na programa\u00e7\u00e3o:<\/p>\n<p><img loading=\"lazy\" class=\"alignnone size-full wp-image-485\" src=\"https:\/\/sites.pr.sebrae.com.br\/wiki\/wp-content\/uploads\/2018\/09\/prog_8.jpg\" alt=\"\" width=\"610\" height=\"573\" srcset=\"https:\/\/sites.pr.sebrae.com.br\/wiki\/wp-content\/uploads\/2018\/09\/prog_8.jpg 610w, https:\/\/sites.pr.sebrae.com.br\/wiki\/wp-content\/uploads\/2018\/09\/prog_8-300x282.jpg 300w, https:\/\/sites.pr.sebrae.com.br\/wiki\/wp-content\/uploads\/2018\/09\/prog_8-450x423.jpg 450w\" sizes=\"(max-width: 610px) 100vw, 610px\" \/><\/p>\n<\/div><\/section>\n<div class='av-buildercomment  '><\/div>\n","protected":false},"excerpt":{"rendered":"","protected":false},"author":2,"featured_media":0,"parent":28,"menu_order":3,"comment_status":"open","ping_status":"open","template":"","meta":[],"_links":{"self":[{"href":"https:\/\/sites.pr.sebrae.com.br\/wiki\/wp-json\/wp\/v2\/pages\/422"}],"collection":[{"href":"https:\/\/sites.pr.sebrae.com.br\/wiki\/wp-json\/wp\/v2\/pages"}],"about":[{"href":"https:\/\/sites.pr.sebrae.com.br\/wiki\/wp-json\/wp\/v2\/types\/page"}],"author":[{"embeddable":true,"href":"https:\/\/sites.pr.sebrae.com.br\/wiki\/wp-json\/wp\/v2\/users\/2"}],"replies":[{"embeddable":true,"href":"https:\/\/sites.pr.sebrae.com.br\/wiki\/wp-json\/wp\/v2\/comments?post=422"}],"version-history":[{"count":4,"href":"https:\/\/sites.pr.sebrae.com.br\/wiki\/wp-json\/wp\/v2\/pages\/422\/revisions"}],"predecessor-version":[{"id":885,"href":"https:\/\/sites.pr.sebrae.com.br\/wiki\/wp-json\/wp\/v2\/pages\/422\/revisions\/885"}],"up":[{"embeddable":true,"href":"https:\/\/sites.pr.sebrae.com.br\/wiki\/wp-json\/wp\/v2\/pages\/28"}],"wp:attachment":[{"href":"https:\/\/sites.pr.sebrae.com.br\/wiki\/wp-json\/wp\/v2\/media?parent=422"}],"curies":[{"name":"wp","href":"https:\/\/api.w.org\/{rel}","templated":true}]}}

<section class="av_textblock_section "  itemscope="itemscope" itemtype="https://schema.org/CreativeWork" ><div class='avia_textblock  '   itemprop="text" ><h3>Cadastro(Prog)</h3>
<p>Esse é o cadastro para campanhas Programadas, ou seja, você define quais produtos devem ser divulgados em um e-mail marketing que são envidos em determinados períodos, que também devem ser configurados nesse cadastro.</p>
<p><img loading="lazy" class="alignnone size-full wp-image-478" src="https://sites.pr.sebrae.com.br/wiki/wp-content/uploads/2018/09/prog_1.jpg" alt="" width="968" height="620" srcset="https://sites.pr.sebrae.com.br/wiki/wp-content/uploads/2018/09/prog_1.jpg 968w, https://sites.pr.sebrae.com.br/wiki/wp-content/uploads/2018/09/prog_1-300x192.jpg 300w, https://sites.pr.sebrae.com.br/wiki/wp-content/uploads/2018/09/prog_1-768x492.jpg 768w, https://sites.pr.sebrae.com.br/wiki/wp-content/uploads/2018/09/prog_1-705x452.jpg 705w, https://sites.pr.sebrae.com.br/wiki/wp-content/uploads/2018/09/prog_1-450x288.jpg 450w" sizes="(max-width: 968px) 100vw, 968px" /></p>
<p>No campo periodicidade deve ser definido em quais períodos essa campanha deve ser enviada:</p>
<p><img loading="lazy" class="alignnone size-full wp-image-479" src="https://sites.pr.sebrae.com.br/wiki/wp-content/uploads/2018/09/prog_2.jpg" alt="" width="428" height="115" srcset="https://sites.pr.sebrae.com.br/wiki/wp-content/uploads/2018/09/prog_2.jpg 428w, https://sites.pr.sebrae.com.br/wiki/wp-content/uploads/2018/09/prog_2-300x81.jpg 300w" sizes="(max-width: 428px) 100vw, 428px" /></p>
<p>O Template deve ser escolhido entre os já configurados previamente (acesse essa configuração clicando <a href="https://sites.pr.sebrae.com.br/wiki/campanha/configuracao/"><strong>aqui</strong></a>).</p>
<p><img loading="lazy" class="alignnone size-full wp-image-480" src="https://sites.pr.sebrae.com.br/wiki/wp-content/uploads/2018/09/prog_3.jpg" alt="" width="426" height="185" srcset="https://sites.pr.sebrae.com.br/wiki/wp-content/uploads/2018/09/prog_3.jpg 426w, https://sites.pr.sebrae.com.br/wiki/wp-content/uploads/2018/09/prog_3-300x130.jpg 300w" sizes="(max-width: 426px) 100vw, 426px" /></p>
<p>Após preencher as informações conforme a necessidade, é só clicar em Salvar e seguir para a tela de definição de <strong>Público</strong>.</p>
<p><img loading="lazy" class="alignnone size-full wp-image-481" src="https://sites.pr.sebrae.com.br/wiki/wp-content/uploads/2018/09/prog_4.jpg" alt="" width="969" height="631" srcset="https://sites.pr.sebrae.com.br/wiki/wp-content/uploads/2018/09/prog_4.jpg 969w, https://sites.pr.sebrae.com.br/wiki/wp-content/uploads/2018/09/prog_4-300x195.jpg 300w, https://sites.pr.sebrae.com.br/wiki/wp-content/uploads/2018/09/prog_4-768x500.jpg 768w, https://sites.pr.sebrae.com.br/wiki/wp-content/uploads/2018/09/prog_4-705x459.jpg 705w, https://sites.pr.sebrae.com.br/wiki/wp-content/uploads/2018/09/prog_4-450x293.jpg 450w" sizes="(max-width: 969px) 100vw, 969px" /></p>
<p><img loading="lazy" class="size-full wp-image-482 aligncenter" src="https://sites.pr.sebrae.com.br/wiki/wp-content/uploads/2018/09/prog_5.jpg" alt="" width="528" height="158" srcset="https://sites.pr.sebrae.com.br/wiki/wp-content/uploads/2018/09/prog_5.jpg 528w, https://sites.pr.sebrae.com.br/wiki/wp-content/uploads/2018/09/prog_5-300x90.jpg 300w, https://sites.pr.sebrae.com.br/wiki/wp-content/uploads/2018/09/prog_5-450x135.jpg 450w" sizes="(max-width: 528px) 100vw, 528px" /></p>
<p>Na aba <strong>Público</strong>, você define os perfis de cliente que devem receber esse e-mail marketing, basta configurar a opção desejada e salvar.</p>
<p><img loading="lazy" class="alignnone size-full wp-image-483" src="https://sites.pr.sebrae.com.br/wiki/wp-content/uploads/2018/09/prog_6.jpg" alt="" width="974" height="331" srcset="https://sites.pr.sebrae.com.br/wiki/wp-content/uploads/2018/09/prog_6.jpg 974w, https://sites.pr.sebrae.com.br/wiki/wp-content/uploads/2018/09/prog_6-300x102.jpg 300w, https://sites.pr.sebrae.com.br/wiki/wp-content/uploads/2018/09/prog_6-768x261.jpg 768w, https://sites.pr.sebrae.com.br/wiki/wp-content/uploads/2018/09/prog_6-705x240.jpg 705w, https://sites.pr.sebrae.com.br/wiki/wp-content/uploads/2018/09/prog_6-450x153.jpg 450w" sizes="(max-width: 974px) 100vw, 974px" /></p>
<p>Para ativar a Programação basta alterar o status na barra superior:</p>
<p><img loading="lazy" class="alignnone size-full wp-image-484" src="https://sites.pr.sebrae.com.br/wiki/wp-content/uploads/2018/09/prog_7.jpg" alt="" width="159" height="101" /></p>
<p>No período configurado no cadastro, um e-mail marketing será envido, nele devem constar as disponibilizações dos produtos que foram configurados na programação:</p>
<p><img loading="lazy" class="alignnone size-full wp-image-485" src="https://sites.pr.sebrae.com.br/wiki/wp-content/uploads/2018/09/prog_8.jpg" alt="" width="610" height="573" srcset="https://sites.pr.sebrae.com.br/wiki/wp-content/uploads/2018/09/prog_8.jpg 610w, https://sites.pr.sebrae.com.br/wiki/wp-content/uploads/2018/09/prog_8-300x282.jpg 300w, https://sites.pr.sebrae.com.br/wiki/wp-content/uploads/2018/09/prog_8-450x423.jpg 450w" sizes="(max-width: 610px) 100vw, 610px" /></p>
</div></section>
<div class='av-buildercomment  '></div>
