{"id":392,"date":"2018-09-11T14:08:00","date_gmt":"2018-09-11T17:08:00","guid":{"rendered":"https:\/\/sites.pr.sebrae.com.br\/wiki\/?page_id=392"},"modified":"2018-10-08T11:04:21","modified_gmt":"2018-10-08T14:04:21","slug":"recepcao","status":"publish","type":"page","link":"https:\/\/sites.pr.sebrae.com.br\/wiki\/interacao\/recepcao\/","title":{"rendered":"Recep\u00e7\u00e3o(int)"},"content":{"rendered":"<section class=\"av_textblock_section \"  itemscope=\"itemscope\" itemtype=\"https:\/\/schema.org\/CreativeWork\" ><div class='avia_textblock  '   itemprop=\"text\" ><h1>Intera\u00e7\u00e3o<\/h1>\n<h3>RECEP\u00c7\u00c3O(INT)<\/h3>\n<p>Nesse menu os recepcionistas conseguem visualizar a agenda de todos os atendimentos da unidade, a visualiza\u00e7\u00e3o \u00e9 por dia e a cada linha \u00e9 mostrado um Cliente, o Consultor, Hor\u00e1rio do atendimento e o status.<\/p>\n<p><img loading=\"lazy\" class=\"alignnone size-full wp-image-188\" src=\"https:\/\/sites.pr.sebrae.com.br\/wiki\/wp-content\/uploads\/2018\/07\/Recep\u00e7\u00e3oint_1.jpg\" alt=\"\" width=\"975\" height=\"328\" srcset=\"https:\/\/sites.pr.sebrae.com.br\/wiki\/wp-content\/uploads\/2018\/07\/Recep\u00e7\u00e3oint_1.jpg 975w, https:\/\/sites.pr.sebrae.com.br\/wiki\/wp-content\/uploads\/2018\/07\/Recep\u00e7\u00e3oint_1-300x101.jpg 300w, https:\/\/sites.pr.sebrae.com.br\/wiki\/wp-content\/uploads\/2018\/07\/Recep\u00e7\u00e3oint_1-768x258.jpg 768w, https:\/\/sites.pr.sebrae.com.br\/wiki\/wp-content\/uploads\/2018\/07\/Recep\u00e7\u00e3oint_1-705x237.jpg 705w, https:\/\/sites.pr.sebrae.com.br\/wiki\/wp-content\/uploads\/2018\/07\/Recep\u00e7\u00e3oint_1-450x151.jpg 450w\" sizes=\"(max-width: 975px) 100vw, 975px\" \/><\/p>\n<p>Quando um cliente chega para o atendimento o atendente consegue marcar esse cliente como presente, e seu status ir\u00e1 para Aguardando.<br \/>\nAp\u00f3s o atendimento ser finalizado, o cliente sai dessa lista, permanecendo apenas os que n\u00e3o foram atendidos.<\/p>\n<p>\u00c9 poss\u00edvel ainda visualizar o cadastro do cliente, e a intera\u00e7\u00e3o inicial onde foi feita a inscri\u00e7\u00e3o na consultoria.<\/p>\n<\/div><\/section>\n<div class='av-buildercomment  '><\/div>\n","protected":false},"excerpt":{"rendered":"","protected":false},"author":2,"featured_media":0,"parent":54,"menu_order":5,"comment_status":"open","ping_status":"open","template":"","meta":[],"_links":{"self":[{"href":"https:\/\/sites.pr.sebrae.com.br\/wiki\/wp-json\/wp\/v2\/pages\/392"}],"collection":[{"href":"https:\/\/sites.pr.sebrae.com.br\/wiki\/wp-json\/wp\/v2\/pages"}],"about":[{"href":"https:\/\/sites.pr.sebrae.com.br\/wiki\/wp-json\/wp\/v2\/types\/page"}],"author":[{"embeddable":true,"href":"https:\/\/sites.pr.sebrae.com.br\/wiki\/wp-json\/wp\/v2\/users\/2"}],"replies":[{"embeddable":true,"href":"https:\/\/sites.pr.sebrae.com.br\/wiki\/wp-json\/wp\/v2\/comments?post=392"}],"version-history":[{"count":4,"href":"https:\/\/sites.pr.sebrae.com.br\/wiki\/wp-json\/wp\/v2\/pages\/392\/revisions"}],"predecessor-version":[{"id":917,"href":"https:\/\/sites.pr.sebrae.com.br\/wiki\/wp-json\/wp\/v2\/pages\/392\/revisions\/917"}],"up":[{"embeddable":true,"href":"https:\/\/sites.pr.sebrae.com.br\/wiki\/wp-json\/wp\/v2\/pages\/54"}],"wp:attachment":[{"href":"https:\/\/sites.pr.sebrae.com.br\/wiki\/wp-json\/wp\/v2\/media?parent=392"}],"curies":[{"name":"wp","href":"https:\/\/api.w.org\/{rel}","templated":true}]}}

Recepção(int)

<section class="av_textblock_section "  itemscope="itemscope" itemtype="https://schema.org/CreativeWork" ><div class='avia_textblock  '   itemprop="text" ><h1>Interação</h1>
<h3>RECEPÇÃO(INT)</h3>
<p>Nesse menu os recepcionistas conseguem visualizar a agenda de todos os atendimentos da unidade, a visualização é por dia e a cada linha é mostrado um Cliente, o Consultor, Horário do atendimento e o status.</p>
<p><img loading="lazy" class="alignnone size-full wp-image-188" src="https://sites.pr.sebrae.com.br/wiki/wp-content/uploads/2018/07/Recepçãoint_1.jpg" alt="" width="975" height="328" srcset="https://sites.pr.sebrae.com.br/wiki/wp-content/uploads/2018/07/Recepçãoint_1.jpg 975w, https://sites.pr.sebrae.com.br/wiki/wp-content/uploads/2018/07/Recepçãoint_1-300x101.jpg 300w, https://sites.pr.sebrae.com.br/wiki/wp-content/uploads/2018/07/Recepçãoint_1-768x258.jpg 768w, https://sites.pr.sebrae.com.br/wiki/wp-content/uploads/2018/07/Recepçãoint_1-705x237.jpg 705w, https://sites.pr.sebrae.com.br/wiki/wp-content/uploads/2018/07/Recepçãoint_1-450x151.jpg 450w" sizes="(max-width: 975px) 100vw, 975px" /></p>
<p>Quando um cliente chega para o atendimento o atendente consegue marcar esse cliente como presente, e seu status irá para Aguardando.<br />
Após o atendimento ser finalizado, o cliente sai dessa lista, permanecendo apenas os que não foram atendidos.</p>
<p>É possível ainda visualizar o cadastro do cliente, e a interação inicial onde foi feita a inscrição na consultoria.</p>
</div></section>
<div class='av-buildercomment  '></div>
