{"id":28,"date":"2018-07-12T14:08:27","date_gmt":"2018-07-12T17:08:27","guid":{"rendered":"https:\/\/sites.pr.sebrae.com.br\/wiki\/?page_id=28"},"modified":"2022-08-15T15:02:14","modified_gmt":"2022-08-15T18:02:14","slug":"campanha","status":"publish","type":"page","link":"https:\/\/sites.pr.sebrae.com.br\/wiki\/campanha\/","title":{"rendered":"Campanha"},"content":{"rendered":"\n<section class=\"av_textblock_section \"  itemscope=\"itemscope\" itemtype=\"https:\/\/schema.org\/CreativeWork\" ><div class='avia_textblock  '   itemprop=\"text\" ><h1><strong>SMART &#8211; CAMPANHA<\/strong><\/h1>\n<h4>SMART &gt; Campanha<\/h4>\n<h4><img loading=\"lazy\" class=\"alignnone size-full wp-image-407\" src=\"https:\/\/sites.pr.sebrae.com.br\/wiki\/wp-content\/uploads\/2018\/09\/inicial.jpg\" alt=\"\" width=\"915\" height=\"56\" srcset=\"https:\/\/sites.pr.sebrae.com.br\/wiki\/wp-content\/uploads\/2018\/09\/inicial.jpg 915w, https:\/\/sites.pr.sebrae.com.br\/wiki\/wp-content\/uploads\/2018\/09\/inicial-300x18.jpg 300w, https:\/\/sites.pr.sebrae.com.br\/wiki\/wp-content\/uploads\/2018\/09\/inicial-768x47.jpg 768w, https:\/\/sites.pr.sebrae.com.br\/wiki\/wp-content\/uploads\/2018\/09\/inicial-705x43.jpg 705w, https:\/\/sites.pr.sebrae.com.br\/wiki\/wp-content\/uploads\/2018\/09\/inicial-450x28.jpg 450w\" sizes=\"(max-width: 915px) 100vw, 915px\" \/><\/h4>\n<p>Modalidade que realiza todo o\u00a0controle de comunica\u00e7\u00e3o com o cliente, sendo ele no envio de uma e-mail marketing a uma liga\u00e7\u00e3o de pesquisa de satisfa\u00e7\u00e3o.<\/p>\n<p>O controle e configura\u00e7\u00e3o dos atendimentos de Ativo tamb\u00e9m s\u00e3o realizados nesse menu.<\/p>\n<p>Ele \u00e9 separado em alguns sub menus:<\/p>\n<p>\u2022 Campanha &gt; <a href=\"https:\/\/sites.pr.sebrae.com.br\/wiki\/campanha\/cadastro\/\">Cadastro<\/a><br \/>\n\u2022 Campanha &gt; <a href=\"https:\/\/sites.pr.sebrae.com.br\/wiki\/campanha\/consulta\/\">Consulta<\/a><br \/>\n\u2022 Campanha &gt; <a href=\"https:\/\/sites.pr.sebrae.com.br\/wiki\/campanha\/cadastroprog\/\">Cadastro(Prog)<\/a><br \/>\n\u2022 Campanha &gt; <a href=\"https:\/\/sites.pr.sebrae.com.br\/wiki\/campanha\/consultaprog\/\">Consulta(Prog)<\/a><br \/>\n\u2022 Campanha &gt; <a href=\"https:\/\/sites.pr.sebrae.com.br\/wiki\/campanha\/gestao-central-de-relacionamento\/\">Gest\u00e3o Central de Relaci.<\/a><br \/>\n\u2022 Campanha &gt; <a href=\"https:\/\/sites.pr.sebrae.com.br\/wiki\/campanha\/configuracao\/\">Configura\u00e7\u00e3o<\/a><br \/>\n\u2022 Campanha &gt; <a href=\"https:\/\/sites.pr.sebrae.com.br\/wiki\/campanha\/correspondencia\/\">Correspond\u00eancia<\/a><\/p>\n<\/div><\/section>\n<div class='av-buildercomment  '><\/div>\n","protected":false},"excerpt":{"rendered":"","protected":false},"author":1,"featured_media":0,"parent":0,"menu_order":0,"comment_status":"open","ping_status":"closed","template":"","meta":[],"_links":{"self":[{"href":"https:\/\/sites.pr.sebrae.com.br\/wiki\/wp-json\/wp\/v2\/pages\/28"}],"collection":[{"href":"https:\/\/sites.pr.sebrae.com.br\/wiki\/wp-json\/wp\/v2\/pages"}],"about":[{"href":"https:\/\/sites.pr.sebrae.com.br\/wiki\/wp-json\/wp\/v2\/types\/page"}],"author":[{"embeddable":true,"href":"https:\/\/sites.pr.sebrae.com.br\/wiki\/wp-json\/wp\/v2\/users\/1"}],"replies":[{"embeddable":true,"href":"https:\/\/sites.pr.sebrae.com.br\/wiki\/wp-json\/wp\/v2\/comments?post=28"}],"version-history":[{"count":8,"href":"https:\/\/sites.pr.sebrae.com.br\/wiki\/wp-json\/wp\/v2\/pages\/28\/revisions"}],"predecessor-version":[{"id":1338,"href":"https:\/\/sites.pr.sebrae.com.br\/wiki\/wp-json\/wp\/v2\/pages\/28\/revisions\/1338"}],"wp:attachment":[{"href":"https:\/\/sites.pr.sebrae.com.br\/wiki\/wp-json\/wp\/v2\/media?parent=28"}],"curies":[{"name":"wp","href":"https:\/\/api.w.org\/{rel}","templated":true}]}}