{"id":2,"date":"2018-07-12T11:26:11","date_gmt":"2018-07-12T14:26:11","guid":{"rendered":"https:\/\/sites.pr.sebrae.com.br\/wiki\/?page_id=2"},"modified":"2020-11-17T11:05:28","modified_gmt":"2020-11-17T14:05:28","slug":"pagina-inicial","status":"publish","type":"page","link":"https:\/\/sites.pr.sebrae.com.br\/wiki\/","title":{"rendered":"SMART Wiki"},"content":{"rendered":"<section class=\"av_textblock_section \"  itemscope=\"itemscope\" itemtype=\"https:\/\/schema.org\/CreativeWork\" ><div class='avia_textblock  '   itemprop=\"text\" ><table id=\"mp-topbanner\" style=\"height: 74px;\" width=\"664\">\n<tbody>\n<tr>\n<td>\n<h1>Manual do SMART &#8211; SEBRAE\/PR<\/h1>\n<\/td>\n<\/tr>\n<\/tbody>\n<\/table>\n<p><b>SOLICITANDO ACESSO<\/b><\/p>\n<p>Para ter acesso ao SMART ser\u00e1 necess\u00e1rio abrir uma demanda no aplicativo no CSC, basta seguir os seguintes passos:<br \/>\nTecnologia da informa\u00e7\u00e3o &gt; Acessos e Permiss\u00f5es &gt; Tipo: Solicitar acesso &gt; Preencher todos os campos com as informa\u00e7\u00f5es necess\u00e1rias<\/p>\n<p><img loading=\"lazy\" class=\"alignnone size-full wp-image-1041\" src=\"https:\/\/sites.pr.sebrae.com.br\/wiki\/wp-content\/uploads\/2020\/11\/ACESSO_CSC.jpg\" alt=\"\" width=\"982\" height=\"553\" srcset=\"https:\/\/sites.pr.sebrae.com.br\/wiki\/wp-content\/uploads\/2020\/11\/ACESSO_CSC.jpg 982w, https:\/\/sites.pr.sebrae.com.br\/wiki\/wp-content\/uploads\/2020\/11\/ACESSO_CSC-300x169.jpg 300w, https:\/\/sites.pr.sebrae.com.br\/wiki\/wp-content\/uploads\/2020\/11\/ACESSO_CSC-768x432.jpg 768w, https:\/\/sites.pr.sebrae.com.br\/wiki\/wp-content\/uploads\/2020\/11\/ACESSO_CSC-705x397.jpg 705w, https:\/\/sites.pr.sebrae.com.br\/wiki\/wp-content\/uploads\/2020\/11\/ACESSO_CSC-450x253.jpg 450w\" sizes=\"(max-width: 982px) 100vw, 982px\" \/>Existem diversos tipos de permiss\u00e3o para usu\u00e1rios dentro do SMART, dentre eles: Recep\u00e7\u00e3o, Central de Relacionamento, Gestor de Disponibiliza\u00e7\u00e3o, Credenciado, dentre outros.<\/p>\n<p>O acesso ser\u00e1 liberado conforme a unidade e fun\u00e7\u00e3o exercida.<\/p>\n<p><b>TELA PRINCIPAL<\/b><\/p>\n<p>Ao entrar no sistema SMART, a tela inicial \u00e9 apresentada com todos os menus dispon\u00edveis para o usu\u00e1rio. Lembrando que cada usu\u00e1rio ter\u00e1 um tipo de permiss\u00e3o, variando assim a quantia de menus e suas funcionalidades.<\/p>\n<p><img loading=\"lazy\" class=\"alignnone size-full wp-image-192\" src=\"https:\/\/sites.pr.sebrae.com.br\/wiki\/wp-content\/uploads\/2018\/07\/smart_inicio.png\" alt=\"\" width=\"973\" height=\"242\" srcset=\"https:\/\/sites.pr.sebrae.com.br\/wiki\/wp-content\/uploads\/2018\/07\/smart_inicio.png 973w, https:\/\/sites.pr.sebrae.com.br\/wiki\/wp-content\/uploads\/2018\/07\/smart_inicio-300x75.png 300w, https:\/\/sites.pr.sebrae.com.br\/wiki\/wp-content\/uploads\/2018\/07\/smart_inicio-768x191.png 768w, https:\/\/sites.pr.sebrae.com.br\/wiki\/wp-content\/uploads\/2018\/07\/smart_inicio-705x175.png 705w, https:\/\/sites.pr.sebrae.com.br\/wiki\/wp-content\/uploads\/2018\/07\/smart_inicio-450x112.png 450w\" sizes=\"(max-width: 973px) 100vw, 973px\" \/><br \/>\nNo topo da p\u00e1gina \u00e9 poss\u00edvel visualizar a unidade em que se est\u00e1 logado, essa unidade ser\u00e1 sempre a unidade principal configurada no cadastro no usu\u00e1rio.<br \/>\nA unidade pode ser alterada conforme a necessidade, lembrando de deixar selecionada sempre a unidade em que estiver realizando a a\u00e7\u00e3o (cadastro de disp, lan\u00e7amento de intera\u00e7\u00e3o&#8230;). Algumas funcionalidades s\u00e3o liberadas conforme a unidade de acesso, ent\u00e3o, se voc\u00ea tentar realizar uma a\u00e7\u00e3o que normalmente daria certo mas aparecer uma mensagem de falta de permiss\u00e3o, verifique se a unidade de acesso \u00e9 a correta.<\/p>\n<p><img loading=\"lazy\" class=\"alignnone wp-image-193 size-full\" src=\"https:\/\/sites.pr.sebrae.com.br\/wiki\/wp-content\/uploads\/2018\/07\/smart_unidade-e1605621830929.jpg\" alt=\"\" width=\"361\" height=\"81\" srcset=\"https:\/\/sites.pr.sebrae.com.br\/wiki\/wp-content\/uploads\/2018\/07\/smart_unidade-e1605621830929.jpg 361w, https:\/\/sites.pr.sebrae.com.br\/wiki\/wp-content\/uploads\/2018\/07\/smart_unidade-e1605621830929-300x67.jpg 300w\" sizes=\"(max-width: 361px) 100vw, 361px\" \/><\/p>\n<p>Logo abaixo do campo unidade, em vermelho devem aparecer as pend\u00eancias em aberto do usu\u00e1rio, esse funcionalidade pode ser vista no menu <a href=\"https:\/\/sites.pr.sebrae.com.br\/wiki\/interacao\/cadastro-interacao\/interacao-filha-encaminhamento\/\">Intera\u00e7\u00e3o<\/a>.<\/p>\n<p><img loading=\"lazy\" class=\"alignnone size-full wp-image-1042\" src=\"https:\/\/sites.pr.sebrae.com.br\/wiki\/wp-content\/uploads\/2020\/11\/PENDENCIAS.jpg\" alt=\"\" width=\"328\" height=\"95\" srcset=\"https:\/\/sites.pr.sebrae.com.br\/wiki\/wp-content\/uploads\/2020\/11\/PENDENCIAS.jpg 328w, https:\/\/sites.pr.sebrae.com.br\/wiki\/wp-content\/uploads\/2020\/11\/PENDENCIAS-300x87.jpg 300w\" sizes=\"(max-width: 328px) 100vw, 328px\" \/><\/p>\n<\/div><\/section>\n<div class='av-buildercomment  '><div class=\"av-buildercomment-unapproved\"><span>The last comment needs to be approved.<\/span><\/div><\/div>\n","protected":false},"excerpt":{"rendered":"","protected":false},"author":1,"featured_media":0,"parent":0,"menu_order":0,"comment_status":"open","ping_status":"closed","template":"","meta":[],"_links":{"self":[{"href":"https:\/\/sites.pr.sebrae.com.br\/wiki\/wp-json\/wp\/v2\/pages\/2"}],"collection":[{"href":"https:\/\/sites.pr.sebrae.com.br\/wiki\/wp-json\/wp\/v2\/pages"}],"about":[{"href":"https:\/\/sites.pr.sebrae.com.br\/wiki\/wp-json\/wp\/v2\/types\/page"}],"author":[{"embeddable":true,"href":"https:\/\/sites.pr.sebrae.com.br\/wiki\/wp-json\/wp\/v2\/users\/1"}],"replies":[{"embeddable":true,"href":"https:\/\/sites.pr.sebrae.com.br\/wiki\/wp-json\/wp\/v2\/comments?post=2"}],"version-history":[{"count":17,"href":"https:\/\/sites.pr.sebrae.com.br\/wiki\/wp-json\/wp\/v2\/pages\/2\/revisions"}],"predecessor-version":[{"id":1337,"href":"https:\/\/sites.pr.sebrae.com.br\/wiki\/wp-json\/wp\/v2\/pages\/2\/revisions\/1337"}],"wp:attachment":[{"href":"https:\/\/sites.pr.sebrae.com.br\/wiki\/wp-json\/wp\/v2\/media?parent=2"}],"curies":[{"name":"wp","href":"https:\/\/api.w.org\/{rel}","templated":true}]}}

<section class="av_textblock_section "  itemscope="itemscope" itemtype="https://schema.org/CreativeWork" ><div class='avia_textblock  '   itemprop="text" ><table id="mp-topbanner" style="height: 74px;" width="664">
<tbody>
<tr>
<td>
<h1>Manual do SMART &#8211; SEBRAE/PR</h1>
</td>
</tr>
</tbody>
</table>
<p><b>SOLICITANDO ACESSO</b></p>
<p>Para ter acesso ao SMART será necessário abrir uma demanda no aplicativo no CSC, basta seguir os seguintes passos:<br />
Tecnologia da informação &gt; Acessos e Permissões &gt; Tipo: Solicitar acesso &gt; Preencher todos os campos com as informações necessárias</p>
<p><img loading="lazy" class="alignnone size-full wp-image-1041" src="https://sites.pr.sebrae.com.br/wiki/wp-content/uploads/2020/11/ACESSO_CSC.jpg" alt="" width="982" height="553" srcset="https://sites.pr.sebrae.com.br/wiki/wp-content/uploads/2020/11/ACESSO_CSC.jpg 982w, https://sites.pr.sebrae.com.br/wiki/wp-content/uploads/2020/11/ACESSO_CSC-300x169.jpg 300w, https://sites.pr.sebrae.com.br/wiki/wp-content/uploads/2020/11/ACESSO_CSC-768x432.jpg 768w, https://sites.pr.sebrae.com.br/wiki/wp-content/uploads/2020/11/ACESSO_CSC-705x397.jpg 705w, https://sites.pr.sebrae.com.br/wiki/wp-content/uploads/2020/11/ACESSO_CSC-450x253.jpg 450w" sizes="(max-width: 982px) 100vw, 982px" />Existem diversos tipos de permissão para usuários dentro do SMART, dentre eles: Recepção, Central de Relacionamento, Gestor de Disponibilização, Credenciado, dentre outros.</p>
<p>O acesso será liberado conforme a unidade e função exercida.</p>
<p><b>TELA PRINCIPAL</b></p>
<p>Ao entrar no sistema SMART, a tela inicial é apresentada com todos os menus disponíveis para o usuário. Lembrando que cada usuário terá um tipo de permissão, variando assim a quantia de menus e suas funcionalidades.</p>
<p><img loading="lazy" class="alignnone size-full wp-image-192" src="https://sites.pr.sebrae.com.br/wiki/wp-content/uploads/2018/07/smart_inicio.png" alt="" width="973" height="242" srcset="https://sites.pr.sebrae.com.br/wiki/wp-content/uploads/2018/07/smart_inicio.png 973w, https://sites.pr.sebrae.com.br/wiki/wp-content/uploads/2018/07/smart_inicio-300x75.png 300w, https://sites.pr.sebrae.com.br/wiki/wp-content/uploads/2018/07/smart_inicio-768x191.png 768w, https://sites.pr.sebrae.com.br/wiki/wp-content/uploads/2018/07/smart_inicio-705x175.png 705w, https://sites.pr.sebrae.com.br/wiki/wp-content/uploads/2018/07/smart_inicio-450x112.png 450w" sizes="(max-width: 973px) 100vw, 973px" /><br />
No topo da página é possível visualizar a unidade em que se está logado, essa unidade será sempre a unidade principal configurada no cadastro no usuário.<br />
A unidade pode ser alterada conforme a necessidade, lembrando de deixar selecionada sempre a unidade em que estiver realizando a ação (cadastro de disp, lançamento de interação&#8230;). Algumas funcionalidades são liberadas conforme a unidade de acesso, então, se você tentar realizar uma ação que normalmente daria certo mas aparecer uma mensagem de falta de permissão, verifique se a unidade de acesso é a correta.</p>
<p><img loading="lazy" class="alignnone wp-image-193 size-full" src="https://sites.pr.sebrae.com.br/wiki/wp-content/uploads/2018/07/smart_unidade-e1605621830929.jpg" alt="" width="361" height="81" srcset="https://sites.pr.sebrae.com.br/wiki/wp-content/uploads/2018/07/smart_unidade-e1605621830929.jpg 361w, https://sites.pr.sebrae.com.br/wiki/wp-content/uploads/2018/07/smart_unidade-e1605621830929-300x67.jpg 300w" sizes="(max-width: 361px) 100vw, 361px" /></p>
<p>Logo abaixo do campo unidade, em vermelho devem aparecer as pendências em aberto do usuário, esse funcionalidade pode ser vista no menu <a href="https://sites.pr.sebrae.com.br/wiki/interacao/cadastro-interacao/interacao-filha-encaminhamento/">Interação</a>.</p>
<p><img loading="lazy" class="alignnone size-full wp-image-1042" src="https://sites.pr.sebrae.com.br/wiki/wp-content/uploads/2020/11/PENDENCIAS.jpg" alt="" width="328" height="95" srcset="https://sites.pr.sebrae.com.br/wiki/wp-content/uploads/2020/11/PENDENCIAS.jpg 328w, https://sites.pr.sebrae.com.br/wiki/wp-content/uploads/2020/11/PENDENCIAS-300x87.jpg 300w" sizes="(max-width: 328px) 100vw, 328px" /></p>
</div></section>
<div class='av-buildercomment  '><div class="av-buildercomment-unapproved"><span>The last comment needs to be approved.</span></div></div>
