{"id":1331,"date":"2022-06-15T14:18:17","date_gmt":"2022-06-15T17:18:17","guid":{"rendered":"https:\/\/sites.pr.sebrae.com.br\/wiki\/?page_id=1331"},"modified":"2022-06-15T14:18:17","modified_gmt":"2022-06-15T17:18:17","slug":"smart-2022","status":"publish","type":"page","link":"https:\/\/sites.pr.sebrae.com.br\/wiki\/capacitacoes\/smart-2022\/","title":{"rendered":"SMART 2022"},"content":{"rendered":"<section class=\"av_textblock_section \"  itemscope=\"itemscope\" itemtype=\"https:\/\/schema.org\/CreativeWork\" ><div class='avia_textblock  '   itemprop=\"text\" ><h2>CAPACITA\u00c7\u00c3O SMART<\/h2>\n<p>Capacita\u00e7\u00e3o Smart | Disponibiliza\u00e7\u00e3o + Melhorias de Compliance<br \/>\n24\/03\/2022<br \/>\n<a href=\"https:\/\/sebraepr.sharepoint.com\/sites\/pr_videos\/Capacitaes\/CAPACITA%c3%87%c3%83O%20SMART%20_%20Disponibiliza%c3%a7%c3%a3o%20+%20melhorias%20de%20compliance%2024.03.22\/CAPACITA%c3%87%c3%83O%20SMART%20_%20Disponibiliza%c3%a7%c3%a3o%20+%20melhorias%20de%20compliance%2024.03.22.mp4?ga=1\" target=\"_blank\" rel=\"noopener\">\u00a0CAPACITA\u00c7\u00c3O SMART _ Disponibiliza\u00e7\u00e3o + melhorias de compliance<\/a><\/p>\n<p>Capacita\u00e7\u00e3o Smart | Intera\u00e7\u00e3o + Melhorias de Compliance<br \/>\n12\/04\/2022<br \/>\n<a href=\"https:\/\/sebraepr.sharepoint.com\/sites\/pr_videos\/Capacitaes\/CAPACITA%c3%87%c3%83O%20SMART%20_%20Intera%c3%a7%c3%a3o%20+%20melhorias%20de%20compliance%2012.04.22\/CAPACITA%c3%87%c3%83O%20SMART%20_%20Intera%c3%a7%c3%a3o%20+%20melhorias%20de%20compliance-20220412_140537-Grava%c3%a7%c3%a3o%20de%20Reuni%c3%a3o.mp4?ga=1\" target=\"_blank\" rel=\"noopener\">\u00a0CAPACITA\u00c7\u00c3O SMART _ Intera\u00e7\u00e3o + melhorias de compliance<\/a><\/p>\n<p>Capacita\u00e7\u00e3o Smart | Wiki, relat\u00f3rios, Smart Calend\u00e1rio e Produto Externo<br \/>\n19\/04\/2022<br \/>\n<a href=\"https:\/\/sebraepr.sharepoint.com\/sites\/pr_videos\/Capacitaes\/CAPACITA%c3%87%c3%83O%20SMART%20_%20Wiki,%20Relat%c3%b3rios,%20Smart%20Calend%c3%a1rio%20e%20Produto%20Externo%2019.04.22\/CAPACITA%c3%87%c3%83O%20SMART%20_%20Wiki,%20Relat%c3%b3rios,%20Smart%20Calend%c3%a1rio%20e%20Produto%20Externo-20220419_140545-Grava%c3%a7%c3%a3o%20de%20Reuni%c3%a3o.mp4?ga=1\" target=\"_blank\" rel=\"noopener\">\u00a0CAPACITA\u00c7\u00c3O SMART _ Wiki, Relat\u00f3rios, Smart Calend\u00e1rio e Produto Externo<\/a><\/p>\n<p>Capacita\u00e7\u00e3o Smart | Smartforms<br \/>\n03\/05\/2022<br \/>\n<a href=\"https:\/\/sebraepr.sharepoint.com\/sites\/pr_videos\/Capacitaes\/CAPACITA%c3%87%c3%83O%20SMART%20_%20Smartforms%2003.05.2022\/CAPACITA%c3%87%c3%83O%20SMART%20_%20Smartforms%2003.05.2022.mp4?ga=1\" target=\"_blank\" rel=\"noopener\">\u00a0CAPACITA\u00c7\u00c3O SMART _ Smartforms<\/a><\/p>\n<p>Capacita\u00e7\u00e3o Smart | Pacotes e SebraePay<br \/>\n10\/05\/2022<br \/>\n<a href=\"https:\/\/sebraepr.sharepoint.com\/sites\/pr_videos\/Capacitaes\/CAPACITA%c3%87%c3%83O%20SMART%20_%20Pacotes%20e%20Sebraepay%2010.05.2022\/CAPACITA%c3%87%c3%83O%20SMART%20_%20Pacotes%20e%20Sebraepay%2010.05.2022.mp4?ga=1\" target=\"_blank\" rel=\"noopener\">\u00a0CAPACITA\u00c7\u00c3O SMART _ Pacotes e Sebraepay<\/a><\/p>\n<\/div><\/section>\n<div class='av-buildercomment  '><\/div>\n","protected":false},"excerpt":{"rendered":"","protected":false},"author":2,"featured_media":0,"parent":1292,"menu_order":0,"comment_status":"open","ping_status":"closed","template":"","meta":[],"_links":{"self":[{"href":"https:\/\/sites.pr.sebrae.com.br\/wiki\/wp-json\/wp\/v2\/pages\/1331"}],"collection":[{"href":"https:\/\/sites.pr.sebrae.com.br\/wiki\/wp-json\/wp\/v2\/pages"}],"about":[{"href":"https:\/\/sites.pr.sebrae.com.br\/wiki\/wp-json\/wp\/v2\/types\/page"}],"author":[{"embeddable":true,"href":"https:\/\/sites.pr.sebrae.com.br\/wiki\/wp-json\/wp\/v2\/users\/2"}],"replies":[{"embeddable":true,"href":"https:\/\/sites.pr.sebrae.com.br\/wiki\/wp-json\/wp\/v2\/comments?post=1331"}],"version-history":[{"count":2,"href":"https:\/\/sites.pr.sebrae.com.br\/wiki\/wp-json\/wp\/v2\/pages\/1331\/revisions"}],"predecessor-version":[{"id":1333,"href":"https:\/\/sites.pr.sebrae.com.br\/wiki\/wp-json\/wp\/v2\/pages\/1331\/revisions\/1333"}],"up":[{"embeddable":true,"href":"https:\/\/sites.pr.sebrae.com.br\/wiki\/wp-json\/wp\/v2\/pages\/1292"}],"wp:attachment":[{"href":"https:\/\/sites.pr.sebrae.com.br\/wiki\/wp-json\/wp\/v2\/media?parent=1331"}],"curies":[{"name":"wp","href":"https:\/\/api.w.org\/{rel}","templated":true}]}}

<section class="av_textblock_section "  itemscope="itemscope" itemtype="https://schema.org/CreativeWork" ><div class='avia_textblock  '   itemprop="text" ><h2>CAPACITAÇÃO SMART</h2>
<p>Capacitação Smart | Disponibilização + Melhorias de Compliance<br />
24/03/2022<br />
<a href="https://sebraepr.sharepoint.com/sites/pr_videos/Capacitaes/CAPACITA%c3%87%c3%83O%20SMART%20_%20Disponibiliza%c3%a7%c3%a3o%20+%20melhorias%20de%20compliance%2024.03.22/CAPACITA%c3%87%c3%83O%20SMART%20_%20Disponibiliza%c3%a7%c3%a3o%20+%20melhorias%20de%20compliance%2024.03.22.mp4?ga=1" target="_blank" rel="noopener"> CAPACITAÇÃO SMART _ Disponibilização + melhorias de compliance</a></p>
<p>Capacitação Smart | Interação + Melhorias de Compliance<br />
12/04/2022<br />
<a href="https://sebraepr.sharepoint.com/sites/pr_videos/Capacitaes/CAPACITA%c3%87%c3%83O%20SMART%20_%20Intera%c3%a7%c3%a3o%20+%20melhorias%20de%20compliance%2012.04.22/CAPACITA%c3%87%c3%83O%20SMART%20_%20Intera%c3%a7%c3%a3o%20+%20melhorias%20de%20compliance-20220412_140537-Grava%c3%a7%c3%a3o%20de%20Reuni%c3%a3o.mp4?ga=1" target="_blank" rel="noopener"> CAPACITAÇÃO SMART _ Interação + melhorias de compliance</a></p>
<p>Capacitação Smart | Wiki, relatórios, Smart Calendário e Produto Externo<br />
19/04/2022<br />
<a href="https://sebraepr.sharepoint.com/sites/pr_videos/Capacitaes/CAPACITA%c3%87%c3%83O%20SMART%20_%20Wiki,%20Relat%c3%b3rios,%20Smart%20Calend%c3%a1rio%20e%20Produto%20Externo%2019.04.22/CAPACITA%c3%87%c3%83O%20SMART%20_%20Wiki,%20Relat%c3%b3rios,%20Smart%20Calend%c3%a1rio%20e%20Produto%20Externo-20220419_140545-Grava%c3%a7%c3%a3o%20de%20Reuni%c3%a3o.mp4?ga=1" target="_blank" rel="noopener"> CAPACITAÇÃO SMART _ Wiki, Relatórios, Smart Calendário e Produto Externo</a></p>
<p>Capacitação Smart | Smartforms<br />
03/05/2022<br />
<a href="https://sebraepr.sharepoint.com/sites/pr_videos/Capacitaes/CAPACITA%c3%87%c3%83O%20SMART%20_%20Smartforms%2003.05.2022/CAPACITA%c3%87%c3%83O%20SMART%20_%20Smartforms%2003.05.2022.mp4?ga=1" target="_blank" rel="noopener"> CAPACITAÇÃO SMART _ Smartforms</a></p>
<p>Capacitação Smart | Pacotes e SebraePay<br />
10/05/2022<br />
<a href="https://sebraepr.sharepoint.com/sites/pr_videos/Capacitaes/CAPACITA%c3%87%c3%83O%20SMART%20_%20Pacotes%20e%20Sebraepay%2010.05.2022/CAPACITA%c3%87%c3%83O%20SMART%20_%20Pacotes%20e%20Sebraepay%2010.05.2022.mp4?ga=1" target="_blank" rel="noopener"> CAPACITAÇÃO SMART _ Pacotes e Sebraepay</a></p>
</div></section>
<div class='av-buildercomment  '></div>
