{"id":1311,"date":"2022-01-03T13:18:15","date_gmt":"2022-01-03T16:18:15","guid":{"rendered":"https:\/\/sites.pr.sebrae.com.br\/wiki\/?page_id=1311"},"modified":"2022-06-15T14:08:20","modified_gmt":"2022-06-15T17:08:20","slug":"smart-2021","status":"publish","type":"page","link":"https:\/\/sites.pr.sebrae.com.br\/wiki\/capacitacoes\/smart-2021\/","title":{"rendered":"SMART 2021"},"content":{"rendered":"<section class=\"av_textblock_section \"  itemscope=\"itemscope\" itemtype=\"https:\/\/schema.org\/CreativeWork\" ><div class='avia_textblock  '   itemprop=\"text\" ><h2>CAPACITA\u00c7\u00c3O SMART<\/h2>\n<p><a href=\"https:\/\/web.microsoftstream.com\/video\/011dbda4-3ec9-4136-9f88-9910e18ac3da\">CAPACITA\u00c7\u00c3O SMART \u2013 M\u00d3D. 1<\/a><br \/>\n02\/03\/2021<br \/>\nM\u00f3dulo: Cadastros<br \/>\nInstrutor: Walter Muller (UGE)<\/p>\n<p><a href=\"https:\/\/web.microsoftstream.com\/video\/01582fce-76d8-4201-976e-4f57027d3045\">CAPACITA\u00c7\u00c3O SMART &#8211; M\u00d3D.2<\/a><br \/>\n09\/03\/2021<br \/>\nM\u00f3dulo: Intera\u00e7\u00e3o<br \/>\nInstrutor: Pedro Coelho (UAR)<\/p>\n<p><a href=\"https:\/\/web.microsoftstream.com\/video\/1b00029a-3574-4020-be9f-e9c1a3ab77c9\">CAPACITA\u00c7\u00c3O SMART &#8211; M\u00d3D.3<\/a><br \/>\n16\/03\/2021<br \/>\nM\u00f3dulo: Disponibiliza\u00e7\u00e3o<br \/>\nInstrutor: Pedro Coelho (UAR)<\/p>\n<p>CAPACITA\u00c7\u00c3O SMART &#8211; M\u00d3D.4<br \/>\n23\/03\/2021<br \/>\nM\u00f3dulo: Relat\u00f3rios + Wiki<br \/>\nInstrutora:\u00a0 Franciane Ghazal (UTIC)<\/p>\n<p><a href=\"https:\/\/web.microsoftstream.com\/video\/c6a34abd-bb59-4115-b9b2-2c5f8531a730\">CAPACITA\u00c7\u00c3O SMART &#8211; M\u00d3D.5<\/a><br \/>\n30\/03\/2021<br \/>\nM\u00f3dulo: Produtos<br \/>\nInstrutora: Marianne Auwerter (UGIP)<\/p>\n<\/div><\/section>\n<div class='av-buildercomment  '><\/div>\n","protected":false},"excerpt":{"rendered":"","protected":false},"author":2,"featured_media":0,"parent":1292,"menu_order":1,"comment_status":"open","ping_status":"closed","template":"","meta":[],"_links":{"self":[{"href":"https:\/\/sites.pr.sebrae.com.br\/wiki\/wp-json\/wp\/v2\/pages\/1311"}],"collection":[{"href":"https:\/\/sites.pr.sebrae.com.br\/wiki\/wp-json\/wp\/v2\/pages"}],"about":[{"href":"https:\/\/sites.pr.sebrae.com.br\/wiki\/wp-json\/wp\/v2\/types\/page"}],"author":[{"embeddable":true,"href":"https:\/\/sites.pr.sebrae.com.br\/wiki\/wp-json\/wp\/v2\/users\/2"}],"replies":[{"embeddable":true,"href":"https:\/\/sites.pr.sebrae.com.br\/wiki\/wp-json\/wp\/v2\/comments?post=1311"}],"version-history":[{"count":5,"href":"https:\/\/sites.pr.sebrae.com.br\/wiki\/wp-json\/wp\/v2\/pages\/1311\/revisions"}],"predecessor-version":[{"id":1329,"href":"https:\/\/sites.pr.sebrae.com.br\/wiki\/wp-json\/wp\/v2\/pages\/1311\/revisions\/1329"}],"up":[{"embeddable":true,"href":"https:\/\/sites.pr.sebrae.com.br\/wiki\/wp-json\/wp\/v2\/pages\/1292"}],"wp:attachment":[{"href":"https:\/\/sites.pr.sebrae.com.br\/wiki\/wp-json\/wp\/v2\/media?parent=1311"}],"curies":[{"name":"wp","href":"https:\/\/api.w.org\/{rel}","templated":true}]}}

<section class="av_textblock_section "  itemscope="itemscope" itemtype="https://schema.org/CreativeWork" ><div class='avia_textblock  '   itemprop="text" ><h2>CAPACITAÇÃO SMART</h2>
<p><a href="https://web.microsoftstream.com/video/011dbda4-3ec9-4136-9f88-9910e18ac3da">CAPACITAÇÃO SMART – MÓD. 1</a><br />
02/03/2021<br />
Módulo: Cadastros<br />
Instrutor: Walter Muller (UGE)</p>
<p><a href="https://web.microsoftstream.com/video/01582fce-76d8-4201-976e-4f57027d3045">CAPACITAÇÃO SMART &#8211; MÓD.2</a><br />
09/03/2021<br />
Módulo: Interação<br />
Instrutor: Pedro Coelho (UAR)</p>
<p><a href="https://web.microsoftstream.com/video/1b00029a-3574-4020-be9f-e9c1a3ab77c9">CAPACITAÇÃO SMART &#8211; MÓD.3</a><br />
16/03/2021<br />
Módulo: Disponibilização<br />
Instrutor: Pedro Coelho (UAR)</p>
<p>CAPACITAÇÃO SMART &#8211; MÓD.4<br />
23/03/2021<br />
Módulo: Relatórios + Wiki<br />
Instrutora:  Franciane Ghazal (UTIC)</p>
<p><a href="https://web.microsoftstream.com/video/c6a34abd-bb59-4115-b9b2-2c5f8531a730">CAPACITAÇÃO SMART &#8211; MÓD.5</a><br />
30/03/2021<br />
Módulo: Produtos<br />
Instrutora: Marianne Auwerter (UGIP)</p>
</div></section>
<div class='av-buildercomment  '></div>
