{"id":1292,"date":"2021-03-24T11:33:43","date_gmt":"2021-03-24T14:33:43","guid":{"rendered":"https:\/\/sites.pr.sebrae.com.br\/wiki\/?page_id=1292"},"modified":"2022-06-15T14:21:18","modified_gmt":"2022-06-15T17:21:18","slug":"capacitacoes","status":"publish","type":"page","link":"https:\/\/sites.pr.sebrae.com.br\/wiki\/capacitacoes\/","title":{"rendered":"Capacita\u00e7\u00f5es"},"content":{"rendered":"<section class=\"av_textblock_section \"  itemscope=\"itemscope\" itemtype=\"https:\/\/schema.org\/CreativeWork\" ><div class='avia_textblock  '   itemprop=\"text\" ><p>Local destinado as capacita\u00e7\u00f5es realizadas pelo sebraePR referentes ao SMART<br \/>\n(v\u00eddeo &#8211; conhecimento em pauta &#8211; documentos)<\/p>\n<p><strong>SMART<\/strong> &#8211; nessa capacita\u00e7\u00e3o s\u00e3o abordados as principais funcionalidades do sistema: cadastro de cliente, intera\u00e7\u00e3o, disponibiliza\u00e7\u00e3o e produtos.<br \/>\n&#8211;<a href=\"https:\/\/sites.pr.sebrae.com.br\/wiki\/capacitacoes\/smart-2021\/\"> capacita\u00e7\u00f5es 2021<\/a><br \/>\n&#8211; <a href=\"https:\/\/sites.pr.sebrae.com.br\/wiki\/capacitacoes\/smart-2022\/\">capacita\u00e7\u00f5es 2022<\/a><\/p>\n<p><a href=\"https:\/\/sites.pr.sebrae.com.br\/wiki\/capacitacoes\/smart-pacotes\/\"><strong>SMART PACOTES<\/strong> <\/a>&#8211; v\u00eddeos espec\u00edficos referente ao m\u00f3dulo pacotes: o que \u00e9, criando um pacote, venda e consumos.<\/p>\n<\/div><\/section>\n<div class='av-buildercomment  '><\/div>\n","protected":false},"excerpt":{"rendered":"","protected":false},"author":2,"featured_media":0,"parent":0,"menu_order":0,"comment_status":"open","ping_status":"closed","template":"","meta":[],"_links":{"self":[{"href":"https:\/\/sites.pr.sebrae.com.br\/wiki\/wp-json\/wp\/v2\/pages\/1292"}],"collection":[{"href":"https:\/\/sites.pr.sebrae.com.br\/wiki\/wp-json\/wp\/v2\/pages"}],"about":[{"href":"https:\/\/sites.pr.sebrae.com.br\/wiki\/wp-json\/wp\/v2\/types\/page"}],"author":[{"embeddable":true,"href":"https:\/\/sites.pr.sebrae.com.br\/wiki\/wp-json\/wp\/v2\/users\/2"}],"replies":[{"embeddable":true,"href":"https:\/\/sites.pr.sebrae.com.br\/wiki\/wp-json\/wp\/v2\/comments?post=1292"}],"version-history":[{"count":10,"href":"https:\/\/sites.pr.sebrae.com.br\/wiki\/wp-json\/wp\/v2\/pages\/1292\/revisions"}],"predecessor-version":[{"id":1334,"href":"https:\/\/sites.pr.sebrae.com.br\/wiki\/wp-json\/wp\/v2\/pages\/1292\/revisions\/1334"}],"wp:attachment":[{"href":"https:\/\/sites.pr.sebrae.com.br\/wiki\/wp-json\/wp\/v2\/media?parent=1292"}],"curies":[{"name":"wp","href":"https:\/\/api.w.org\/{rel}","templated":true}]}}

Capacitações

<section class="av_textblock_section "  itemscope="itemscope" itemtype="https://schema.org/CreativeWork" ><div class='avia_textblock  '   itemprop="text" ><p>Local destinado as capacitações realizadas pelo sebraePR referentes ao SMART<br />
(vídeo &#8211; conhecimento em pauta &#8211; documentos)</p>
<p><strong>SMART</strong> &#8211; nessa capacitação são abordados as principais funcionalidades do sistema: cadastro de cliente, interação, disponibilização e produtos.<br />
&#8211;<a href="https://sites.pr.sebrae.com.br/wiki/capacitacoes/smart-2021/"> capacitações 2021</a><br />
&#8211; <a href="https://sites.pr.sebrae.com.br/wiki/capacitacoes/smart-2022/">capacitações 2022</a></p>
<p><a href="https://sites.pr.sebrae.com.br/wiki/capacitacoes/smart-pacotes/"><strong>SMART PACOTES</strong> </a>&#8211; vídeos específicos referente ao módulo pacotes: o que é, criando um pacote, venda e consumos.</p>
</div></section>
<div class='av-buildercomment  '></div>
