{"id":1241,"date":"2021-03-22T10:51:27","date_gmt":"2021-03-22T13:51:27","guid":{"rendered":"https:\/\/sites.pr.sebrae.com.br\/wiki\/?page_id=1241"},"modified":"2022-08-23T14:30:23","modified_gmt":"2022-08-23T17:30:23","slug":"consumos","status":"publish","type":"page","link":"https:\/\/sites.pr.sebrae.com.br\/wiki\/produto\/pacotes\/consumos\/","title":{"rendered":"Consumos"},"content":{"rendered":"<section class=\"av_textblock_section \"  itemscope=\"itemscope\" itemtype=\"https:\/\/schema.org\/CreativeWork\" ><div class='avia_textblock  '   itemprop=\"text\" ><p><strong>Manual de consumo de cr\u00e9ditos do Sebrae Pacotes<\/strong><\/p>\n<p>Para realizar o consumo dos cr\u00e9ditos que um cliente possui em algum pacotes \u00e9 necess\u00e1rio primeiro que o colaborador tenha gerado um or\u00e7amento no menu SMART PACOTES.<\/p>\n<p>Para consumos de cr\u00e9ditos em formato de <strong>instrutoria <\/strong>(curso, oficina, semin\u00e1rio ou palestra) \u00e9 necess\u00e1rio a inclus\u00e3o do cliente em uma <strong>disponibiliza\u00e7\u00e3o<\/strong>. Como \u00e9 feito normalmente. Existe a possibilidade de inclus\u00e3o individual ou de um grupo (mais de um cliente ao mesmo tempo). Basta que o grupo esteja criado no sistema \u201cgrupos\u201d.<\/p>\n<p>Para consumos de cr\u00e9ditos em formato de <strong>atendimento <\/strong>(consultoria, orienta\u00e7\u00e3o, coaching, mentoria ou tutoria) \u00e9 necess\u00e1rio realizar o consumo em formato de <strong>intera\u00e7\u00e3o<\/strong>. A intera\u00e7\u00e3o pode acontecer pelo colaborador manualmente (baixa manual) ou pelo prestador de servi\u00e7o credenciado. Se no ato da cria\u00e7\u00e3o da ordem de servi\u00e7o (OS) o colaborador j\u00e1 souber o c\u00f3digo do or\u00e7amento poder\u00e1 incluir essa informa\u00e7\u00e3o no cadastro da OS, que quando o prestador de servi\u00e7o credenciado realizar a baixa da intera\u00e7\u00e3o automaticamente o sistema consumir\u00e1 os cr\u00e9ditos do pacote do cliente selecionado. Caso n\u00e3o seja feito esse vinculo na gera\u00e7\u00e3o da ordem de servi\u00e7o, ser\u00e1 necess\u00e1rio que o colaborador realize a baixa manual.<\/p>\n<p>\u00c9 importante que haja esse controle por parte do colaborador para que o cliente n\u00e3o fique com cr\u00e9ditos al\u00e9m do que ele efetivamente possui.<\/p>\n<p>Abaixo os orienta\u00e7\u00f5es em telas dos consumos. Orientamos que verifiquem os v\u00eddeos orientativos tamb\u00e9m.<\/p>\n<h1>1.Consumo: Inscri\u00e7\u00e3o em Disponibiliza\u00e7\u00e3o individual<\/h1>\n<p>Quando estiver no passo de inclus\u00e3o da compra do cliente no \u201ccarrinho\u201d em vez de selecionar a gera\u00e7\u00e3o de or\u00e7amento em forma de pagamento, dever\u00e1 cliente em \u201cusar cr\u00e9ditos\u201d(figura 1). Na pr\u00f3xima tela aparecer\u00e1 todos os pacotes que o cliente selecionado possui com a modalidade id\u00eantica ao do produto que est\u00e1 sendo utilizado (figura 2). Na sequencia aparecer\u00e1 o consumo realizado com os cr\u00e9ditos (figura 3). Quando encerrar o sistema concluir\u00e1 com a imagem da figura 4 \u2013 compra realizada com sucesso.<\/p>\n<p><img loading=\"lazy\" class=\"alignnone size-full wp-image-1350\" src=\"https:\/\/sites.pr.sebrae.com.br\/wiki\/wp-content\/uploads\/2022\/08\/consumo_1.jpg\" alt=\"\" width=\"664\" height=\"391\" srcset=\"https:\/\/sites.pr.sebrae.com.br\/wiki\/wp-content\/uploads\/2022\/08\/consumo_1.jpg 664w, https:\/\/sites.pr.sebrae.com.br\/wiki\/wp-content\/uploads\/2022\/08\/consumo_1-300x177.jpg 300w, https:\/\/sites.pr.sebrae.com.br\/wiki\/wp-content\/uploads\/2022\/08\/consumo_1-450x265.jpg 450w\" sizes=\"(max-width: 664px) 100vw, 664px\" \/><\/p>\n<p><img loading=\"lazy\" class=\"alignnone size-full wp-image-1351\" src=\"https:\/\/sites.pr.sebrae.com.br\/wiki\/wp-content\/uploads\/2022\/08\/consumo_2.jpg\" alt=\"\" width=\"505\" height=\"181\" srcset=\"https:\/\/sites.pr.sebrae.com.br\/wiki\/wp-content\/uploads\/2022\/08\/consumo_2.jpg 505w, https:\/\/sites.pr.sebrae.com.br\/wiki\/wp-content\/uploads\/2022\/08\/consumo_2-300x108.jpg 300w, https:\/\/sites.pr.sebrae.com.br\/wiki\/wp-content\/uploads\/2022\/08\/consumo_2-450x161.jpg 450w\" sizes=\"(max-width: 505px) 100vw, 505px\" \/><img loading=\"lazy\" class=\"alignnone size-full wp-image-1352\" src=\"https:\/\/sites.pr.sebrae.com.br\/wiki\/wp-content\/uploads\/2022\/08\/consumo_3.jpg\" alt=\"\" width=\"571\" height=\"277\" srcset=\"https:\/\/sites.pr.sebrae.com.br\/wiki\/wp-content\/uploads\/2022\/08\/consumo_3.jpg 571w, https:\/\/sites.pr.sebrae.com.br\/wiki\/wp-content\/uploads\/2022\/08\/consumo_3-300x146.jpg 300w, https:\/\/sites.pr.sebrae.com.br\/wiki\/wp-content\/uploads\/2022\/08\/consumo_3-450x218.jpg 450w\" sizes=\"(max-width: 571px) 100vw, 571px\" \/><\/p>\n<h1>2.Consumo: Inscri\u00e7\u00e3o em Disponibiliza\u00e7\u00e3o Grupo<\/h1>\n<p>Para inserir mais de um cliente em uma disponibiliza\u00e7\u00e3o ser\u00e1 necess\u00e1rio selecionar a op\u00e7\u00e3o \u201cp\u00fablico fechado\u201d na aba p\u00fablico. E ent\u00e3o inserir manualmente os clientes, ou inserir o grupo, como mostra a figura abaixo. Em ambos os casos ser\u00e1 necess\u00e1rio a sele\u00e7\u00e3o do pacote que deseja consumir. Para consumo do grupo, \u00e9 importante ter a certeza que todos os clientes possuem o mesmo pacote. Caso n\u00e3o, o sistema n\u00e3o validar\u00e1 a inclus\u00e3o do cliente.<\/p>\n<p>Orientamos que confira o processo de inscri\u00e7\u00e3o total, validando a lista de presen\u00e7a.<\/p>\n<p><img loading=\"lazy\" class=\"alignnone size-full wp-image-1354\" src=\"https:\/\/sites.pr.sebrae.com.br\/wiki\/wp-content\/uploads\/2022\/08\/consumo_5.png\" alt=\"\" width=\"980\" height=\"427\" srcset=\"https:\/\/sites.pr.sebrae.com.br\/wiki\/wp-content\/uploads\/2022\/08\/consumo_5.png 980w, https:\/\/sites.pr.sebrae.com.br\/wiki\/wp-content\/uploads\/2022\/08\/consumo_5-300x131.png 300w, https:\/\/sites.pr.sebrae.com.br\/wiki\/wp-content\/uploads\/2022\/08\/consumo_5-768x335.png 768w, https:\/\/sites.pr.sebrae.com.br\/wiki\/wp-content\/uploads\/2022\/08\/consumo_5-705x307.png 705w, https:\/\/sites.pr.sebrae.com.br\/wiki\/wp-content\/uploads\/2022\/08\/consumo_5-450x196.png 450w\" sizes=\"(max-width: 980px) 100vw, 980px\" \/><\/p>\n<p>Para as duas op\u00e7\u00f5es que citamos, a inscri\u00e7\u00e3o gera uma reserva nos cr\u00e9ditos do pacote, o consumo efetivo acontecer\u00e1 somente quando a disponibiliza\u00e7\u00e3o for encerrada e finalizada. Quando isso ocorrer, o consumo do cr\u00e9dito ser\u00e1 efetivado, a nota fiscal do cliente ser\u00e1 emitida e a meta f\u00edsica e receita estar\u00e1 liberada no projeto.<\/p>\n<p>Importante: a nota fiscal do servi\u00e7o realizado ser\u00e1 enviada para o e-mail do cliente que est\u00e1 registrado no SMART CLIENTE.<\/p>\n<p><img loading=\"lazy\" class=\"alignnone size-full wp-image-1355\" src=\"https:\/\/sites.pr.sebrae.com.br\/wiki\/wp-content\/uploads\/2022\/08\/consumo_6.jpg\" alt=\"\" width=\"1165\" height=\"536\" srcset=\"https:\/\/sites.pr.sebrae.com.br\/wiki\/wp-content\/uploads\/2022\/08\/consumo_6.jpg 1165w, https:\/\/sites.pr.sebrae.com.br\/wiki\/wp-content\/uploads\/2022\/08\/consumo_6-300x138.jpg 300w, https:\/\/sites.pr.sebrae.com.br\/wiki\/wp-content\/uploads\/2022\/08\/consumo_6-1030x474.jpg 1030w, https:\/\/sites.pr.sebrae.com.br\/wiki\/wp-content\/uploads\/2022\/08\/consumo_6-768x353.jpg 768w, https:\/\/sites.pr.sebrae.com.br\/wiki\/wp-content\/uploads\/2022\/08\/consumo_6-705x324.jpg 705w, https:\/\/sites.pr.sebrae.com.br\/wiki\/wp-content\/uploads\/2022\/08\/consumo_6-450x207.jpg 450w\" sizes=\"(max-width: 1165px) 100vw, 1165px\" \/><\/p>\n<p><img loading=\"lazy\" class=\"alignnone size-full wp-image-1356\" src=\"https:\/\/sites.pr.sebrae.com.br\/wiki\/wp-content\/uploads\/2022\/08\/consumo_7.jpg\" alt=\"\" width=\"512\" height=\"53\" srcset=\"https:\/\/sites.pr.sebrae.com.br\/wiki\/wp-content\/uploads\/2022\/08\/consumo_7.jpg 512w, https:\/\/sites.pr.sebrae.com.br\/wiki\/wp-content\/uploads\/2022\/08\/consumo_7-300x31.jpg 300w, https:\/\/sites.pr.sebrae.com.br\/wiki\/wp-content\/uploads\/2022\/08\/consumo_7-450x47.jpg 450w\" sizes=\"(max-width: 512px) 100vw, 512px\" \/><\/p>\n<h1>3.Baixa manual<\/h1>\n<p>A baixa deve acontecer exclusivamente para as intera\u00e7\u00f5es, e \u00e9 realizado pelo colaborador, que deve inserir no campo de \u201cprotocolo de intera\u00e7\u00e3o\u201d a intera\u00e7\u00e3o do atendimento que j\u00e1 aconteceu e est\u00e1 finalizado. Esse c\u00f3digo pode ser pesquisado em \u201cconsumo da OS\u201d no Portal de Empresas Credenciadas ou no hist\u00f3rico do cliente.<\/p>\n<p>Depois selecionar qual cliente dever\u00e1 ser registrado o consumo do pacote, e ent\u00e3o selecionar o pacote que ter\u00e1 o consumo realizado. Isso se faz necess\u00e1rio pois em alguns casos o pacote est\u00e1 no nome de um s\u00f3cio da empresa, e a intera\u00e7\u00e3o no nome de outro s\u00f3cio.<\/p>\n<p><img loading=\"lazy\" class=\"alignnone size-full wp-image-1357\" src=\"https:\/\/sites.pr.sebrae.com.br\/wiki\/wp-content\/uploads\/2022\/08\/consumo_8.jpg\" alt=\"\" width=\"977\" height=\"295\" srcset=\"https:\/\/sites.pr.sebrae.com.br\/wiki\/wp-content\/uploads\/2022\/08\/consumo_8.jpg 977w, https:\/\/sites.pr.sebrae.com.br\/wiki\/wp-content\/uploads\/2022\/08\/consumo_8-300x91.jpg 300w, https:\/\/sites.pr.sebrae.com.br\/wiki\/wp-content\/uploads\/2022\/08\/consumo_8-768x232.jpg 768w, https:\/\/sites.pr.sebrae.com.br\/wiki\/wp-content\/uploads\/2022\/08\/consumo_8-705x213.jpg 705w, https:\/\/sites.pr.sebrae.com.br\/wiki\/wp-content\/uploads\/2022\/08\/consumo_8-450x136.jpg 450w\" sizes=\"(max-width: 977px) 100vw, 977px\" \/><\/p>\n<p><img loading=\"lazy\" class=\"alignnone size-full wp-image-1358\" src=\"https:\/\/sites.pr.sebrae.com.br\/wiki\/wp-content\/uploads\/2022\/08\/consumo_9.jpg\" alt=\"\" width=\"1181\" height=\"664\" srcset=\"https:\/\/sites.pr.sebrae.com.br\/wiki\/wp-content\/uploads\/2022\/08\/consumo_9.jpg 1181w, https:\/\/sites.pr.sebrae.com.br\/wiki\/wp-content\/uploads\/2022\/08\/consumo_9-300x169.jpg 300w, https:\/\/sites.pr.sebrae.com.br\/wiki\/wp-content\/uploads\/2022\/08\/consumo_9-1030x579.jpg 1030w, https:\/\/sites.pr.sebrae.com.br\/wiki\/wp-content\/uploads\/2022\/08\/consumo_9-768x432.jpg 768w, https:\/\/sites.pr.sebrae.com.br\/wiki\/wp-content\/uploads\/2022\/08\/consumo_9-705x396.jpg 705w, https:\/\/sites.pr.sebrae.com.br\/wiki\/wp-content\/uploads\/2022\/08\/consumo_9-450x253.jpg 450w\" sizes=\"(max-width: 1181px) 100vw, 1181px\" \/><\/p>\n<p>Para confer\u00eancia da baixa nos devidos pacotes, o colaborador deve procurar em SMART PACOTES &gt; VENDAS &gt; BUSCA NO CAMPO DETALHES DE VENDAS.<\/p>\n<p><img loading=\"lazy\" class=\"alignnone size-full wp-image-1359\" src=\"https:\/\/sites.pr.sebrae.com.br\/wiki\/wp-content\/uploads\/2022\/08\/consumo_10.jpg\" alt=\"\" width=\"1181\" height=\"664\" srcset=\"https:\/\/sites.pr.sebrae.com.br\/wiki\/wp-content\/uploads\/2022\/08\/consumo_10.jpg 1181w, https:\/\/sites.pr.sebrae.com.br\/wiki\/wp-content\/uploads\/2022\/08\/consumo_10-300x169.jpg 300w, https:\/\/sites.pr.sebrae.com.br\/wiki\/wp-content\/uploads\/2022\/08\/consumo_10-1030x579.jpg 1030w, https:\/\/sites.pr.sebrae.com.br\/wiki\/wp-content\/uploads\/2022\/08\/consumo_10-768x432.jpg 768w, https:\/\/sites.pr.sebrae.com.br\/wiki\/wp-content\/uploads\/2022\/08\/consumo_10-705x396.jpg 705w, https:\/\/sites.pr.sebrae.com.br\/wiki\/wp-content\/uploads\/2022\/08\/consumo_10-450x253.jpg 450w\" sizes=\"(max-width: 1181px) 100vw, 1181px\" \/><\/p>\n<\/div><\/section>\n<div class='av-buildercomment  '><\/div>\n","protected":false},"excerpt":{"rendered":"","protected":false},"author":2,"featured_media":0,"parent":1210,"menu_order":3,"comment_status":"open","ping_status":"open","template":"","meta":[],"_links":{"self":[{"href":"https:\/\/sites.pr.sebrae.com.br\/wiki\/wp-json\/wp\/v2\/pages\/1241"}],"collection":[{"href":"https:\/\/sites.pr.sebrae.com.br\/wiki\/wp-json\/wp\/v2\/pages"}],"about":[{"href":"https:\/\/sites.pr.sebrae.com.br\/wiki\/wp-json\/wp\/v2\/types\/page"}],"author":[{"embeddable":true,"href":"https:\/\/sites.pr.sebrae.com.br\/wiki\/wp-json\/wp\/v2\/users\/2"}],"replies":[{"embeddable":true,"href":"https:\/\/sites.pr.sebrae.com.br\/wiki\/wp-json\/wp\/v2\/comments?post=1241"}],"version-history":[{"count":5,"href":"https:\/\/sites.pr.sebrae.com.br\/wiki\/wp-json\/wp\/v2\/pages\/1241\/revisions"}],"predecessor-version":[{"id":1348,"href":"https:\/\/sites.pr.sebrae.com.br\/wiki\/wp-json\/wp\/v2\/pages\/1241\/revisions\/1348"}],"up":[{"embeddable":true,"href":"https:\/\/sites.pr.sebrae.com.br\/wiki\/wp-json\/wp\/v2\/pages\/1210"}],"wp:attachment":[{"href":"https:\/\/sites.pr.sebrae.com.br\/wiki\/wp-json\/wp\/v2\/media?parent=1241"}],"curies":[{"name":"wp","href":"https:\/\/api.w.org\/{rel}","templated":true}]}}

<section class="av_textblock_section "  itemscope="itemscope" itemtype="https://schema.org/CreativeWork" ><div class='avia_textblock  '   itemprop="text" ><p><strong>Manual de consumo de créditos do Sebrae Pacotes</strong></p>
<p>Para realizar o consumo dos créditos que um cliente possui em algum pacotes é necessário primeiro que o colaborador tenha gerado um orçamento no menu SMART PACOTES.</p>
<p>Para consumos de créditos em formato de <strong>instrutoria </strong>(curso, oficina, seminário ou palestra) é necessário a inclusão do cliente em uma <strong>disponibilização</strong>. Como é feito normalmente. Existe a possibilidade de inclusão individual ou de um grupo (mais de um cliente ao mesmo tempo). Basta que o grupo esteja criado no sistema “grupos”.</p>
<p>Para consumos de créditos em formato de <strong>atendimento </strong>(consultoria, orientação, coaching, mentoria ou tutoria) é necessário realizar o consumo em formato de <strong>interação</strong>. A interação pode acontecer pelo colaborador manualmente (baixa manual) ou pelo prestador de serviço credenciado. Se no ato da criação da ordem de serviço (OS) o colaborador já souber o código do orçamento poderá incluir essa informação no cadastro da OS, que quando o prestador de serviço credenciado realizar a baixa da interação automaticamente o sistema consumirá os créditos do pacote do cliente selecionado. Caso não seja feito esse vinculo na geração da ordem de serviço, será necessário que o colaborador realize a baixa manual.</p>
<p>É importante que haja esse controle por parte do colaborador para que o cliente não fique com créditos além do que ele efetivamente possui.</p>
<p>Abaixo os orientações em telas dos consumos. Orientamos que verifiquem os vídeos orientativos também.</p>
<h1>1.Consumo: Inscrição em Disponibilização individual</h1>
<p>Quando estiver no passo de inclusão da compra do cliente no “carrinho” em vez de selecionar a geração de orçamento em forma de pagamento, deverá cliente em “usar créditos”(figura 1). Na próxima tela aparecerá todos os pacotes que o cliente selecionado possui com a modalidade idêntica ao do produto que está sendo utilizado (figura 2). Na sequencia aparecerá o consumo realizado com os créditos (figura 3). Quando encerrar o sistema concluirá com a imagem da figura 4 – compra realizada com sucesso.</p>
<p><img loading="lazy" class="alignnone size-full wp-image-1350" src="https://sites.pr.sebrae.com.br/wiki/wp-content/uploads/2022/08/consumo_1.jpg" alt="" width="664" height="391" srcset="https://sites.pr.sebrae.com.br/wiki/wp-content/uploads/2022/08/consumo_1.jpg 664w, https://sites.pr.sebrae.com.br/wiki/wp-content/uploads/2022/08/consumo_1-300x177.jpg 300w, https://sites.pr.sebrae.com.br/wiki/wp-content/uploads/2022/08/consumo_1-450x265.jpg 450w" sizes="(max-width: 664px) 100vw, 664px" /></p>
<p><img loading="lazy" class="alignnone size-full wp-image-1351" src="https://sites.pr.sebrae.com.br/wiki/wp-content/uploads/2022/08/consumo_2.jpg" alt="" width="505" height="181" srcset="https://sites.pr.sebrae.com.br/wiki/wp-content/uploads/2022/08/consumo_2.jpg 505w, https://sites.pr.sebrae.com.br/wiki/wp-content/uploads/2022/08/consumo_2-300x108.jpg 300w, https://sites.pr.sebrae.com.br/wiki/wp-content/uploads/2022/08/consumo_2-450x161.jpg 450w" sizes="(max-width: 505px) 100vw, 505px" /><img loading="lazy" class="alignnone size-full wp-image-1352" src="https://sites.pr.sebrae.com.br/wiki/wp-content/uploads/2022/08/consumo_3.jpg" alt="" width="571" height="277" srcset="https://sites.pr.sebrae.com.br/wiki/wp-content/uploads/2022/08/consumo_3.jpg 571w, https://sites.pr.sebrae.com.br/wiki/wp-content/uploads/2022/08/consumo_3-300x146.jpg 300w, https://sites.pr.sebrae.com.br/wiki/wp-content/uploads/2022/08/consumo_3-450x218.jpg 450w" sizes="(max-width: 571px) 100vw, 571px" /></p>
<h1>2.Consumo: Inscrição em Disponibilização Grupo</h1>
<p>Para inserir mais de um cliente em uma disponibilização será necessário selecionar a opção “público fechado” na aba público. E então inserir manualmente os clientes, ou inserir o grupo, como mostra a figura abaixo. Em ambos os casos será necessário a seleção do pacote que deseja consumir. Para consumo do grupo, é importante ter a certeza que todos os clientes possuem o mesmo pacote. Caso não, o sistema não validará a inclusão do cliente.</p>
<p>Orientamos que confira o processo de inscrição total, validando a lista de presença.</p>
<p><img loading="lazy" class="alignnone size-full wp-image-1354" src="https://sites.pr.sebrae.com.br/wiki/wp-content/uploads/2022/08/consumo_5.png" alt="" width="980" height="427" srcset="https://sites.pr.sebrae.com.br/wiki/wp-content/uploads/2022/08/consumo_5.png 980w, https://sites.pr.sebrae.com.br/wiki/wp-content/uploads/2022/08/consumo_5-300x131.png 300w, https://sites.pr.sebrae.com.br/wiki/wp-content/uploads/2022/08/consumo_5-768x335.png 768w, https://sites.pr.sebrae.com.br/wiki/wp-content/uploads/2022/08/consumo_5-705x307.png 705w, https://sites.pr.sebrae.com.br/wiki/wp-content/uploads/2022/08/consumo_5-450x196.png 450w" sizes="(max-width: 980px) 100vw, 980px" /></p>
<p>Para as duas opções que citamos, a inscrição gera uma reserva nos créditos do pacote, o consumo efetivo acontecerá somente quando a disponibilização for encerrada e finalizada. Quando isso ocorrer, o consumo do crédito será efetivado, a nota fiscal do cliente será emitida e a meta física e receita estará liberada no projeto.</p>
<p>Importante: a nota fiscal do serviço realizado será enviada para o e-mail do cliente que está registrado no SMART CLIENTE.</p>
<p><img loading="lazy" class="alignnone size-full wp-image-1355" src="https://sites.pr.sebrae.com.br/wiki/wp-content/uploads/2022/08/consumo_6.jpg" alt="" width="1165" height="536" srcset="https://sites.pr.sebrae.com.br/wiki/wp-content/uploads/2022/08/consumo_6.jpg 1165w, https://sites.pr.sebrae.com.br/wiki/wp-content/uploads/2022/08/consumo_6-300x138.jpg 300w, https://sites.pr.sebrae.com.br/wiki/wp-content/uploads/2022/08/consumo_6-1030x474.jpg 1030w, https://sites.pr.sebrae.com.br/wiki/wp-content/uploads/2022/08/consumo_6-768x353.jpg 768w, https://sites.pr.sebrae.com.br/wiki/wp-content/uploads/2022/08/consumo_6-705x324.jpg 705w, https://sites.pr.sebrae.com.br/wiki/wp-content/uploads/2022/08/consumo_6-450x207.jpg 450w" sizes="(max-width: 1165px) 100vw, 1165px" /></p>
<p><img loading="lazy" class="alignnone size-full wp-image-1356" src="https://sites.pr.sebrae.com.br/wiki/wp-content/uploads/2022/08/consumo_7.jpg" alt="" width="512" height="53" srcset="https://sites.pr.sebrae.com.br/wiki/wp-content/uploads/2022/08/consumo_7.jpg 512w, https://sites.pr.sebrae.com.br/wiki/wp-content/uploads/2022/08/consumo_7-300x31.jpg 300w, https://sites.pr.sebrae.com.br/wiki/wp-content/uploads/2022/08/consumo_7-450x47.jpg 450w" sizes="(max-width: 512px) 100vw, 512px" /></p>
<h1>3.Baixa manual</h1>
<p>A baixa deve acontecer exclusivamente para as interações, e é realizado pelo colaborador, que deve inserir no campo de “protocolo de interação” a interação do atendimento que já aconteceu e está finalizado. Esse código pode ser pesquisado em “consumo da OS” no Portal de Empresas Credenciadas ou no histórico do cliente.</p>
<p>Depois selecionar qual cliente deverá ser registrado o consumo do pacote, e então selecionar o pacote que terá o consumo realizado. Isso se faz necessário pois em alguns casos o pacote está no nome de um sócio da empresa, e a interação no nome de outro sócio.</p>
<p><img loading="lazy" class="alignnone size-full wp-image-1357" src="https://sites.pr.sebrae.com.br/wiki/wp-content/uploads/2022/08/consumo_8.jpg" alt="" width="977" height="295" srcset="https://sites.pr.sebrae.com.br/wiki/wp-content/uploads/2022/08/consumo_8.jpg 977w, https://sites.pr.sebrae.com.br/wiki/wp-content/uploads/2022/08/consumo_8-300x91.jpg 300w, https://sites.pr.sebrae.com.br/wiki/wp-content/uploads/2022/08/consumo_8-768x232.jpg 768w, https://sites.pr.sebrae.com.br/wiki/wp-content/uploads/2022/08/consumo_8-705x213.jpg 705w, https://sites.pr.sebrae.com.br/wiki/wp-content/uploads/2022/08/consumo_8-450x136.jpg 450w" sizes="(max-width: 977px) 100vw, 977px" /></p>
<p><img loading="lazy" class="alignnone size-full wp-image-1358" src="https://sites.pr.sebrae.com.br/wiki/wp-content/uploads/2022/08/consumo_9.jpg" alt="" width="1181" height="664" srcset="https://sites.pr.sebrae.com.br/wiki/wp-content/uploads/2022/08/consumo_9.jpg 1181w, https://sites.pr.sebrae.com.br/wiki/wp-content/uploads/2022/08/consumo_9-300x169.jpg 300w, https://sites.pr.sebrae.com.br/wiki/wp-content/uploads/2022/08/consumo_9-1030x579.jpg 1030w, https://sites.pr.sebrae.com.br/wiki/wp-content/uploads/2022/08/consumo_9-768x432.jpg 768w, https://sites.pr.sebrae.com.br/wiki/wp-content/uploads/2022/08/consumo_9-705x396.jpg 705w, https://sites.pr.sebrae.com.br/wiki/wp-content/uploads/2022/08/consumo_9-450x253.jpg 450w" sizes="(max-width: 1181px) 100vw, 1181px" /></p>
<p>Para conferência da baixa nos devidos pacotes, o colaborador deve procurar em SMART PACOTES &gt; VENDAS &gt; BUSCA NO CAMPO DETALHES DE VENDAS.</p>
<p><img loading="lazy" class="alignnone size-full wp-image-1359" src="https://sites.pr.sebrae.com.br/wiki/wp-content/uploads/2022/08/consumo_10.jpg" alt="" width="1181" height="664" srcset="https://sites.pr.sebrae.com.br/wiki/wp-content/uploads/2022/08/consumo_10.jpg 1181w, https://sites.pr.sebrae.com.br/wiki/wp-content/uploads/2022/08/consumo_10-300x169.jpg 300w, https://sites.pr.sebrae.com.br/wiki/wp-content/uploads/2022/08/consumo_10-1030x579.jpg 1030w, https://sites.pr.sebrae.com.br/wiki/wp-content/uploads/2022/08/consumo_10-768x432.jpg 768w, https://sites.pr.sebrae.com.br/wiki/wp-content/uploads/2022/08/consumo_10-705x396.jpg 705w, https://sites.pr.sebrae.com.br/wiki/wp-content/uploads/2022/08/consumo_10-450x253.jpg 450w" sizes="(max-width: 1181px) 100vw, 1181px" /></p>
</div></section>
<div class='av-buildercomment  '></div>
