{"id":1238,"date":"2021-03-22T10:44:41","date_gmt":"2021-03-22T13:44:41","guid":{"rendered":"https:\/\/sites.pr.sebrae.com.br\/wiki\/?page_id=1238"},"modified":"2022-08-23T14:45:34","modified_gmt":"2022-08-23T17:45:34","slug":"vendas","status":"publish","type":"page","link":"https:\/\/sites.pr.sebrae.com.br\/wiki\/produto\/pacotes\/vendas\/","title":{"rendered":"Vendas"},"content":{"rendered":"<section class=\"av_textblock_section \"  itemscope=\"itemscope\" itemtype=\"https:\/\/schema.org\/CreativeWork\" ><div class='avia_textblock  '   itemprop=\"text\" ><h3>Acompanhar vendas<\/h3>\n<p>Atrav\u00e9s do menu Vendas \u00e9 poss\u00edvel consultar a execu\u00e7\u00e3o real da venda (gera\u00e7\u00e3o do or\u00e7amento) e a consulta de todas as vendas executadas atrav\u00e9s dos filtros de pesquisa.<\/p>\n<p>Os filtros de busca podem ser realizados atrav\u00e9s do n\u00famero do or\u00e7amento, status, centro de custos, CPF do cliente, nome do cliente, per\u00edodo da venda e validade, CNPJ, raz\u00e3o social e nome ou n\u00famero do pacote.<\/p>\n<p><strong>!<\/strong> \u00c9 necess\u00e1rio preencher ao menos um filtro para realizar a pesquisa.<\/p>\n<p><img loading=\"lazy\" class=\"alignnone size-full wp-image-1217\" src=\"https:\/\/sites.pr.sebrae.com.br\/wiki\/wp-content\/uploads\/2021\/03\/Pacotes6.png\" alt=\"\" width=\"1122\" height=\"459\" srcset=\"https:\/\/sites.pr.sebrae.com.br\/wiki\/wp-content\/uploads\/2021\/03\/Pacotes6.png 1122w, https:\/\/sites.pr.sebrae.com.br\/wiki\/wp-content\/uploads\/2021\/03\/Pacotes6-300x123.png 300w, https:\/\/sites.pr.sebrae.com.br\/wiki\/wp-content\/uploads\/2021\/03\/Pacotes6-1030x421.png 1030w, https:\/\/sites.pr.sebrae.com.br\/wiki\/wp-content\/uploads\/2021\/03\/Pacotes6-768x314.png 768w, https:\/\/sites.pr.sebrae.com.br\/wiki\/wp-content\/uploads\/2021\/03\/Pacotes6-705x288.png 705w, https:\/\/sites.pr.sebrae.com.br\/wiki\/wp-content\/uploads\/2021\/03\/Pacotes6-450x184.png 450w\" sizes=\"(max-width: 1122px) 100vw, 1122px\" \/><\/p>\n<p>Ao clicar em pesquisar, ser\u00e3o exibidas as vendas conforme o filtro realizado, e ao clicar no \u00edcone lupa, \u00e9 exibido os detalhes da venda.<\/p>\n<p><img loading=\"lazy\" class=\"alignnone size-full wp-image-1218\" src=\"https:\/\/sites.pr.sebrae.com.br\/wiki\/wp-content\/uploads\/2021\/03\/Pacotes7.png\" alt=\"\" width=\"974\" height=\"232\" srcset=\"https:\/\/sites.pr.sebrae.com.br\/wiki\/wp-content\/uploads\/2021\/03\/Pacotes7.png 974w, https:\/\/sites.pr.sebrae.com.br\/wiki\/wp-content\/uploads\/2021\/03\/Pacotes7-300x71.png 300w, https:\/\/sites.pr.sebrae.com.br\/wiki\/wp-content\/uploads\/2021\/03\/Pacotes7-768x183.png 768w, https:\/\/sites.pr.sebrae.com.br\/wiki\/wp-content\/uploads\/2021\/03\/Pacotes7-705x168.png 705w, https:\/\/sites.pr.sebrae.com.br\/wiki\/wp-content\/uploads\/2021\/03\/Pacotes7-450x107.png 450w\" sizes=\"(max-width: 974px) 100vw, 974px\" \/><\/p>\n<p><img loading=\"lazy\" class=\"alignnone size-full wp-image-1219\" src=\"https:\/\/sites.pr.sebrae.com.br\/wiki\/wp-content\/uploads\/2021\/03\/Pacotes8.png\" alt=\"\" width=\"982\" height=\"484\" srcset=\"https:\/\/sites.pr.sebrae.com.br\/wiki\/wp-content\/uploads\/2021\/03\/Pacotes8.png 982w, https:\/\/sites.pr.sebrae.com.br\/wiki\/wp-content\/uploads\/2021\/03\/Pacotes8-300x148.png 300w, https:\/\/sites.pr.sebrae.com.br\/wiki\/wp-content\/uploads\/2021\/03\/Pacotes8-768x379.png 768w, https:\/\/sites.pr.sebrae.com.br\/wiki\/wp-content\/uploads\/2021\/03\/Pacotes8-705x347.png 705w, https:\/\/sites.pr.sebrae.com.br\/wiki\/wp-content\/uploads\/2021\/03\/Pacotes8-450x222.png 450w\" sizes=\"(max-width: 982px) 100vw, 982px\" \/><\/p>\n<p>Em detalhes da venda \u00e9 poss\u00edvel consultar os itens demonstrados na tela acima, bem como o visualizar o contrato firmado com o detalhamento da compra e cl\u00e1usulas de compra e cancelamento. A op\u00e7\u00e3o Cancelar Venda est\u00e1 dispon\u00edvel para cancelamento, em caso de cancelamento parcial \u00e9 necess\u00e1rio entrar em contato com a UCF.<\/p>\n<p>Para vendas realizadas com boleto banc\u00e1rio, \u00e9 poss\u00edvel visualizar todos os boletos do cliente, atrav\u00e9s do bot\u00e3o \u201cImprimir Boleto\u201d.<\/p>\n<h3><strong>Nova Venda<\/strong><\/h3>\n<p>Acesse o menu Vendas e clique em <strong>Nova Venda<\/strong><\/p>\n<p><img loading=\"lazy\" class=\"alignnone size-full wp-image-1220\" src=\"https:\/\/sites.pr.sebrae.com.br\/wiki\/wp-content\/uploads\/2021\/03\/Pacotes9.png\" alt=\"\" width=\"977\" height=\"113\" srcset=\"https:\/\/sites.pr.sebrae.com.br\/wiki\/wp-content\/uploads\/2021\/03\/Pacotes9.png 977w, https:\/\/sites.pr.sebrae.com.br\/wiki\/wp-content\/uploads\/2021\/03\/Pacotes9-300x35.png 300w, https:\/\/sites.pr.sebrae.com.br\/wiki\/wp-content\/uploads\/2021\/03\/Pacotes9-768x89.png 768w, https:\/\/sites.pr.sebrae.com.br\/wiki\/wp-content\/uploads\/2021\/03\/Pacotes9-705x82.png 705w, https:\/\/sites.pr.sebrae.com.br\/wiki\/wp-content\/uploads\/2021\/03\/Pacotes9-450x52.png 450w\" sizes=\"(max-width: 977px) 100vw, 977px\" \/><\/p>\n<p>Atrav\u00e9s da op\u00e7\u00e3o Nova Venda \u00e9 poss\u00edvel encontrar pacotes fixos (previamente criados) e realizar a venda e gerar o or\u00e7amento. Para isso, \u00e9 necess\u00e1rio informar o centro de custo, nome ou n\u00famero do pacote, incluir o cliente e mencionar a descri\u00e7\u00e3o da nota fiscal.<\/p>\n<p><img loading=\"lazy\" class=\"alignnone size-full wp-image-1221\" src=\"https:\/\/sites.pr.sebrae.com.br\/wiki\/wp-content\/uploads\/2021\/03\/Pacotes010.png\" alt=\"\" width=\"965\" height=\"441\" srcset=\"https:\/\/sites.pr.sebrae.com.br\/wiki\/wp-content\/uploads\/2021\/03\/Pacotes010.png 965w, https:\/\/sites.pr.sebrae.com.br\/wiki\/wp-content\/uploads\/2021\/03\/Pacotes010-300x137.png 300w, https:\/\/sites.pr.sebrae.com.br\/wiki\/wp-content\/uploads\/2021\/03\/Pacotes010-768x351.png 768w, https:\/\/sites.pr.sebrae.com.br\/wiki\/wp-content\/uploads\/2021\/03\/Pacotes010-705x322.png 705w, https:\/\/sites.pr.sebrae.com.br\/wiki\/wp-content\/uploads\/2021\/03\/Pacotes010-450x206.png 450w\" sizes=\"(max-width: 965px) 100vw, 965px\" \/><\/p>\n<p>Ao clicar em confirmar a venda, ser\u00e1 exibida a tela do <strong>SebraePay<\/strong> para realizar o pagamento.<\/p>\n<p><img loading=\"lazy\" class=\"alignnone size-full wp-image-1222\" src=\"https:\/\/sites.pr.sebrae.com.br\/wiki\/wp-content\/uploads\/2021\/03\/Pacotes011.png\" alt=\"\" width=\"882\" height=\"744\" srcset=\"https:\/\/sites.pr.sebrae.com.br\/wiki\/wp-content\/uploads\/2021\/03\/Pacotes011.png 882w, https:\/\/sites.pr.sebrae.com.br\/wiki\/wp-content\/uploads\/2021\/03\/Pacotes011-300x253.png 300w, https:\/\/sites.pr.sebrae.com.br\/wiki\/wp-content\/uploads\/2021\/03\/Pacotes011-768x648.png 768w, https:\/\/sites.pr.sebrae.com.br\/wiki\/wp-content\/uploads\/2021\/03\/Pacotes011-705x595.png 705w, https:\/\/sites.pr.sebrae.com.br\/wiki\/wp-content\/uploads\/2021\/03\/Pacotes011-450x380.png 450w\" sizes=\"(max-width: 882px) 100vw, 882px\" \/><\/p>\n<p><strong>Criar Pacote Personalizado<\/strong><\/p>\n<p>Atrav\u00e9s da op\u00e7\u00e3o Nova Venda \u00e9 poss\u00edvel criar pacotes personalizados, que s\u00e3o pacotes com estrutura demandada pelo cliente, exclusivo e n\u00e3o replic\u00e1vel.<\/p>\n<p><img loading=\"lazy\" class=\"alignnone size-full wp-image-1223\" src=\"https:\/\/sites.pr.sebrae.com.br\/wiki\/wp-content\/uploads\/2021\/03\/Pacotes012.png\" alt=\"\" width=\"874\" height=\"94\" srcset=\"https:\/\/sites.pr.sebrae.com.br\/wiki\/wp-content\/uploads\/2021\/03\/Pacotes012.png 874w, https:\/\/sites.pr.sebrae.com.br\/wiki\/wp-content\/uploads\/2021\/03\/Pacotes012-300x32.png 300w, https:\/\/sites.pr.sebrae.com.br\/wiki\/wp-content\/uploads\/2021\/03\/Pacotes012-768x83.png 768w, https:\/\/sites.pr.sebrae.com.br\/wiki\/wp-content\/uploads\/2021\/03\/Pacotes012-705x76.png 705w, https:\/\/sites.pr.sebrae.com.br\/wiki\/wp-content\/uploads\/2021\/03\/Pacotes012-450x48.png 450w\" sizes=\"(max-width: 874px) 100vw, 874px\" \/><\/p>\n<p>Em cadastro de pacotes deve-se preencher os campos com as informa\u00e7\u00f5es do pacote de produtos personalizados e ao final, clicar em salvar.<\/p>\n<p>Ao cadastrar um pacote personalizado, deve-se considerar que:<\/p>\n<ul>\n<li>O prazo de vig\u00eancia m\u00e1ximo permitido \u00e9 de um ano (365 ou 366 dias, em caso de ano bissexto);<\/li>\n<li>A modalidade\/instrumento de atendimento considera todos os formatos de produtos existentes, como consultoria, palestra, oficina, cursos, entre outros. \u00c9 poss\u00edvel inserir mais de uma modalidade, por exemplo: 1 consultoria e 2 palestras, n\u00e3o h\u00e1 restri\u00e7\u00e3o quanto a inclus\u00e3o de modalidades, basta clicar em + Incluir Modalidade para inserir uma nova;<\/li>\n<li>Para saber a quantidade de servi\u00e7o, deve-se considerar a quantidade da modalidade. Exemplo: em caso dois cursos insira o n\u00famero 2; tr\u00eas horas de consultoria insira o n\u00famero 3;<\/li>\n<li>Para pacotes que contenham consultoria, a m\u00e9trica segue a regra do Sebrae\/NA, onde 1 hora \u00e9 igual a uma quantidade, ou seja, \u00e9 considerado horas exatas e n\u00e3o \u00e9 poss\u00edvel registrar consultoria com horas quebradas. Exemplo: consultoria de 1h30min15 deve ser considerada como 2 horas; consultoria de 45min deve ser considerada como 1 hora;<\/li>\n<li>Simule um valor: est\u00e1 desativado momentaneamente, mas ser\u00e1 a base de refer\u00eancia para precifica\u00e7\u00e3o;<\/li>\n<li>Totalizador: multiplica a quantidade de servi\u00e7o e valor unit\u00e1rio;<\/li>\n<li>Total do pacote: \u00e9 a soma total de todas as modalidades cadastradas;<\/li>\n<li>Subs\u00eddio: quando a concess\u00e3o de dinheiro realizada por parceiro;<\/li>\n<li>Valor unit\u00e1rio: dever\u00e1 seguir a tabela ou orienta\u00e7\u00f5es informadas pela unidade respons\u00e1vel pela precifica\u00e7\u00e3o, que atualmente UAR (Unidade de Atendimento e Relacionamento);<\/li>\n<li>Descri\u00e7\u00e3o da NF: informa\u00e7\u00f5es que o cliente deseja que conste na nota fiscal.<\/li>\n<\/ul>\n<p><img loading=\"lazy\" class=\"alignnone size-full wp-image-1224\" src=\"https:\/\/sites.pr.sebrae.com.br\/wiki\/wp-content\/uploads\/2021\/03\/Pacotes013.png\" alt=\"\" width=\"888\" height=\"493\" srcset=\"https:\/\/sites.pr.sebrae.com.br\/wiki\/wp-content\/uploads\/2021\/03\/Pacotes013.png 888w, https:\/\/sites.pr.sebrae.com.br\/wiki\/wp-content\/uploads\/2021\/03\/Pacotes013-300x167.png 300w, https:\/\/sites.pr.sebrae.com.br\/wiki\/wp-content\/uploads\/2021\/03\/Pacotes013-768x426.png 768w, https:\/\/sites.pr.sebrae.com.br\/wiki\/wp-content\/uploads\/2021\/03\/Pacotes013-705x391.png 705w, https:\/\/sites.pr.sebrae.com.br\/wiki\/wp-content\/uploads\/2021\/03\/Pacotes013-450x250.png 450w\" sizes=\"(max-width: 888px) 100vw, 888px\" \/><\/p>\n<p>Clique em salvar para registrar o pacote personalizado, e na sequ\u00eancia ser\u00e1 redirecionado para o menu Criar Venda de Pacotes, onde deve-se buscar o pacote criado no campo <em>pacote<\/em> e confirmar a venda para concluir.<\/p>\n<p><img loading=\"lazy\" class=\"alignnone size-full wp-image-1225\" src=\"https:\/\/sites.pr.sebrae.com.br\/wiki\/wp-content\/uploads\/2021\/03\/Pacotes014.png\" alt=\"\" width=\"1056\" height=\"495\" srcset=\"https:\/\/sites.pr.sebrae.com.br\/wiki\/wp-content\/uploads\/2021\/03\/Pacotes014.png 1056w, https:\/\/sites.pr.sebrae.com.br\/wiki\/wp-content\/uploads\/2021\/03\/Pacotes014-300x141.png 300w, https:\/\/sites.pr.sebrae.com.br\/wiki\/wp-content\/uploads\/2021\/03\/Pacotes014-1030x483.png 1030w, https:\/\/sites.pr.sebrae.com.br\/wiki\/wp-content\/uploads\/2021\/03\/Pacotes014-768x360.png 768w, https:\/\/sites.pr.sebrae.com.br\/wiki\/wp-content\/uploads\/2021\/03\/Pacotes014-705x330.png 705w, https:\/\/sites.pr.sebrae.com.br\/wiki\/wp-content\/uploads\/2021\/03\/Pacotes014-450x211.png 450w\" sizes=\"(max-width: 1056px) 100vw, 1056px\" \/><\/p>\n<p><strong>Criar Pacote Personalizado \u2013 Loja Virtual<\/strong><\/p>\n<p>Atrav\u00e9s da op\u00e7\u00e3o \u201cDispon\u00edvel na lista de produtos da loja\u201d \u00e9 poss\u00edvel criar pacotes personalizados que poder\u00e3o estar dispon\u00edveis na loja virtual.<\/p>\n<p><img loading=\"lazy\" class=\"alignnone size-full wp-image-1362\" src=\"https:\/\/sites.pr.sebrae.com.br\/wiki\/wp-content\/uploads\/2022\/08\/vendas1.png\" alt=\"\" width=\"396\" height=\"114\" srcset=\"https:\/\/sites.pr.sebrae.com.br\/wiki\/wp-content\/uploads\/2022\/08\/vendas1.png 396w, https:\/\/sites.pr.sebrae.com.br\/wiki\/wp-content\/uploads\/2022\/08\/vendas1-300x86.png 300w\" sizes=\"(max-width: 396px) 100vw, 396px\" \/><\/p>\n<p>No cadastro do pacote deve-se preencher os campos com as informa\u00e7\u00f5es referentes a venda na loja, semelhante ao processo realizado na Disponibiliza\u00e7\u00e3o, a fim de personalizar a experi\u00eancia do cliente dentro da plataforma digital.<\/p>\n<p>Ao cadastrar um pacote para venda na loja, deve-se considerar que:<\/p>\n<p>Centro de Custo:<\/p>\n<ul>\n<li>Padr\u00e3o \u2013 Centro de custo para qual ir\u00e1 a Receita e os atendimentos quando o cliente n\u00e3o estiver no Paran\u00e1.<\/li>\n<li>Regional \u2013 Parametrizar o centro de custo das regionais para as quais voc\u00ea deseja realizar a venda.<\/li>\n<\/ul>\n<p>Exemplo 1:<br \/>\n<img loading=\"lazy\" class=\"alignnone size-full wp-image-1363\" src=\"https:\/\/sites.pr.sebrae.com.br\/wiki\/wp-content\/uploads\/2022\/08\/vendas2.png\" alt=\"\" width=\"1049\" height=\"181\" srcset=\"https:\/\/sites.pr.sebrae.com.br\/wiki\/wp-content\/uploads\/2022\/08\/vendas2.png 1049w, https:\/\/sites.pr.sebrae.com.br\/wiki\/wp-content\/uploads\/2022\/08\/vendas2-300x52.png 300w, https:\/\/sites.pr.sebrae.com.br\/wiki\/wp-content\/uploads\/2022\/08\/vendas2-1030x178.png 1030w, https:\/\/sites.pr.sebrae.com.br\/wiki\/wp-content\/uploads\/2022\/08\/vendas2-768x133.png 768w, https:\/\/sites.pr.sebrae.com.br\/wiki\/wp-content\/uploads\/2022\/08\/vendas2-705x122.png 705w, https:\/\/sites.pr.sebrae.com.br\/wiki\/wp-content\/uploads\/2022\/08\/vendas2-450x78.png 450w\" sizes=\"(max-width: 1049px) 100vw, 1049px\" \/><\/p>\n<p>&#8211; Todos os clientes que foram da Regional Leste em sua localiza\u00e7\u00e3o, ir\u00e3o para o centro de custo 627902, os demais, de outras localiza\u00e7\u00f5es ser\u00e3o direcionados para o centro de custo padr\u00e3o, o 589901.<\/p>\n<p>Exemplo 2:<\/p>\n<p><img loading=\"lazy\" class=\"alignnone size-full wp-image-1364\" src=\"https:\/\/sites.pr.sebrae.com.br\/wiki\/wp-content\/uploads\/2022\/08\/vendas3.png\" alt=\"\" width=\"1012\" height=\"141\" srcset=\"https:\/\/sites.pr.sebrae.com.br\/wiki\/wp-content\/uploads\/2022\/08\/vendas3.png 1012w, https:\/\/sites.pr.sebrae.com.br\/wiki\/wp-content\/uploads\/2022\/08\/vendas3-300x42.png 300w, https:\/\/sites.pr.sebrae.com.br\/wiki\/wp-content\/uploads\/2022\/08\/vendas3-768x107.png 768w, https:\/\/sites.pr.sebrae.com.br\/wiki\/wp-content\/uploads\/2022\/08\/vendas3-705x98.png 705w, https:\/\/sites.pr.sebrae.com.br\/wiki\/wp-content\/uploads\/2022\/08\/vendas3-450x63.png 450w\" sizes=\"(max-width: 1012px) 100vw, 1012px\" \/><\/p>\n<p>Todos os atendimentos e receitas ser\u00e3o encaminhados para o centro de custo da regional da sua localidade, cliente atendido em \u201cMaring\u00e1\u201d ir\u00e1 para a regional \u201cNoroeste\u201d no centro de custo \u201c626301\u201d, conforme parametrizado no pacote.<\/p>\n<ul>\n<li>Campos da Loja:<br \/>\n<img loading=\"lazy\" class=\"alignnone size-full wp-image-1365\" src=\"https:\/\/sites.pr.sebrae.com.br\/wiki\/wp-content\/uploads\/2022\/08\/vendas4.png\" alt=\"\" width=\"1398\" height=\"656\" srcset=\"https:\/\/sites.pr.sebrae.com.br\/wiki\/wp-content\/uploads\/2022\/08\/vendas4.png 1398w, https:\/\/sites.pr.sebrae.com.br\/wiki\/wp-content\/uploads\/2022\/08\/vendas4-300x141.png 300w, https:\/\/sites.pr.sebrae.com.br\/wiki\/wp-content\/uploads\/2022\/08\/vendas4-1030x483.png 1030w, https:\/\/sites.pr.sebrae.com.br\/wiki\/wp-content\/uploads\/2022\/08\/vendas4-768x360.png 768w, https:\/\/sites.pr.sebrae.com.br\/wiki\/wp-content\/uploads\/2022\/08\/vendas4-705x331.png 705w, https:\/\/sites.pr.sebrae.com.br\/wiki\/wp-content\/uploads\/2022\/08\/vendas4-450x211.png 450w\" sizes=\"(max-width: 1398px) 100vw, 1398px\" \/><\/li>\n<li>Titulo do pacote na loja: Campo respons\u00e1vel pelo titulo que ficar\u00e1 vis\u00edvel para o cliente<\/li>\n<li>Inicio\/Fim da vig\u00eancia: Per\u00edodo que o pacote ficar\u00e1 dispon\u00edvel na loja<\/li>\n<li>Respons\u00e1vel pelo pacote: Quem dever\u00e1 controlar os consumos do pacote.<\/li>\n<li>Banner: Foto que ficar\u00e1 vis\u00edvel para o cliente na loja.<\/li>\n<li>Descri\u00e7\u00e3o do Pacote: Descri\u00e7\u00e3o do pacote na loja.<\/li>\n<\/ul>\n<p>Todos os pacotes vendidos na loja dever\u00e3o ser consumidos e acompanhados pelo \u201cRespons\u00e1vel pelo pacote\u201d.<\/p>\n<\/div><\/section>\n<div class='av-buildercomment  '><div class=\"av-buildercomment-unapproved\"><span>The last comment needs to be approved.<\/span><\/div><\/div>\n","protected":false},"excerpt":{"rendered":"","protected":false},"author":2,"featured_media":0,"parent":1210,"menu_order":2,"comment_status":"open","ping_status":"open","template":"","meta":[],"_links":{"self":[{"href":"https:\/\/sites.pr.sebrae.com.br\/wiki\/wp-json\/wp\/v2\/pages\/1238"}],"collection":[{"href":"https:\/\/sites.pr.sebrae.com.br\/wiki\/wp-json\/wp\/v2\/pages"}],"about":[{"href":"https:\/\/sites.pr.sebrae.com.br\/wiki\/wp-json\/wp\/v2\/types\/page"}],"author":[{"embeddable":true,"href":"https:\/\/sites.pr.sebrae.com.br\/wiki\/wp-json\/wp\/v2\/users\/2"}],"replies":[{"embeddable":true,"href":"https:\/\/sites.pr.sebrae.com.br\/wiki\/wp-json\/wp\/v2\/comments?post=1238"}],"version-history":[{"count":4,"href":"https:\/\/sites.pr.sebrae.com.br\/wiki\/wp-json\/wp\/v2\/pages\/1238\/revisions"}],"predecessor-version":[{"id":1361,"href":"https:\/\/sites.pr.sebrae.com.br\/wiki\/wp-json\/wp\/v2\/pages\/1238\/revisions\/1361"}],"up":[{"embeddable":true,"href":"https:\/\/sites.pr.sebrae.com.br\/wiki\/wp-json\/wp\/v2\/pages\/1210"}],"wp:attachment":[{"href":"https:\/\/sites.pr.sebrae.com.br\/wiki\/wp-json\/wp\/v2\/media?parent=1238"}],"curies":[{"name":"wp","href":"https:\/\/api.w.org\/{rel}","templated":true}]}}