{"id":1234,"date":"2021-03-22T10:34:08","date_gmt":"2021-03-22T13:34:08","guid":{"rendered":"https:\/\/sites.pr.sebrae.com.br\/wiki\/?page_id=1234"},"modified":"2021-03-22T11:27:15","modified_gmt":"2021-03-22T14:27:15","slug":"consulta","status":"publish","type":"page","link":"https:\/\/sites.pr.sebrae.com.br\/wiki\/produto\/pacotes\/consulta\/","title":{"rendered":"Consulta"},"content":{"rendered":"<section class=\"av_textblock_section \"  itemscope=\"itemscope\" itemtype=\"https:\/\/schema.org\/CreativeWork\" ><div class='avia_textblock  '   itemprop=\"text\" ><h2>Consulta de pacotes<\/h2>\n<p>Nesse menu \u00e9 poss\u00edvel identificar todos os pacotes j\u00e1 criados, fixo ou personalizado. A busca pode ser realizada atrav\u00e9s do t\u00edtulo\/nome do pacote ou c\u00f3digo.<\/p>\n<p><img loading=\"lazy\" class=\"alignnone size-full wp-image-1213\" src=\"https:\/\/sites.pr.sebrae.com.br\/wiki\/wp-content\/uploads\/2021\/03\/Pacotes2.png\" alt=\"\" width=\"996\" height=\"600\" srcset=\"https:\/\/sites.pr.sebrae.com.br\/wiki\/wp-content\/uploads\/2021\/03\/Pacotes2.png 996w, https:\/\/sites.pr.sebrae.com.br\/wiki\/wp-content\/uploads\/2021\/03\/Pacotes2-300x181.png 300w, https:\/\/sites.pr.sebrae.com.br\/wiki\/wp-content\/uploads\/2021\/03\/Pacotes2-768x463.png 768w, https:\/\/sites.pr.sebrae.com.br\/wiki\/wp-content\/uploads\/2021\/03\/Pacotes2-705x425.png 705w, https:\/\/sites.pr.sebrae.com.br\/wiki\/wp-content\/uploads\/2021\/03\/Pacotes2-450x271.png 450w\" sizes=\"(max-width: 996px) 100vw, 996px\" \/><\/p>\n<p>Ao clicar no \u00edcone lupa, \u00e9 poss\u00edvel acessar a Ficha do Pacote, e conferir os detalhes das modalidades do pacote selecionado, como t\u00edtulo, tipo, status, vig\u00eancia, modalidade, quantidade, valor unit\u00e1rio, valor total do pacote e descri\u00e7\u00e3o da nota fiscal.<\/p>\n<p><img loading=\"lazy\" class=\"alignnone size-full wp-image-1214\" src=\"https:\/\/sites.pr.sebrae.com.br\/wiki\/wp-content\/uploads\/2021\/03\/Pacotes3.png\" alt=\"\" width=\"931\" height=\"482\" srcset=\"https:\/\/sites.pr.sebrae.com.br\/wiki\/wp-content\/uploads\/2021\/03\/Pacotes3.png 931w, https:\/\/sites.pr.sebrae.com.br\/wiki\/wp-content\/uploads\/2021\/03\/Pacotes3-300x155.png 300w, https:\/\/sites.pr.sebrae.com.br\/wiki\/wp-content\/uploads\/2021\/03\/Pacotes3-768x398.png 768w, https:\/\/sites.pr.sebrae.com.br\/wiki\/wp-content\/uploads\/2021\/03\/Pacotes3-705x365.png 705w, https:\/\/sites.pr.sebrae.com.br\/wiki\/wp-content\/uploads\/2021\/03\/Pacotes3-450x233.png 450w\" sizes=\"(max-width: 931px) 100vw, 931px\" \/><\/p>\n<p>Ao clicar no \u00edcone de carrinho, \u00e9 poss\u00edvel criar venda de pacotes, conforme explicado no item Vendas, dispon\u00edvel neste mesmo documento.<\/p>\n<p><img loading=\"lazy\" class=\"alignnone size-full wp-image-1215\" src=\"https:\/\/sites.pr.sebrae.com.br\/wiki\/wp-content\/uploads\/2021\/03\/Pacotes4.png\" alt=\"\" width=\"976\" height=\"381\" srcset=\"https:\/\/sites.pr.sebrae.com.br\/wiki\/wp-content\/uploads\/2021\/03\/Pacotes4.png 976w, https:\/\/sites.pr.sebrae.com.br\/wiki\/wp-content\/uploads\/2021\/03\/Pacotes4-300x117.png 300w, https:\/\/sites.pr.sebrae.com.br\/wiki\/wp-content\/uploads\/2021\/03\/Pacotes4-768x300.png 768w, https:\/\/sites.pr.sebrae.com.br\/wiki\/wp-content\/uploads\/2021\/03\/Pacotes4-705x275.png 705w, https:\/\/sites.pr.sebrae.com.br\/wiki\/wp-content\/uploads\/2021\/03\/Pacotes4-450x176.png 450w\" sizes=\"(max-width: 976px) 100vw, 976px\" \/><\/p>\n<h3><strong>Tipos de pacotes<\/strong><\/h3>\n<p><strong>Fixo:<\/strong> Pacote fixo possui a estrutura do pacote j\u00e1 conhecida, \u00e9 replic\u00e1vel para clientes de um projeto ou do estado, os valores de precifica\u00e7\u00e3o j\u00e1 est\u00e3o negociados, a modalidade de venda j\u00e1 existe, apenas a data ou sub\u00e1rea ainda n\u00e3o est\u00e3o definidas.<\/p>\n<p><strong>Personalizado:<\/strong> A estrutura do pacote ser\u00e1 demandando por um cliente, s\u00e3o vendas pontuais, exclusivas de um cliente somente, n\u00e3o replic\u00e1vel e seguem valores padr\u00e3o.<\/p>\n<\/div><\/section>\n<div class='av-buildercomment  '><\/div>\n","protected":false},"excerpt":{"rendered":"","protected":false},"author":2,"featured_media":0,"parent":1210,"menu_order":0,"comment_status":"open","ping_status":"closed","template":"","meta":[],"_links":{"self":[{"href":"https:\/\/sites.pr.sebrae.com.br\/wiki\/wp-json\/wp\/v2\/pages\/1234"}],"collection":[{"href":"https:\/\/sites.pr.sebrae.com.br\/wiki\/wp-json\/wp\/v2\/pages"}],"about":[{"href":"https:\/\/sites.pr.sebrae.com.br\/wiki\/wp-json\/wp\/v2\/types\/page"}],"author":[{"embeddable":true,"href":"https:\/\/sites.pr.sebrae.com.br\/wiki\/wp-json\/wp\/v2\/users\/2"}],"replies":[{"embeddable":true,"href":"https:\/\/sites.pr.sebrae.com.br\/wiki\/wp-json\/wp\/v2\/comments?post=1234"}],"version-history":[{"count":4,"href":"https:\/\/sites.pr.sebrae.com.br\/wiki\/wp-json\/wp\/v2\/pages\/1234\/revisions"}],"predecessor-version":[{"id":1343,"href":"https:\/\/sites.pr.sebrae.com.br\/wiki\/wp-json\/wp\/v2\/pages\/1234\/revisions\/1343"}],"up":[{"embeddable":true,"href":"https:\/\/sites.pr.sebrae.com.br\/wiki\/wp-json\/wp\/v2\/pages\/1210"}],"wp:attachment":[{"href":"https:\/\/sites.pr.sebrae.com.br\/wiki\/wp-json\/wp\/v2\/media?parent=1234"}],"curies":[{"name":"wp","href":"https:\/\/api.w.org\/{rel}","templated":true}]}}

<section class="av_textblock_section "  itemscope="itemscope" itemtype="https://schema.org/CreativeWork" ><div class='avia_textblock  '   itemprop="text" ><h2>Consulta de pacotes</h2>
<p>Nesse menu é possível identificar todos os pacotes já criados, fixo ou personalizado. A busca pode ser realizada através do título/nome do pacote ou código.</p>
<p><img loading="lazy" class="alignnone size-full wp-image-1213" src="https://sites.pr.sebrae.com.br/wiki/wp-content/uploads/2021/03/Pacotes2.png" alt="" width="996" height="600" srcset="https://sites.pr.sebrae.com.br/wiki/wp-content/uploads/2021/03/Pacotes2.png 996w, https://sites.pr.sebrae.com.br/wiki/wp-content/uploads/2021/03/Pacotes2-300x181.png 300w, https://sites.pr.sebrae.com.br/wiki/wp-content/uploads/2021/03/Pacotes2-768x463.png 768w, https://sites.pr.sebrae.com.br/wiki/wp-content/uploads/2021/03/Pacotes2-705x425.png 705w, https://sites.pr.sebrae.com.br/wiki/wp-content/uploads/2021/03/Pacotes2-450x271.png 450w" sizes="(max-width: 996px) 100vw, 996px" /></p>
<p>Ao clicar no ícone lupa, é possível acessar a Ficha do Pacote, e conferir os detalhes das modalidades do pacote selecionado, como título, tipo, status, vigência, modalidade, quantidade, valor unitário, valor total do pacote e descrição da nota fiscal.</p>
<p><img loading="lazy" class="alignnone size-full wp-image-1214" src="https://sites.pr.sebrae.com.br/wiki/wp-content/uploads/2021/03/Pacotes3.png" alt="" width="931" height="482" srcset="https://sites.pr.sebrae.com.br/wiki/wp-content/uploads/2021/03/Pacotes3.png 931w, https://sites.pr.sebrae.com.br/wiki/wp-content/uploads/2021/03/Pacotes3-300x155.png 300w, https://sites.pr.sebrae.com.br/wiki/wp-content/uploads/2021/03/Pacotes3-768x398.png 768w, https://sites.pr.sebrae.com.br/wiki/wp-content/uploads/2021/03/Pacotes3-705x365.png 705w, https://sites.pr.sebrae.com.br/wiki/wp-content/uploads/2021/03/Pacotes3-450x233.png 450w" sizes="(max-width: 931px) 100vw, 931px" /></p>
<p>Ao clicar no ícone de carrinho, é possível criar venda de pacotes, conforme explicado no item Vendas, disponível neste mesmo documento.</p>
<p><img loading="lazy" class="alignnone size-full wp-image-1215" src="https://sites.pr.sebrae.com.br/wiki/wp-content/uploads/2021/03/Pacotes4.png" alt="" width="976" height="381" srcset="https://sites.pr.sebrae.com.br/wiki/wp-content/uploads/2021/03/Pacotes4.png 976w, https://sites.pr.sebrae.com.br/wiki/wp-content/uploads/2021/03/Pacotes4-300x117.png 300w, https://sites.pr.sebrae.com.br/wiki/wp-content/uploads/2021/03/Pacotes4-768x300.png 768w, https://sites.pr.sebrae.com.br/wiki/wp-content/uploads/2021/03/Pacotes4-705x275.png 705w, https://sites.pr.sebrae.com.br/wiki/wp-content/uploads/2021/03/Pacotes4-450x176.png 450w" sizes="(max-width: 976px) 100vw, 976px" /></p>
<h3><strong>Tipos de pacotes</strong></h3>
<p><strong>Fixo:</strong> Pacote fixo possui a estrutura do pacote já conhecida, é replicável para clientes de um projeto ou do estado, os valores de precificação já estão negociados, a modalidade de venda já existe, apenas a data ou subárea ainda não estão definidas.</p>
<p><strong>Personalizado:</strong> A estrutura do pacote será demandando por um cliente, são vendas pontuais, exclusivas de um cliente somente, não replicável e seguem valores padrão.</p>
</div></section>
<div class='av-buildercomment  '></div>
