{"id":1210,"date":"2021-03-22T10:29:33","date_gmt":"2021-03-22T13:29:33","guid":{"rendered":"https:\/\/sites.pr.sebrae.com.br\/wiki\/?page_id=1210"},"modified":"2021-03-24T14:53:05","modified_gmt":"2021-03-24T17:53:05","slug":"pacotes","status":"publish","type":"page","link":"https:\/\/sites.pr.sebrae.com.br\/wiki\/produto\/pacotes\/","title":{"rendered":"Pacotes"},"content":{"rendered":"<section class=\"av_textblock_section \"  itemscope=\"itemscope\" itemtype=\"https:\/\/schema.org\/CreativeWork\" ><div class='avia_textblock  '   itemprop=\"text\" ><p><strong>O que \u00e9 o Smart Pacotes?<\/strong><\/p>\n<p><strong>Smart Pacotes<\/strong> \u00e9 um \u00a0fluxo de vendas e gera\u00e7\u00e3o de or\u00e7amento para produtos e solu\u00e7\u00f5es que n\u00e3o possuem Disponibiliza\u00e7\u00e3o ou Intera\u00e7\u00e3o geradas. Atrav\u00e9s do Smart Pacotes \u00e9 poss\u00edvel realizar a venda de mais de uma modalidade no mesmo or\u00e7amento. Dessa forma, asseguramos a rastreabilidade dos or\u00e7amentos gerados e dos devidos consumos de produtos e solu\u00e7\u00f5es em que os clientes do Sebrae\/PR realmente foram inscritos.<\/p>\n<p><strong>Acesso:<\/strong><\/p>\n<p>O Smart Pacotes est\u00e1 localizado no menu \u00a0principal do SMART e existem tr\u00eas op\u00e7\u00f5es dispon\u00edveis<\/p>\n<p>Consulta \u2013 Vendas \u2013 Baixa Manual<\/p>\n<p><img loading=\"lazy\" class=\"alignnone size-full wp-image-1212\" src=\"https:\/\/sites.pr.sebrae.com.br\/wiki\/wp-content\/uploads\/2021\/03\/Pacotes1.png\" alt=\"\" width=\"965\" height=\"146\" srcset=\"https:\/\/sites.pr.sebrae.com.br\/wiki\/wp-content\/uploads\/2021\/03\/Pacotes1.png 965w, https:\/\/sites.pr.sebrae.com.br\/wiki\/wp-content\/uploads\/2021\/03\/Pacotes1-300x45.png 300w, https:\/\/sites.pr.sebrae.com.br\/wiki\/wp-content\/uploads\/2021\/03\/Pacotes1-768x116.png 768w, https:\/\/sites.pr.sebrae.com.br\/wiki\/wp-content\/uploads\/2021\/03\/Pacotes1-705x107.png 705w, https:\/\/sites.pr.sebrae.com.br\/wiki\/wp-content\/uploads\/2021\/03\/Pacotes1-450x68.png 450w\" sizes=\"(max-width: 965px) 100vw, 965px\" \/><\/p>\n<p>Em caso de d\u00favidas, entre em contato com: <a href=\"mailto:pr-gruposebraepacotes@pr.sebrae.com.br\">pr-gruposebraepacotes@pr.sebrae.com.br<\/a><\/p>\n<\/div><\/section>\n<div class='av-buildercomment  '><\/div>\n","protected":false},"excerpt":{"rendered":"","protected":false},"author":2,"featured_media":0,"parent":20,"menu_order":9,"comment_status":"open","ping_status":"closed","template":"","meta":[],"_links":{"self":[{"href":"https:\/\/sites.pr.sebrae.com.br\/wiki\/wp-json\/wp\/v2\/pages\/1210"}],"collection":[{"href":"https:\/\/sites.pr.sebrae.com.br\/wiki\/wp-json\/wp\/v2\/pages"}],"about":[{"href":"https:\/\/sites.pr.sebrae.com.br\/wiki\/wp-json\/wp\/v2\/types\/page"}],"author":[{"embeddable":true,"href":"https:\/\/sites.pr.sebrae.com.br\/wiki\/wp-json\/wp\/v2\/users\/2"}],"replies":[{"embeddable":true,"href":"https:\/\/sites.pr.sebrae.com.br\/wiki\/wp-json\/wp\/v2\/comments?post=1210"}],"version-history":[{"count":5,"href":"https:\/\/sites.pr.sebrae.com.br\/wiki\/wp-json\/wp\/v2\/pages\/1210\/revisions"}],"predecessor-version":[{"id":1342,"href":"https:\/\/sites.pr.sebrae.com.br\/wiki\/wp-json\/wp\/v2\/pages\/1210\/revisions\/1342"}],"up":[{"embeddable":true,"href":"https:\/\/sites.pr.sebrae.com.br\/wiki\/wp-json\/wp\/v2\/pages\/20"}],"wp:attachment":[{"href":"https:\/\/sites.pr.sebrae.com.br\/wiki\/wp-json\/wp\/v2\/media?parent=1210"}],"curies":[{"name":"wp","href":"https:\/\/api.w.org\/{rel}","templated":true}]}}

<section class="av_textblock_section "  itemscope="itemscope" itemtype="https://schema.org/CreativeWork" ><div class='avia_textblock  '   itemprop="text" ><p><strong>O que é o Smart Pacotes?</strong></p>
<p><strong>Smart Pacotes</strong> é um  fluxo de vendas e geração de orçamento para produtos e soluções que não possuem Disponibilização ou Interação geradas. Através do Smart Pacotes é possível realizar a venda de mais de uma modalidade no mesmo orçamento. Dessa forma, asseguramos a rastreabilidade dos orçamentos gerados e dos devidos consumos de produtos e soluções em que os clientes do Sebrae/PR realmente foram inscritos.</p>
<p><strong>Acesso:</strong></p>
<p>O Smart Pacotes está localizado no menu  principal do SMART e existem três opções disponíveis</p>
<p>Consulta – Vendas – Baixa Manual</p>
<p><img loading="lazy" class="alignnone size-full wp-image-1212" src="https://sites.pr.sebrae.com.br/wiki/wp-content/uploads/2021/03/Pacotes1.png" alt="" width="965" height="146" srcset="https://sites.pr.sebrae.com.br/wiki/wp-content/uploads/2021/03/Pacotes1.png 965w, https://sites.pr.sebrae.com.br/wiki/wp-content/uploads/2021/03/Pacotes1-300x45.png 300w, https://sites.pr.sebrae.com.br/wiki/wp-content/uploads/2021/03/Pacotes1-768x116.png 768w, https://sites.pr.sebrae.com.br/wiki/wp-content/uploads/2021/03/Pacotes1-705x107.png 705w, https://sites.pr.sebrae.com.br/wiki/wp-content/uploads/2021/03/Pacotes1-450x68.png 450w" sizes="(max-width: 965px) 100vw, 965px" /></p>
<p>Em caso de dúvidas, entre em contato com: <a href="mailto:pr-gruposebraepacotes@pr.sebrae.com.br">pr-gruposebraepacotes@pr.sebrae.com.br</a></p>
</div></section>
<div class='av-buildercomment  '></div>
