{"id":1139,"date":"2021-01-05T16:05:45","date_gmt":"2021-01-05T19:05:45","guid":{"rendered":"https:\/\/sites.pr.sebrae.com.br\/wiki\/?page_id=1139"},"modified":"2021-03-22T15:24:21","modified_gmt":"2021-03-22T18:24:21","slug":"cadastro-pessoa-juridica","status":"publish","type":"page","link":"https:\/\/sites.pr.sebrae.com.br\/wiki\/pessoas\/cadastro-pessoa-juridica\/","title":{"rendered":"Cadastro Pessoa Jur\u00eddica"},"content":{"rendered":"<section class=\"av_textblock_section \"  itemscope=\"itemscope\" itemtype=\"https:\/\/schema.org\/CreativeWork\" ><div class='avia_textblock  '   itemprop=\"text\" ><h3>Cadastro Pessoa Jur\u00eddica<\/h3>\n<p>O cadastro de pessoa jur\u00eddica tem basicamente a mesma estrutura do Cadastro Pessoa F\u00edsica, e temos nela todas as empresas do PARAN\u00c1 e apenas as empresas que tiverem algum relacionamento conosco quando se trata de outras UFs.<\/p>\n<p>No menu esquerdo, deve-se clicar em \u201cCadastrar pessoa Jur\u00eddica\u201d.<\/p>\n<p><img loading=\"lazy\" class=\"alignnone wp-image-1140\" src=\"https:\/\/sites.pr.sebrae.com.br\/wiki\/wp-content\/uploads\/2021\/01\/juridica1.png\" alt=\"\" width=\"574\" height=\"363\" srcset=\"https:\/\/sites.pr.sebrae.com.br\/wiki\/wp-content\/uploads\/2021\/01\/juridica1.png 685w, https:\/\/sites.pr.sebrae.com.br\/wiki\/wp-content\/uploads\/2021\/01\/juridica1-300x190.png 300w, https:\/\/sites.pr.sebrae.com.br\/wiki\/wp-content\/uploads\/2021\/01\/juridica1-450x284.png 450w\" sizes=\"(max-width: 574px) 100vw, 574px\" \/><\/p>\n<p>Para efetuar um cadastro de pessoa jur\u00eddica, deve-se digitar o CNPJ (apenas n\u00fameros) e a Raz\u00e3o social da empresa, clicando ent\u00e3o em \u201cAvan\u00e7ar\u201d. Ao digitar um CNPJ existente, o sistema ir\u00e1 envia-lo ao respectivo cadastro.<\/p>\n<p>Vamos falar dos campos que diferem do cadastro PF:<\/p>\n<p><strong>CNPJ<\/strong><br \/>\nSempre que o sistema localizar o CNPJ j\u00e1 existente ele n\u00e3o permitir\u00e1 que voc\u00ea duplique o cadastro de uma mesma empresa. Assim, para voc\u00ea ganhar tempo, ele automaticamente direciona voc\u00ea para a EDI\u00c7\u00c3O deste cadastro, possibilitando que voc\u00ea atualize os dados poss\u00edveis de mudan\u00e7a.<\/p>\n<p><strong>Data de Abertura<\/strong><br \/>\nData de abertura na base da RF.<\/p>\n<p><strong>Data de Fechamento<\/strong><br \/>\nData de Inativa\u00e7\u00e3o da empresa na RF, quando status diferente de Ativo.<\/p>\n<p><strong>Raz\u00e3o Social \/ Nome Fantasia<\/strong><br \/>\nRaz\u00e3o Social de acordo com a base da RF, pois toda empresa possui Raz\u00e3o Social, e nome fantasia pode ser o nome comercial da empresa.<\/p>\n<p><strong>Porte<\/strong><br \/>\nO Porte segue a base da RF e ou Sebrae\/NA. E pode ser alterado apenas pela UGE.<\/p>\n<p><strong>N\u00b0 Funcion\u00e1rio<\/strong><br \/>\nN\u00famero de funcion\u00e1rios da empresa, campo importante pois atrav\u00e9s dele que podemos convidar para alguns programas.<\/p>\n<p><strong>Enquadramento Tribut\u00e1rio<\/strong><br \/>\nIndica se a empresa est\u00e1 no simples nacional ou se tem algum outro tipo de tributa\u00e7\u00e3o.<\/p>\n<p><strong>\u00a0N\u00b0 S\u00f3cios<\/strong><br \/>\nImportante informar neste campo o n\u00famero de s\u00f3cios da empresa, isto nos ajuda, pois, a quantidade de s\u00f3cios tem impacto no perfil da empresa e nos ajuda a segmentar melhor os clientes.<\/p>\n<p><strong>Natureza Jur\u00eddica<\/strong><br \/>\nA natureza jur\u00eddica de uma empresa \u00e9 uma forma de atribuir a cada neg\u00f3cio uma classifica\u00e7\u00e3o simples. Ela foi criada pelos \u00f3rg\u00e3os p\u00fablicos para ajudar a identificar as empresas de acordo com sua estrutura\u00e7\u00e3o e enquadr\u00e1-las em diferentes programas, fiscaliza\u00e7\u00f5es, direitos e deveres, e esta Informa\u00e7\u00e3o \u00e9 baseada na base da RF.<br \/>\nO Sebrae tem como meta atender preferencialmente as empresas do Grupo 2 e 4.<\/p>\n<p><strong>Setor<\/strong><br \/>\nO setor de uma empresa (Ind\u00fastria, Com\u00e9rcio, Servi\u00e7o, Agroneg\u00f3cios e Constru\u00e7\u00e3o) s\u00e3o definidos de acordo com a base fornecida pelo IBGE e s\u00e3o apenas um crit\u00e9rio para segmenta\u00e7\u00e3o das empresas por tipo de atua\u00e7\u00e3o.<\/p>\n<p><strong>CNAE<\/strong><br \/>\nA Classifica\u00e7\u00e3o Nacional de Atividades Econ\u00f4micas &#8211; CNAE \u00e9 a classifica\u00e7\u00e3o oficial adotada pelo Sistema Estat\u00edstico Nacional do Brasil e pelos \u00f3rg\u00e3os federais, estaduais e municipais gestores de registros administrativos e demais institui\u00e7\u00f5es do Brasil. Basicamente ele aponta que tipo de atua\u00e7\u00e3o a empresa tem e serve para identifica\u00e7\u00e3o da necessidade de alvar\u00e1s de funcionamento ou n\u00e3o.<br \/>\nEste dado deve seguir os padr\u00f5es da RF.<\/p>\n<p><strong>Ambiente de Neg\u00f3cios<\/strong><br \/>\nEste campo serve para identificarmos melhor o perfil de empresas espec\u00edficas e ele nos ajuda a mapear as empresas de acordo com perfil. Como a maioria delas n\u00e3o s\u00e3o poss\u00edveis de captar em fontes externas usamos o cadastro para esta atividade.<\/p>\n<p><strong>Endere\u00e7o\/ Telefone \/ E-mail \/ Redes Sociais \/ Interesses\/V\u00ednculos\/ Grupos e Observa\u00e7\u00e3o<br \/>\n<\/strong>Estes campos seguem o mesmo padr\u00e3o do cadastro Pessoa F\u00edsica.<\/p>\n<\/div><\/section>\n<div class='av-buildercomment  '><\/div>\n","protected":false},"excerpt":{"rendered":"","protected":false},"author":2,"featured_media":0,"parent":723,"menu_order":2,"comment_status":"open","ping_status":"closed","template":"","meta":[],"_links":{"self":[{"href":"https:\/\/sites.pr.sebrae.com.br\/wiki\/wp-json\/wp\/v2\/pages\/1139"}],"collection":[{"href":"https:\/\/sites.pr.sebrae.com.br\/wiki\/wp-json\/wp\/v2\/pages"}],"about":[{"href":"https:\/\/sites.pr.sebrae.com.br\/wiki\/wp-json\/wp\/v2\/types\/page"}],"author":[{"embeddable":true,"href":"https:\/\/sites.pr.sebrae.com.br\/wiki\/wp-json\/wp\/v2\/users\/2"}],"replies":[{"embeddable":true,"href":"https:\/\/sites.pr.sebrae.com.br\/wiki\/wp-json\/wp\/v2\/comments?post=1139"}],"version-history":[{"count":4,"href":"https:\/\/sites.pr.sebrae.com.br\/wiki\/wp-json\/wp\/v2\/pages\/1139\/revisions"}],"predecessor-version":[{"id":1272,"href":"https:\/\/sites.pr.sebrae.com.br\/wiki\/wp-json\/wp\/v2\/pages\/1139\/revisions\/1272"}],"up":[{"embeddable":true,"href":"https:\/\/sites.pr.sebrae.com.br\/wiki\/wp-json\/wp\/v2\/pages\/723"}],"wp:attachment":[{"href":"https:\/\/sites.pr.sebrae.com.br\/wiki\/wp-json\/wp\/v2\/media?parent=1139"}],"curies":[{"name":"wp","href":"https:\/\/api.w.org\/{rel}","templated":true}]}}

Cadastro Pessoa Jurídica

<section class="av_textblock_section "  itemscope="itemscope" itemtype="https://schema.org/CreativeWork" ><div class='avia_textblock  '   itemprop="text" ><h3>Cadastro Pessoa Jurídica</h3>
<p>O cadastro de pessoa jurídica tem basicamente a mesma estrutura do Cadastro Pessoa Física, e temos nela todas as empresas do PARANÁ e apenas as empresas que tiverem algum relacionamento conosco quando se trata de outras UFs.</p>
<p>No menu esquerdo, deve-se clicar em “Cadastrar pessoa Jurídica”.</p>
<p><img loading="lazy" class="alignnone wp-image-1140" src="https://sites.pr.sebrae.com.br/wiki/wp-content/uploads/2021/01/juridica1.png" alt="" width="574" height="363" srcset="https://sites.pr.sebrae.com.br/wiki/wp-content/uploads/2021/01/juridica1.png 685w, https://sites.pr.sebrae.com.br/wiki/wp-content/uploads/2021/01/juridica1-300x190.png 300w, https://sites.pr.sebrae.com.br/wiki/wp-content/uploads/2021/01/juridica1-450x284.png 450w" sizes="(max-width: 574px) 100vw, 574px" /></p>
<p>Para efetuar um cadastro de pessoa jurídica, deve-se digitar o CNPJ (apenas números) e a Razão social da empresa, clicando então em “Avançar”. Ao digitar um CNPJ existente, o sistema irá envia-lo ao respectivo cadastro.</p>
<p>Vamos falar dos campos que diferem do cadastro PF:</p>
<p><strong>CNPJ</strong><br />
Sempre que o sistema localizar o CNPJ já existente ele não permitirá que você duplique o cadastro de uma mesma empresa. Assim, para você ganhar tempo, ele automaticamente direciona você para a EDIÇÃO deste cadastro, possibilitando que você atualize os dados possíveis de mudança.</p>
<p><strong>Data de Abertura</strong><br />
Data de abertura na base da RF.</p>
<p><strong>Data de Fechamento</strong><br />
Data de Inativação da empresa na RF, quando status diferente de Ativo.</p>
<p><strong>Razão Social / Nome Fantasia</strong><br />
Razão Social de acordo com a base da RF, pois toda empresa possui Razão Social, e nome fantasia pode ser o nome comercial da empresa.</p>
<p><strong>Porte</strong><br />
O Porte segue a base da RF e ou Sebrae/NA. E pode ser alterado apenas pela UGE.</p>
<p><strong>N° Funcionário</strong><br />
Número de funcionários da empresa, campo importante pois através dele que podemos convidar para alguns programas.</p>
<p><strong>Enquadramento Tributário</strong><br />
Indica se a empresa está no simples nacional ou se tem algum outro tipo de tributação.</p>
<p><strong> N° Sócios</strong><br />
Importante informar neste campo o número de sócios da empresa, isto nos ajuda, pois, a quantidade de sócios tem impacto no perfil da empresa e nos ajuda a segmentar melhor os clientes.</p>
<p><strong>Natureza Jurídica</strong><br />
A natureza jurídica de uma empresa é uma forma de atribuir a cada negócio uma classificação simples. Ela foi criada pelos órgãos públicos para ajudar a identificar as empresas de acordo com sua estruturação e enquadrá-las em diferentes programas, fiscalizações, direitos e deveres, e esta Informação é baseada na base da RF.<br />
O Sebrae tem como meta atender preferencialmente as empresas do Grupo 2 e 4.</p>
<p><strong>Setor</strong><br />
O setor de uma empresa (Indústria, Comércio, Serviço, Agronegócios e Construção) são definidos de acordo com a base fornecida pelo IBGE e são apenas um critério para segmentação das empresas por tipo de atuação.</p>
<p><strong>CNAE</strong><br />
A Classificação Nacional de Atividades Econômicas &#8211; CNAE é a classificação oficial adotada pelo Sistema Estatístico Nacional do Brasil e pelos órgãos federais, estaduais e municipais gestores de registros administrativos e demais instituições do Brasil. Basicamente ele aponta que tipo de atuação a empresa tem e serve para identificação da necessidade de alvarás de funcionamento ou não.<br />
Este dado deve seguir os padrões da RF.</p>
<p><strong>Ambiente de Negócios</strong><br />
Este campo serve para identificarmos melhor o perfil de empresas específicas e ele nos ajuda a mapear as empresas de acordo com perfil. Como a maioria delas não são possíveis de captar em fontes externas usamos o cadastro para esta atividade.</p>
<p><strong>Endereço/ Telefone / E-mail / Redes Sociais / Interesses/Vínculos/ Grupos e Observação<br />
</strong>Estes campos seguem o mesmo padrão do cadastro Pessoa Física.</p>
</div></section>
<div class='av-buildercomment  '></div>
