{"id":100,"date":"2018-07-23T15:52:04","date_gmt":"2018-07-23T18:52:04","guid":{"rendered":"https:\/\/sites.pr.sebrae.com.br\/wiki\/?page_id=100"},"modified":"2020-11-17T12:31:33","modified_gmt":"2020-11-17T15:31:33","slug":"finalizando-a-interacao","status":"publish","type":"page","link":"https:\/\/sites.pr.sebrae.com.br\/wiki\/interacao\/cadastro-interacao\/finalizando-a-interacao\/","title":{"rendered":"Finalizando a intera\u00e7\u00e3o"},"content":{"rendered":"<section class=\"av_textblock_section \"  itemscope=\"itemscope\" itemtype=\"https:\/\/schema.org\/CreativeWork\" ><div class='avia_textblock  '   itemprop=\"text\" ><h2><span id=\"Finalizando_a_intera.C3.A7.C3.A3o\" class=\"mw-headline\">Finalizando a intera\u00e7\u00e3o<\/span><\/h2>\n<p>A tela do carrinho ir\u00e1 fechar e a tela principal de intera\u00e7\u00e3o ser\u00e1 mostrada novamente.<br \/>\nAo final da tela temos uma barra que mostra o tempo total da intera\u00e7\u00e3o, o bot\u00e3o para ver\/editar o carrinho e o bot\u00e3o de cadastrar.<\/p>\n<p><img loading=\"lazy\" class=\"alignnone wp-image-175\" src=\"https:\/\/sites.pr.sebrae.com.br\/wiki\/wp-content\/uploads\/2018\/07\/Cadastroint_carrinho_9.jpg\" alt=\"\" width=\"734\" height=\"36\" srcset=\"https:\/\/sites.pr.sebrae.com.br\/wiki\/wp-content\/uploads\/2018\/07\/Cadastroint_carrinho_9.jpg 884w, https:\/\/sites.pr.sebrae.com.br\/wiki\/wp-content\/uploads\/2018\/07\/Cadastroint_carrinho_9-300x15.jpg 300w, https:\/\/sites.pr.sebrae.com.br\/wiki\/wp-content\/uploads\/2018\/07\/Cadastroint_carrinho_9-768x37.jpg 768w, https:\/\/sites.pr.sebrae.com.br\/wiki\/wp-content\/uploads\/2018\/07\/Cadastroint_carrinho_9-845x43.jpg 845w, https:\/\/sites.pr.sebrae.com.br\/wiki\/wp-content\/uploads\/2018\/07\/Cadastroint_carrinho_9-705x34.jpg 705w, https:\/\/sites.pr.sebrae.com.br\/wiki\/wp-content\/uploads\/2018\/07\/Cadastroint_carrinho_9-450x22.jpg 450w\" sizes=\"(max-width: 734px) 100vw, 734px\" \/><\/p>\n<p>Para finalizar o atendimento basta clicar em Cadastrar. Caso a intera\u00e7\u00e3o esteja vinculada a uma inscri\u00e7\u00e3o no carrinho, a tela de confirma\u00e7\u00e3o da inscri\u00e7\u00e3o ser\u00e1 exibida para valida\u00e7\u00e3o final das informa\u00e7\u00f5es com o cliente:<\/p>\n<p><img loading=\"lazy\" class=\"alignnone wp-image-1065\" src=\"https:\/\/sites.pr.sebrae.com.br\/wiki\/wp-content\/uploads\/2020\/11\/CONFIRMA_CARRINHO.jpg\" alt=\"\" width=\"626\" height=\"416\" srcset=\"https:\/\/sites.pr.sebrae.com.br\/wiki\/wp-content\/uploads\/2020\/11\/CONFIRMA_CARRINHO.jpg 784w, https:\/\/sites.pr.sebrae.com.br\/wiki\/wp-content\/uploads\/2020\/11\/CONFIRMA_CARRINHO-300x199.jpg 300w, https:\/\/sites.pr.sebrae.com.br\/wiki\/wp-content\/uploads\/2020\/11\/CONFIRMA_CARRINHO-768x510.jpg 768w, https:\/\/sites.pr.sebrae.com.br\/wiki\/wp-content\/uploads\/2020\/11\/CONFIRMA_CARRINHO-705x469.jpg 705w, https:\/\/sites.pr.sebrae.com.br\/wiki\/wp-content\/uploads\/2020\/11\/CONFIRMA_CARRINHO-450x299.jpg 450w\" sizes=\"(max-width: 626px) 100vw, 626px\" \/><\/p>\n<p>Clicando em finalizar venda, e dependendo da forma de pagamento, o sistema dever\u00e1 perguntar se deseja realizar o pagamento. Nesse momento ser\u00e1 exibida a tela do SebraePay:<\/p>\n<p><img loading=\"lazy\" class=\"alignnone size-full wp-image-1066\" src=\"https:\/\/sites.pr.sebrae.com.br\/wiki\/wp-content\/uploads\/2020\/11\/PAGAMENTO.jpg\" alt=\"\" width=\"842\" height=\"550\" srcset=\"https:\/\/sites.pr.sebrae.com.br\/wiki\/wp-content\/uploads\/2020\/11\/PAGAMENTO.jpg 842w, https:\/\/sites.pr.sebrae.com.br\/wiki\/wp-content\/uploads\/2020\/11\/PAGAMENTO-300x196.jpg 300w, https:\/\/sites.pr.sebrae.com.br\/wiki\/wp-content\/uploads\/2020\/11\/PAGAMENTO-768x502.jpg 768w, https:\/\/sites.pr.sebrae.com.br\/wiki\/wp-content\/uploads\/2020\/11\/PAGAMENTO-705x461.jpg 705w, https:\/\/sites.pr.sebrae.com.br\/wiki\/wp-content\/uploads\/2020\/11\/PAGAMENTO-450x294.jpg 450w\" sizes=\"(max-width: 842px) 100vw, 842px\" \/><\/p>\n<p>Finalize o pagamento ou encaminhe para o cliente, feito isso a intera\u00e7\u00e3o ser\u00e1 encerrada:<\/p>\n<p><img loading=\"lazy\" class=\"alignnone size-full wp-image-1067\" src=\"https:\/\/sites.pr.sebrae.com.br\/wiki\/wp-content\/uploads\/2020\/11\/FINALIZA.jpg\" alt=\"\" width=\"418\" height=\"258\" srcset=\"https:\/\/sites.pr.sebrae.com.br\/wiki\/wp-content\/uploads\/2020\/11\/FINALIZA.jpg 418w, https:\/\/sites.pr.sebrae.com.br\/wiki\/wp-content\/uploads\/2020\/11\/FINALIZA-300x185.jpg 300w\" sizes=\"(max-width: 418px) 100vw, 418px\" \/><\/p>\n<p><img loading=\"lazy\" class=\"alignnone size-full wp-image-176\" src=\"https:\/\/sites.pr.sebrae.com.br\/wiki\/wp-content\/uploads\/2018\/07\/Cadastroint_carrinho_10.jpg\" alt=\"\" width=\"419\" height=\"131\" srcset=\"https:\/\/sites.pr.sebrae.com.br\/wiki\/wp-content\/uploads\/2018\/07\/Cadastroint_carrinho_10.jpg 419w, https:\/\/sites.pr.sebrae.com.br\/wiki\/wp-content\/uploads\/2018\/07\/Cadastroint_carrinho_10-300x94.jpg 300w\" sizes=\"(max-width: 419px) 100vw, 419px\" \/><\/p>\n<\/div><\/section>\n<div class='av-buildercomment  '><\/div>\n","protected":false},"excerpt":{"rendered":"","protected":false},"author":2,"featured_media":0,"parent":82,"menu_order":5,"comment_status":"open","ping_status":"open","template":"","meta":[],"_links":{"self":[{"href":"https:\/\/sites.pr.sebrae.com.br\/wiki\/wp-json\/wp\/v2\/pages\/100"}],"collection":[{"href":"https:\/\/sites.pr.sebrae.com.br\/wiki\/wp-json\/wp\/v2\/pages"}],"about":[{"href":"https:\/\/sites.pr.sebrae.com.br\/wiki\/wp-json\/wp\/v2\/types\/page"}],"author":[{"embeddable":true,"href":"https:\/\/sites.pr.sebrae.com.br\/wiki\/wp-json\/wp\/v2\/users\/2"}],"replies":[{"embeddable":true,"href":"https:\/\/sites.pr.sebrae.com.br\/wiki\/wp-json\/wp\/v2\/comments?post=100"}],"version-history":[{"count":7,"href":"https:\/\/sites.pr.sebrae.com.br\/wiki\/wp-json\/wp\/v2\/pages\/100\/revisions"}],"predecessor-version":[{"id":1064,"href":"https:\/\/sites.pr.sebrae.com.br\/wiki\/wp-json\/wp\/v2\/pages\/100\/revisions\/1064"}],"up":[{"embeddable":true,"href":"https:\/\/sites.pr.sebrae.com.br\/wiki\/wp-json\/wp\/v2\/pages\/82"}],"wp:attachment":[{"href":"https:\/\/sites.pr.sebrae.com.br\/wiki\/wp-json\/wp\/v2\/media?parent=100"}],"curies":[{"name":"wp","href":"https:\/\/api.w.org\/{rel}","templated":true}]}}